CRAN Package Check Results for Package randtoolbox

Last updated on 2018-04-19 10:47:11 CEST.

Flavor Version Tinstall Tcheck Ttotal Status Flags
r-devel-linux-x86_64-debian-clang 1.17.1 8.35 47.79 56.14 OK
r-devel-linux-x86_64-debian-gcc 1.17.1 7.40 39.95 47.35 OK
r-devel-linux-x86_64-fedora-clang 1.17.1 76.40 OK
r-devel-linux-x86_64-fedora-gcc 1.17.1 72.90 OK
r-devel-windows-ix86+x86_64 1.17.1 37.00 133.00 170.00 WARN
r-devel-osx-x86_64 1.17.1 OK
r-patched-linux-x86_64 1.17.1 10.38 50.31 60.69 OK
r-patched-solaris-x86 1.17.1 99.30 OK
r-release-linux-x86_64 1.17.1 6.28 56.19 62.47 OK
r-release-windows-ix86+x86_64 1.17.1 26.00 91.00 117.00 OK
r-release-osx-x86_64 1.17.1 OK
r-oldrel-windows-ix86+x86_64 1.17.1 27.00 90.00 117.00 OK

Check Details

Version: 1.17.1
Check: whether package can be installed
Result: WARN
    Found the following significant warnings:
     congruRand.c:180:3: warning: ISO C does not support the 'I64' ms_scanf length modifier [-Wformat=]
     congruRand.c:187:2: warning: ISO C does not support the 'I64' ms_scanf length modifier [-Wformat=]
     congruRand.c:188:2: warning: ISO C does not support the 'I64' ms_scanf length modifier [-Wformat=]
     congruRand.c:189:2: warning: ISO C does not support the 'I64' ms_scanf length modifier [-Wformat=]
Flavor: r-devel-windows-ix86+x86_64