CRAN Package Check Results for Package randtoolbox

Last updated on 2016-09-27 23:49:17.

Flavor Version Tinstall Tcheck Ttotal Status Flags
r-devel-linux-x86_64-debian-clang 1.17 4.26 33.08 37.33 OK
r-devel-linux-x86_64-debian-gcc 1.17 4.70 31.89 36.59 OK
r-devel-linux-x86_64-fedora-clang 1.17 65.82 OK
r-devel-linux-x86_64-fedora-gcc 1.17 61.48 OK
r-devel-macos-x86_64-clang 1.17 54.33 OK
r-devel-windows-ix86+x86_64 1.17 30.00 123.00 153.00 WARN
r-patched-linux-x86_64 1.17 3.93 31.46 35.38 OK
r-patched-solaris-sparc 1.17 356.30 OK
r-patched-solaris-x86 1.17 74.50 OK
r-release-linux-x86_64 1.17 4.52 31.33 35.85 OK
r-release-osx-x86_64-mavericks 1.17 OK
r-release-windows-ix86+x86_64 1.17 20.00 93.00 113.00 OK
r-oldrel-windows-ix86+x86_64 1.17 21.00 78.00 99.00 OK

Check Details

Version: 1.17
Check: whether package can be installed
Result: WARN
    Found the following significant warnings:
     congruRand.c:180:3: warning: ISO C does not support the 'I64' ms_scanf length modifier [-Wformat=]
     congruRand.c:187:2: warning: ISO C does not support the 'I64' ms_scanf length modifier [-Wformat=]
     congruRand.c:188:2: warning: ISO C does not support the 'I64' ms_scanf length modifier [-Wformat=]
     congruRand.c:189:2: warning: ISO C does not support the 'I64' ms_scanf length modifier [-Wformat=]
Flavor: r-devel-windows-ix86+x86_64