CRAN Package Check Results for Package randtoolbox

Last updated on 2015-07-08 05:47:51.

Flavor Version Tinstall Tcheck Ttotal Status Flags
r-devel-linux-x86_64-debian-clang 1.16 3.56 31.93 35.48 NOTE
r-devel-linux-x86_64-debian-gcc 1.16 3.85 31.65 35.50 NOTE
r-devel-linux-x86_64-fedora-clang 1.16 68.32 NOTE
r-devel-linux-x86_64-fedora-gcc 1.16 65.29 NOTE
r-devel-osx-x86_64-clang 1.16 66.06 NOTE
r-devel-windows-ix86+x86_64 1.16 19.00 73.00 92.00 NOTE
r-patched-linux-x86_64 1.16 3.82 33.20 37.02 NOTE
r-patched-solaris-sparc 1.16 435.70 NOTE
r-patched-solaris-x86 1.16 93.50 NOTE
r-release-linux-x86_64 1.16 5.19 31.80 36.98 NOTE
r-release-osx-x86_64-mavericks 1.16 NOTE
r-release-windows-ix86+x86_64 1.16 21.00 70.00 91.00 NOTE
r-oldrel-windows-ix86+x86_64 1.16 25.00 70.00 95.00 OK

Check Details

Version: 1.16
Check: DESCRIPTION meta-information
Result: NOTE
    Malformed Title field: should not end in a period.
Flavors: r-devel-linux-x86_64-debian-clang, r-devel-linux-x86_64-debian-gcc, r-devel-linux-x86_64-fedora-clang, r-devel-linux-x86_64-fedora-gcc, r-devel-osx-x86_64-clang, r-devel-windows-ix86+x86_64, r-patched-linux-x86_64, r-patched-solaris-sparc, r-patched-solaris-x86, r-release-linux-x86_64, r-release-osx-x86_64-mavericks, r-release-windows-ix86+x86_64

Version: 1.16
Check: R code for possible problems
Result: NOTE
    .onAttach: no visible global function definition for
     ‘packageDescription’
    coll.test: no visible global function definition for ‘hist’
    coll.test: no visible global function definition for ‘dpois’
    coll.test: no visible global function definition for ‘pchisq’
    coll.test.sparse: no visible global function definition for ‘dpois’
    freq.test: no visible global function definition for ‘pchisq’
    gap.test: no visible global function definition for ‘pchisq’
    halton: no visible global function definition for ‘qnorm’
    order.test: no visible global function definition for ‘pchisq’
    poker.test: no visible global function definition for ‘pchisq’
    runif.halton: no visible global function definition for ‘qnorm’
    runif.sobol: no visible global function definition for ‘qnorm’
    serial.test: no visible global function definition for ‘pchisq’
    set.generator: no visible global function definition for ‘runif’
    sobol: no visible global function definition for ‘qnorm’
    torus: no visible global function definition for ‘qnorm’
    Undefined global functions or variables:
     dpois hist packageDescription pchisq qnorm runif
Flavors: r-devel-linux-x86_64-debian-clang, r-devel-linux-x86_64-debian-gcc, r-devel-linux-x86_64-fedora-clang, r-devel-linux-x86_64-fedora-gcc, r-devel-windows-ix86+x86_64