CRAN Package Check Results for Package randtoolbox

Last updated on 2016-12-04 22:47:27.

Flavor Version Tinstall Tcheck Ttotal Status Flags
r-devel-linux-x86_64-debian-clang 1.17 4.28 38.03 42.30 OK
r-devel-linux-x86_64-debian-gcc 1.17 4.24 35.80 40.04 OK
r-devel-linux-x86_64-fedora-clang 1.17 76.94 OK --no-stop-on-test-error
r-devel-linux-x86_64-fedora-gcc 1.17 73.35 OK --no-stop-on-test-error
r-devel-macos-x86_64-clang 1.17 62.27 OK
r-devel-windows-ix86+x86_64 1.17 29.00 102.00 131.00 WARN
r-patched-linux-x86_64 1.17 4.16 31.30 35.46 OK
r-patched-solaris-sparc 1.17 356.30 OK
r-patched-solaris-x86 1.17 74.90 OK
r-release-linux-x86_64 1.17 4.14 31.45 35.59 OK
r-release-osx-x86_64-mavericks 1.17 OK
r-release-windows-ix86+x86_64 1.17 21.00 95.00 116.00 OK
r-oldrel-windows-ix86+x86_64 1.17 20.00 91.00 111.00 OK

Check Details

Version: 1.17
Check: whether package can be installed
Result: WARN
    Found the following significant warnings:
     congruRand.c:180:3: warning: ISO C does not support the 'I64' ms_scanf length modifier [-Wformat=]
     congruRand.c:187:2: warning: ISO C does not support the 'I64' ms_scanf length modifier [-Wformat=]
     congruRand.c:188:2: warning: ISO C does not support the 'I64' ms_scanf length modifier [-Wformat=]
     congruRand.c:189:2: warning: ISO C does not support the 'I64' ms_scanf length modifier [-Wformat=]
Flavor: r-devel-windows-ix86+x86_64