CRAN Package Check Results for Package randtoolbox

Last updated on 2017-03-26 21:48:06.

Flavor Version Tinstall Tcheck Ttotal Status Flags
r-devel-linux-x86_64-debian-clang 1.17 4.12 37.94 42.06 NOTE
r-devel-linux-x86_64-debian-gcc 1.17 4.14 36.34 40.48 NOTE
r-devel-linux-x86_64-fedora-clang 1.17 75.54 NOTE --no-stop-on-test-error
r-devel-linux-x86_64-fedora-gcc 1.17 71.87 NOTE --no-stop-on-test-error
r-devel-macos-x86_64-clang 1.17 61.34 NOTE --no-stop-on-test-error
r-devel-windows-ix86+x86_64 1.17 26.00 109.00 135.00 WARN
r-patched-linux-x86_64 1.17 4.19 35.52 39.71 NOTE
r-patched-solaris-sparc 1.17 442.40 OK
r-patched-solaris-x86 1.17 95.90 OK
r-release-linux-x86_64 1.17 4.31 31.15 35.46 OK
r-release-osx-x86_64-mavericks 1.17 OK
r-release-windows-ix86+x86_64 1.17 21.00 95.00 116.00 OK
r-oldrel-windows-ix86+x86_64 1.17 20.00 91.00 111.00 OK

Check Details

Version: 1.17
Check: compiled code
Result: NOTE
    File ‘randtoolbox/libs/randtoolbox.so’:
     Found no call to: ‘R_useDynamicSymbols’
    
    It is good practice to register native routines and to disable symbol
    search.
    
    See ‘Writing portable packages’ in the ‘Writing R Extensions’ manual.
Flavors: r-devel-linux-x86_64-debian-clang, r-devel-linux-x86_64-debian-gcc, r-patched-linux-x86_64

Version: 1.17
Flags: --no-stop-on-test-error
Check: compiled code
Result: NOTE
    File ‘randtoolbox/libs/randtoolbox.so’:
     Found no call to: ‘R_useDynamicSymbols’
    
    It is good practice to register native routines and to disable symbol
    search.
    
    See ‘Writing portable packages’ in the ‘Writing R Extensions’ manual.
Flavors: r-devel-linux-x86_64-fedora-clang, r-devel-linux-x86_64-fedora-gcc, r-devel-macos-x86_64-clang

Version: 1.17
Check: whether package can be installed
Result: WARN
    Found the following significant warnings:
     congruRand.c:180:3: warning: ISO C does not support the 'I64' ms_scanf length modifier [-Wformat=]
     congruRand.c:187:2: warning: ISO C does not support the 'I64' ms_scanf length modifier [-Wformat=]
     congruRand.c:188:2: warning: ISO C does not support the 'I64' ms_scanf length modifier [-Wformat=]
     congruRand.c:189:2: warning: ISO C does not support the 'I64' ms_scanf length modifier [-Wformat=]
Flavor: r-devel-windows-ix86+x86_64