CRAN Package Check Results for Package randtoolbox

Last updated on 2014-07-23 08:49:53.

Flavor Version Tinstall Tcheck Ttotal Status Flags
r-devel-linux-x86_64-debian-clang 1.14 3.69 34.82 38.51 OK
r-devel-linux-x86_64-debian-gcc 1.14 4.20 33.38 37.58 OK
r-devel-linux-x86_64-fedora-clang 1.14 86.93 NOTE
r-devel-linux-x86_64-fedora-gcc 1.14 84.11 NOTE
r-devel-osx-x86_64-clang 1.14 83.97 OK
r-devel-windows-ix86+x86_64 1.14 19.00 88.00 107.00 WARN
r-patched-linux-x86_64 1.14 4.10 42.09 46.19 OK
r-patched-solaris-sparc 1.14 476.40 OK
r-patched-solaris-x86 1.14 120.80 OK
r-release-linux-ix86 1.14 6.70 59.49 66.19 OK
r-release-linux-x86_64 1.14 4.06 42.83 46.89 OK
r-release-osx-x86_64-mavericks 1.14 NOTE
r-release-windows-ix86+x86_64 1.14 29.00 124.00 153.00 WARN
r-oldrel-windows-ix86+x86_64 1.14 18.00 116.00 134.00 OK

Check Details

Version: 1.14
Check: top-level files
Result: NOTE
    Non-standard file/directory found at top level:
     ‘ax_ext.m4’
Flavors: r-devel-linux-x86_64-fedora-clang, r-devel-linux-x86_64-fedora-gcc

Version: 1.14
Check: whether package can be installed
Result: WARNING
    Found the following significant warnings:
     congruRand.c:177:3: warning: too many arguments for format [-Wformat-extra-args]
     congruRand.c:184:2: warning: too many arguments for format [-Wformat-extra-args]
     congruRand.c:185:2: warning: too many arguments for format [-Wformat-extra-args]
     congruRand.c:186:2: warning: too many arguments for format [-Wformat-extra-args]
    See 'd:/Rcompile/CRANpkg/local/3.2/randtoolbox.Rcheck/00install.out' for details.
Flavor: r-devel-windows-ix86+x86_64

Version: 1.14
Check: re-building of vignette outputs
Result: NOTE
    Error in re-building vignettes:
     ...
    Loading required package: rngWELL
    This is randtoolbox. For overview, type 'help("randtoolbox")'.
    Warning in coll.test(runif, 2^7, 2^10, 1, echo = FALSE) :
     p-values will be approximate in the presence of low expected collision number.
    Warning in coll.test(congruRand, 2^8, 2^14, 1, echo = FALSE) :
     p-values will be approximate in the presence of low expected collision number.
    Error in texi2dvi(file = file, pdf = TRUE, clean = clean, quiet = quiet, :
     Running 'texi2dvi' on 'fullpres.tex' failed.
    LaTeX errors:
    ! LaTeX Error: File `a4wide.sty' not found.
    
    Type X to quit or <RETURN> to proceed,
    or enter new name. (Default extension: sty)
    
    vign_test/randtoolbox/vignettes/fullpres.tex:62: ==> Fatal error occurred, no
    output PDF file produced!
    Calls: buildVignettes -> texi2pdf -> texi2dvi
    Execution halted
Flavor: r-release-osx-x86_64-mavericks

Version: 1.14
Check: whether package can be installed
Result: WARNING
    Found the following significant warnings:
     congruRand.c:177:3: warning: too many arguments for format [-Wformat-extra-args]
     congruRand.c:184:2: warning: too many arguments for format [-Wformat-extra-args]
     congruRand.c:185:2: warning: too many arguments for format [-Wformat-extra-args]
     congruRand.c:186:2: warning: too many arguments for format [-Wformat-extra-args]
    See 'd:/Rcompile/CRANpkg/local/3.1/randtoolbox.Rcheck/00install.out' for details.
Flavor: r-release-windows-ix86+x86_64