CRAN Package Check Results for Package randtoolbox

Last updated on 2015-04-19 11:51:17.

Flavor Version Tinstall Tcheck Ttotal Status Flags
r-devel-linux-x86_64-debian-clang 1.16 3.66 33.12 36.79 NOTE
r-devel-linux-x86_64-debian-gcc 1.16 3.87 31.86 35.74 NOTE
r-devel-linux-x86_64-fedora-clang 1.16 72.98 NOTE
r-devel-linux-x86_64-fedora-gcc 1.16 68.87 NOTE
r-devel-osx-x86_64-clang 1.16 78.66 NOTE
r-devel-windows-ix86+x86_64 1.16 19.00 65.00 84.00 NOTE
r-patched-linux-x86_64 1.16 4.08 32.73 36.80 NOTE
r-patched-solaris-sparc 1.16 447.70 NOTE
r-patched-solaris-x86 1.16 93.70 NOTE
r-release-linux-x86_64 1.16 4.19 31.45 35.64 NOTE
r-release-osx-x86_64-mavericks 1.16 NOTE
r-release-osx-x86_64-snowleopard 1.16 NOTE
r-release-windows-ix86+x86_64 1.16 18.00 76.00 94.00 NOTE
r-oldrel-windows-ix86+x86_64 1.16 25.00 70.00 95.00 OK

Check Details

Version: 1.16
Check: DESCRIPTION meta-information
Result: NOTE
    Malformed Title field: should not end in a period.
Flavors: r-devel-linux-x86_64-debian-clang, r-devel-linux-x86_64-debian-gcc, r-devel-linux-x86_64-fedora-clang, r-devel-linux-x86_64-fedora-gcc, r-devel-osx-x86_64-clang, r-devel-windows-ix86+x86_64, r-patched-linux-x86_64, r-patched-solaris-sparc, r-patched-solaris-x86, r-release-linux-x86_64, r-release-osx-x86_64-mavericks, r-release-osx-x86_64-snowleopard, r-release-windows-ix86+x86_64