CRAN Package Check Results for Package randtoolbox

Last updated on 2014-11-25 22:47:18.

Flavor Version Tinstall Tcheck Ttotal Status Flags
r-devel-linux-x86_64-debian-clang 1.15 3.71 34.21 37.92 OK
r-devel-linux-x86_64-debian-gcc 1.15 4.12 33.28 37.40 OK
r-devel-linux-x86_64-fedora-clang 1.15 76.07 OK
r-devel-linux-x86_64-fedora-gcc 1.15 71.21 OK
r-devel-osx-x86_64-clang 1.15 78.32 OK
r-devel-windows-ix86+x86_64 1.15 18.00 65.00 83.00 OK
r-patched-linux-x86_64 1.15 4.03 34.75 38.78 OK
r-patched-solaris-sparc 1.15 433.20 OK
r-patched-solaris-x86 1.15 99.70 OK
r-release-linux-ix86 1.15 6.33 47.34 53.67 OK
r-release-linux-x86_64 1.15 4.05 33.99 38.04 OK
r-release-osx-x86_64-mavericks 1.15 NOTE
r-release-osx-x86_64-snowleopard 1.15 OK
r-release-windows-ix86+x86_64 1.15 18.00 91.00 109.00 OK
r-oldrel-windows-ix86+x86_64 1.15 21.00 69.00 90.00 OK

Check Details

Version: 1.15
Check: re-building of vignette outputs
Result: NOTE
    Error in re-building vignettes:
     ...
    Loading required package: rngWELL
    This is randtoolbox. For overview, type 'help("randtoolbox")'.
    Warning in coll.test(runif, 2^7, 2^10, 1, echo = FALSE) :
     p-values will be approximate in the presence of low expected collision number.
    Warning in coll.test(congruRand, 2^8, 2^14, 1, echo = FALSE) :
     p-values will be approximate in the presence of low expected collision number.
    Error in texi2dvi(file = file, pdf = TRUE, clean = clean, quiet = quiet, :
     Running 'texi2dvi' on 'fullpres.tex' failed.
    LaTeX errors:
    ! LaTeX Error: File `shorttoc.sty' not found.
    
    Type X to quit or <RETURN> to proceed,
    or enter new name. (Default extension: sty)
    
    vign_test/randtoolbox/vignettes/fullpres.tex:77: ==> Fatal error occurred, no
    output PDF file produced!
    Calls: buildVignettes -> texi2pdf -> texi2dvi
    Execution halted
Flavor: r-release-osx-x86_64-mavericks