CRAN Package Check Results for Package randtoolbox

Last updated on 2017-01-16 17:49:30.

Flavor Version Tinstall Tcheck Ttotal Status Flags
r-devel-linux-x86_64-debian-clang 1.17 4.12 37.35 41.47 OK
r-devel-linux-x86_64-debian-gcc 1.17 4.35 35.38 39.73 OK
r-devel-linux-x86_64-fedora-clang 1.17 73.35 OK --no-stop-on-test-error
r-devel-linux-x86_64-fedora-gcc 1.17 71.72 NOTE --no-stop-on-test-error
r-devel-macos-x86_64-clang 1.17 62.72 OK --no-stop-on-test-error
r-devel-windows-ix86+x86_64 1.17 37.00 137.00 174.00 WARN
r-patched-linux-x86_64 1.17 3.96 31.13 35.09 OK
r-patched-solaris-sparc 1.17 358.60 OK
r-patched-solaris-x86 1.17 74.20 OK
r-release-linux-x86_64 1.17 4.22 32.39 36.60 OK
r-release-osx-x86_64-mavericks 1.17 OK
r-release-windows-ix86+x86_64 1.17 21.00 95.00 116.00 OK
r-oldrel-windows-ix86+x86_64 1.17 20.00 91.00 111.00 OK

Check Details

Version: 1.17
Flags: --no-stop-on-test-error
Check: compiled code
Result: NOTE
    File ‘randtoolbox/libs/randtoolbox.so’:
     Found no call to: ‘R_useDynamicSymbols’
    
    It is good practice to use registered native symbols and disable symbol
    search.
    
    See ‘Writing portable packages’ in the ‘Writing R Extensions’ manual.
Flavor: r-devel-linux-x86_64-fedora-gcc

Version: 1.17
Check: whether package can be installed
Result: WARN
    Found the following significant warnings:
     congruRand.c:180:3: warning: ISO C does not support the 'I64' ms_scanf length modifier [-Wformat=]
     congruRand.c:187:2: warning: ISO C does not support the 'I64' ms_scanf length modifier [-Wformat=]
     congruRand.c:188:2: warning: ISO C does not support the 'I64' ms_scanf length modifier [-Wformat=]
     congruRand.c:189:2: warning: ISO C does not support the 'I64' ms_scanf length modifier [-Wformat=]
Flavor: r-devel-windows-ix86+x86_64