CRAN Package Check Results for Package randtoolbox

Last updated on 2017-02-20 13:51:09.

Flavor Version Tinstall Tcheck Ttotal Status Flags
r-devel-linux-x86_64-debian-clang 1.17 4.24 37.39 41.63 NOTE
r-devel-linux-x86_64-debian-gcc 1.17 4.31 36.44 40.75 NOTE
r-devel-linux-x86_64-fedora-clang 1.17 74.39 NOTE --no-stop-on-test-error
r-devel-linux-x86_64-fedora-gcc 1.17 71.34 NOTE --no-stop-on-test-error
r-devel-macos-x86_64-clang 1.17 64.78 NOTE --no-stop-on-test-error
r-devel-windows-ix86+x86_64 1.17 24.00 131.00 155.00 WARN
r-patched-linux-x86_64 1.17 4.08 31.44 35.52 OK
r-patched-solaris-sparc 1.17 358.60 OK
r-patched-solaris-x86 1.17 90.90 OK
r-release-linux-x86_64 1.17 4.11 31.42 35.53 OK
r-release-osx-x86_64-mavericks 1.17 OK
r-release-windows-ix86+x86_64 1.17 21.00 95.00 116.00 OK
r-oldrel-windows-ix86+x86_64 1.17 20.00 91.00 111.00 OK

Check Details

Version: 1.17
Check: compiled code
Result: NOTE
    File ‘randtoolbox/libs/randtoolbox.so’:
     Found no call to: ‘R_useDynamicSymbols’
    
    It is good practice to register native routines and to disable symbol
    search.
    
    See ‘Writing portable packages’ in the ‘Writing R Extensions’ manual.
Flavors: r-devel-linux-x86_64-debian-clang, r-devel-linux-x86_64-debian-gcc

Version: 1.17
Flags: --no-stop-on-test-error
Check: compiled code
Result: NOTE
    File ‘randtoolbox/libs/randtoolbox.so’:
     Found no call to: ‘R_useDynamicSymbols’
    
    It is good practice to register native routines and to disable symbol
    search.
    
    See ‘Writing portable packages’ in the ‘Writing R Extensions’ manual.
Flavors: r-devel-linux-x86_64-fedora-clang, r-devel-linux-x86_64-fedora-gcc, r-devel-macos-x86_64-clang

Version: 1.17
Check: whether package can be installed
Result: WARN
    Found the following significant warnings:
     congruRand.c:180:3: warning: ISO C does not support the 'I64' ms_scanf length modifier [-Wformat=]
     congruRand.c:187:2: warning: ISO C does not support the 'I64' ms_scanf length modifier [-Wformat=]
     congruRand.c:188:2: warning: ISO C does not support the 'I64' ms_scanf length modifier [-Wformat=]
     congruRand.c:189:2: warning: ISO C does not support the 'I64' ms_scanf length modifier [-Wformat=]
Flavor: r-devel-windows-ix86+x86_64