CRAN Package Check Results for Package rangeMapper

Last updated on 2015-03-29 06:49:57.

Flavor Version Tinstall Tcheck Ttotal Status Flags
r-devel-linux-x86_64-debian-clang 0.2-8 3.98 64.60 68.58 NOTE
r-devel-linux-x86_64-debian-gcc 0.2-8 3.66 59.29 62.95 NOTE
r-devel-linux-x86_64-fedora-clang 0.2-8 136.11 NOTE
r-devel-linux-x86_64-fedora-gcc 0.2-8 136.19 NOTE
r-devel-osx-x86_64-clang 0.2-8 113.59 NOTE
r-prerel-windows-ix86+x86_64 0.2-8 17.00 92.00 109.00 NOTE
r-prerel-linux-x86_64 0.2-8 3.72 61.95 65.66 NOTE
r-prerel-solaris-sparc 0.2-8 797.40 NOTE
r-prerel-solaris-x86 0.2-8 181.50 NOTE
r-release-linux-x86_64 0.2-8 5.38 76.89 82.28 NOTE
r-release-osx-x86_64-mavericks 0.2-8 ERROR
r-release-osx-x86_64-snowleopard 0.2-8 OK
r-release-windows-ix86+x86_64 0.2-8 16.00 119.00 135.00 NOTE
r-oldrel-windows-ix86+x86_64 0.2-8 15.00 113.00 128.00 OK

Check Details

Version: 0.2-8
Check: dependencies in R code
Result: NOTE
    'library' or 'require' call to ‘shiny’ in package code.
     Please use :: or requireNamespace() instead.
     See section 'Suggested packages' in the 'Writing R Extensions' manual.
Flavors: r-devel-linux-x86_64-debian-clang, r-devel-linux-x86_64-debian-gcc, r-devel-linux-x86_64-fedora-clang, r-devel-linux-x86_64-fedora-gcc, r-devel-osx-x86_64-clang, r-prerel-windows-ix86+x86_64, r-prerel-linux-x86_64, r-prerel-solaris-sparc, r-prerel-solaris-x86, r-release-linux-x86_64, r-release-windows-ix86+x86_64

Version: 0.2-8
Check: package dependencies
Result: ERROR
    Packages required but not available: ‘rgdal’ ‘rgeos’
    
    See section ‘The DESCRIPTION file’ in the ‘Writing R Extensions’
    manual.
Flavor: r-release-osx-x86_64-mavericks