CRAN Package Check Results for Package rangeMapper

Last updated on 2014-10-25 11:48:44.

Flavor Version Tinstall Tcheck Ttotal Status Flags
r-devel-linux-x86_64-debian-clang 0.2-6 4.78 66.15 70.93 NOTE
r-devel-linux-x86_64-debian-gcc 0.2-6 4.86 65.07 69.93 NOTE
r-devel-linux-x86_64-fedora-clang 0.2-6 166.12 NOTE
r-devel-linux-x86_64-fedora-gcc 0.2-6 153.19 NOTE
r-devel-osx-x86_64-clang 0.2-6 127.69 NOTE
r-devel-windows-ix86+x86_64 0.2-6 15.00 97.00 112.00 NOTE
r-patched-linux-x86_64 0.2-6 4.85 48.27 53.12 ERROR
r-patched-solaris-sparc 0.2-6 897.50 NOTE
r-patched-solaris-x86 0.2-6 214.50 NOTE
r-release-linux-ix86 0.2-6 6.07 81.45 87.52 OK
r-release-linux-x86_64 0.2-6 5.25 69.34 74.59 OK
r-release-osx-x86_64-mavericks 0.2-6 ERROR
r-release-osx-x86_64-snowleopard 0.2-6 OK
r-release-windows-ix86+x86_64 0.2-6 16.00 105.00 121.00 OK
r-oldrel-windows-ix86+x86_64 0.2-6 17.00 100.00 117.00 OK

Check Details

Version: 0.2-6
Check: R code for possible problems
Result: NOTE
    rangeMap: no visible global function definition for ‘dbDriver’
    rangeMap.open: no visible global function definition for ‘dbDriver’
    rangeMap.start: no visible global function definition for ‘dbDriver’
    rangeMapImport,MapImport-function: no visible global function
     definition for ‘make.db.names.default’
Flavors: r-devel-linux-x86_64-debian-clang, r-devel-linux-x86_64-debian-gcc, r-devel-linux-x86_64-fedora-clang, r-devel-linux-x86_64-fedora-gcc, r-devel-osx-x86_64-clang, r-devel-windows-ix86+x86_64, r-patched-solaris-sparc, r-patched-solaris-x86

Version: 0.2-6
Check: R code for possible problems
Result: NOTE
    RMQuery: no visible global function definition for ‘sqliteQuickSQL’
    rangeMap: no visible global function definition for ‘dbDriver’
    rangeMap.open: no visible global function definition for ‘dbDriver’
    rangeMap.start: no visible global function definition for ‘dbDriver’
    rangeMapImport,MapImport-function: no visible global function
     definition for ‘make.db.names.default’
Flavor: r-patched-linux-x86_64

Version: 0.2-6
Check: Rd cross-references
Result: WARN
    Missing link or links in documentation object '99_RMQuery.Rd':
     ‘sqliteQuickSQL’
    
    See the information in section 'Cross-references' of the 'Writing R
    Extensions' manual.
Flavor: r-patched-linux-x86_64

Version: 0.2-6
Check: examples
Result: ERROR
    Running examples in ‘rangeMapper-Ex.R’ failed
    The error most likely occurred in:
    
    > ### Name: rangeMap.start
    > ### Title: Initiate/open a new rangeMapper project
    > ### Aliases: rangeMap.start rangeMapStart rangeMap.open rangeMap
    > ### Keywords: spatial
    >
    > ### ** Examples
    >
    > td = setwd(tempdir())
    >
    > dbcon = rangeMap.start(file = "test.sqlite", overwrite = TRUE, dir = tempdir() )
    Error: could not find function "sqliteQuickSQL"
    Execution halted
Flavor: r-patched-linux-x86_64

Version: 0.2-6
Check: package dependencies
Result: ERROR
    Package required but not available: ‘rgdal’
    
    Package suggested but not available for checking: ‘rgeos’
    
    See the information on DESCRIPTION files in the chapter ‘Creating R
    packages’ of the ‘Writing R Extensions’ manual.
Flavor: r-release-osx-x86_64-mavericks