CRAN Package Check Results for Package rangeMapper

Last updated on 2014-12-18 03:50:35.

Flavor Version Tinstall Tcheck Ttotal Status Flags
r-devel-linux-x86_64-debian-clang 0.2-8 5.13 75.54 80.67 OK
r-devel-linux-x86_64-debian-gcc 0.2-8 4.79 74.42 79.21 OK
r-devel-linux-x86_64-fedora-clang 0.2-8 178.76 OK
r-devel-linux-x86_64-fedora-gcc 0.2-8 158.87 OK
r-devel-osx-x86_64-clang 0.2-8 146.18 OK
r-devel-windows-ix86+x86_64 0.2-8 18.00 106.00 124.00 OK
r-patched-linux-x86_64 0.2-8 5.35 78.04 83.38 OK
r-patched-solaris-sparc 0.2-8 882.50 OK
r-patched-solaris-x86 0.2-8 239.10 OK
r-release-linux-ix86 0.2-8 6.08 88.01 94.09 OK
r-release-linux-x86_64 0.2-8 5.14 79.96 85.10 OK
r-release-osx-x86_64-mavericks 0.2-8 ERROR
r-release-osx-x86_64-snowleopard 0.2-8 OK
r-release-windows-ix86+x86_64 0.2-8 22.00 113.00 135.00 OK
r-oldrel-windows-ix86+x86_64 0.2-8 17.00 110.00 127.00 OK

Check Details

Version: 0.2-8
Check: package dependencies
Result: ERROR
    Packages required but not available: ‘rgdal’ ‘rgeos’
    
    See the information on DESCRIPTION files in the chapter ‘Creating R
    packages’ of the ‘Writing R Extensions’ manual.
Flavor: r-release-osx-x86_64-mavericks