CRAN Package Check Results for Package rangeMapper

Last updated on 2015-01-30 11:49:20.

Flavor Version Tinstall Tcheck Ttotal Status Flags
r-devel-linux-x86_64-debian-clang 0.2-8 4.46 64.18 68.65 NOTE
r-devel-linux-x86_64-debian-gcc 0.2-8 4.60 64.51 69.11 NOTE
r-devel-linux-x86_64-fedora-clang 0.2-8 167.06 NOTE
r-devel-linux-x86_64-fedora-gcc 0.2-8 155.69 NOTE
r-devel-osx-x86_64-clang 0.2-8 139.33 NOTE
r-devel-windows-ix86+x86_64 0.2-8 18.00 89.00 107.00 NOTE
r-patched-linux-x86_64 0.2-8 5.18 75.18 80.36 OK
r-patched-solaris-sparc 0.2-8 968.40 OK
r-patched-solaris-x86 0.2-8 237.70 OK
r-release-linux-ix86 0.2-8 6.03 88.47 94.50 OK
r-release-linux-x86_64 0.2-8 5.41 75.30 80.70 OK
r-release-osx-x86_64-mavericks 0.2-8 ERROR
r-release-osx-x86_64-snowleopard 0.2-8 OK
r-release-windows-ix86+x86_64 0.2-8 17.00 115.00 132.00 OK
r-oldrel-windows-ix86+x86_64 0.2-8 17.00 109.00 126.00 OK

Check Details

Version: 0.2-8
Check: dependencies in R code
Result: NOTE
    'library' or 'require' call to ‘shiny’ in package code.
     Please use :: or requireNamespace() instead.
     See section 'Suggested packages' in the 'Writing R Extensions' manual.
Flavors: r-devel-linux-x86_64-debian-clang, r-devel-linux-x86_64-debian-gcc, r-devel-linux-x86_64-fedora-clang, r-devel-linux-x86_64-fedora-gcc, r-devel-osx-x86_64-clang, r-devel-windows-ix86+x86_64

Version: 0.2-8
Check: package dependencies
Result: ERROR
    Packages required but not available: ‘rgdal’ ‘rgeos’
    
    See the information on DESCRIPTION files in the chapter ‘Creating R
    packages’ of the ‘Writing R Extensions’ manual.
Flavor: r-release-osx-x86_64-mavericks