CRAN Package Check Results for Package rangeMapper

Last updated on 2015-05-22 21:46:39.

Flavor Version Tinstall Tcheck Ttotal Status Flags
r-devel-linux-x86_64-debian-clang 0.2-8 3.82 60.10 63.92 NOTE
r-devel-linux-x86_64-debian-gcc 0.2-8 5.27 61.77 67.04 NOTE
r-devel-linux-x86_64-fedora-clang 0.2-8 130.66 NOTE
r-devel-linux-x86_64-fedora-gcc 0.2-8 124.54 NOTE
r-devel-osx-x86_64-clang 0.2-8 97.47 NOTE
r-devel-windows-ix86+x86_64 0.2-8 29.00 96.00 125.00 NOTE
r-patched-linux-x86_64 0.2-8 3.68 58.40 62.08 NOTE
r-patched-solaris-sparc 0.2-8 782.70 NOTE
r-patched-solaris-x86 0.2-8 176.30 NOTE
r-release-linux-x86_64 0.2-8 3.72 60.17 63.88 NOTE
r-release-osx-x86_64-mavericks 0.2-8 NOTE
r-release-osx-x86_64-snowleopard 0.2-8 ERROR
r-release-windows-ix86+x86_64 0.2-8 14.00 96.00 110.00 NOTE
r-oldrel-windows-ix86+x86_64 0.2-8 18.00 120.00 138.00 NOTE

Check Details

Version: 0.2-8
Check: dependencies in R code
Result: NOTE
    'library' or 'require' call to ‘shiny’ in package code.
     Please use :: or requireNamespace() instead.
     See section 'Suggested packages' in the 'Writing R Extensions' manual.
Flavors: r-devel-linux-x86_64-debian-clang, r-devel-linux-x86_64-debian-gcc, r-devel-linux-x86_64-fedora-clang, r-devel-linux-x86_64-fedora-gcc, r-devel-osx-x86_64-clang, r-devel-windows-ix86+x86_64, r-patched-linux-x86_64, r-patched-solaris-sparc, r-patched-solaris-x86, r-release-linux-x86_64, r-release-osx-x86_64-mavericks, r-release-windows-ix86+x86_64, r-oldrel-windows-ix86+x86_64

Version: 0.2-8
Check: package dependencies
Result: ERROR
    Packages required but not available: ‘rgeos’ ‘raster’
    
    See section ‘The DESCRIPTION file’ in the ‘Writing R Extensions’
    manual.
Flavor: r-release-osx-x86_64-snowleopard