CRAN Package Check Results for Package rangeMapper

Last updated on 2018-05-21 09:47:59 CEST.

Flavor Version Tinstall Tcheck Ttotal Status Flags
r-devel-linux-x86_64-debian-clang 0.3-3 10.75 222.17 232.92 OK
r-devel-linux-x86_64-debian-gcc 0.3-3 8.86 213.01 221.87 OK
r-devel-linux-x86_64-fedora-clang 0.3-3 172.78 OK
r-devel-linux-x86_64-fedora-gcc 0.3-3 180.51 OK
r-devel-windows-ix86+x86_64 0.3-3 25.00 280.00 305.00 OK
r-patched-linux-x86_64 0.3-3 10.86 228.34 239.20 OK
r-patched-solaris-x86 0.3-3 344.00 OK
r-release-linux-x86_64 0.3-3 9.06 230.84 239.90 OK
r-release-windows-ix86+x86_64 0.3-3 38.00 345.00 383.00 ERROR
r-release-osx-x86_64 0.3-3 OK
r-oldrel-windows-ix86+x86_64 0.3-3 24.00 294.00 318.00 OK
r-oldrel-osx-x86_64 0.3-1 OK

Check Details

Version: 0.3-3
Check: whether package can be installed
Result: ERROR
    Installation failed.
Flavor: r-release-windows-ix86+x86_64