CRAN Package Check Results for Package rangeMapper

Last updated on 2014-07-24 15:52:24.

Flavor Version Tinstall Tcheck Ttotal Status Flags
r-devel-linux-x86_64-debian-clang 0.2-6 4.70 66.02 70.72 OK
r-devel-linux-x86_64-debian-gcc 0.2-6 4.74 68.76 73.50 OK
r-devel-linux-x86_64-fedora-clang 0.2-6 165.34 OK
r-devel-linux-x86_64-fedora-gcc 0.2-6 160.36 OK
r-devel-osx-x86_64-clang 0.2-6 120.95 OK
r-devel-windows-ix86+x86_64 0.2-6 15.00 96.00 111.00 OK
r-patched-linux-x86_64 0.2-6 4.77 66.24 71.01 OK
r-patched-solaris-sparc 0.2-6 883.50 OK
r-patched-solaris-x86 0.2-6 208.50 OK
r-release-linux-ix86 0.2-6 5.88 82.66 88.54 OK
r-release-linux-x86_64 0.2-6 4.84 67.91 72.75 OK
r-release-osx-x86_64-mavericks 0.2-6 ERROR
r-release-osx-x86_64-snowleopard 0.2-6 OK
r-release-windows-ix86+x86_64 0.2-6 14.00 101.00 115.00 OK
r-oldrel-windows-ix86+x86_64 0.2-6 15.00 98.00 113.00 OK

Check Details

Version: 0.2-6
Check: package dependencies
Result: ERROR
    Package required but not available: ‘rgdal’
    
    Package suggested but not available for checking: ‘rgeos’
    
    See the information on DESCRIPTION files in the chapter ‘Creating R
    packages’ of the ‘Writing R Extensions’ manual.
Flavor: r-release-osx-x86_64-mavericks