CRAN Package Check Results for Package rangeMapper

Last updated on 2014-08-31 09:48:26.

Flavor Version Tinstall Tcheck Ttotal Status Flags
r-devel-linux-x86_64-debian-clang 0.2-6 4.54 63.04 67.58 NOTE
r-devel-linux-x86_64-debian-gcc 0.2-6 4.50 62.62 67.13 NOTE
r-devel-linux-x86_64-fedora-clang 0.2-6 157.78 NOTE
r-devel-linux-x86_64-fedora-gcc 0.2-6 148.71 NOTE
r-devel-osx-x86_64-clang 0.2-6 117.57 NOTE
r-devel-windows-ix86+x86_64 0.2-6 14.00 92.00 106.00 NOTE
r-patched-linux-x86_64 0.2-6 6.54 67.04 73.57 OK
r-patched-solaris-sparc 0.2-6 885.60 OK
r-patched-solaris-x86 0.2-6 211.70 OK
r-release-linux-ix86 0.2-6 5.81 83.33 89.14 OK
r-release-linux-x86_64 0.2-6 4.90 67.99 72.89 OK
r-release-osx-x86_64-mavericks 0.2-6 ERROR
r-release-osx-x86_64-snowleopard 0.2-6 OK
r-release-windows-ix86+x86_64 0.2-6 16.00 100.00 116.00 OK
r-oldrel-windows-ix86+x86_64 0.2-6 16.00 100.00 116.00 OK

Check Details

Version: 0.2-6
Check: R code for possible problems
Result: NOTE
    rangeMap: no visible global function definition for ‘dbDriver’
    rangeMap.open: no visible global function definition for ‘dbDriver’
    rangeMap.start: no visible global function definition for ‘dbDriver’
    rangeMapImport,MapImport-function: no visible global function
     definition for ‘make.db.names.default’
Flavors: r-devel-linux-x86_64-debian-clang, r-devel-linux-x86_64-debian-gcc, r-devel-linux-x86_64-fedora-clang, r-devel-linux-x86_64-fedora-gcc, r-devel-osx-x86_64-clang, r-devel-windows-ix86+x86_64

Version: 0.2-6
Check: package dependencies
Result: ERROR
    Package required but not available: ‘rgdal’
    
    Package suggested but not available for checking: ‘rgeos’
    
    See the information on DESCRIPTION files in the chapter ‘Creating R
    packages’ of the ‘Writing R Extensions’ manual.
Flavor: r-release-osx-x86_64-mavericks