CRAN Package Check Results for Package rangeMapper

Last updated on 2014-09-20 08:51:51.

Flavor Version Tinstall Tcheck Ttotal Status Flags
r-devel-linux-x86_64-debian-clang 0.2-6 4.65 67.47 72.12 NOTE
r-devel-linux-x86_64-debian-gcc 0.2-6 4.59 64.93 69.52 NOTE
r-devel-linux-x86_64-fedora-clang 0.2-6 162.64 NOTE
r-devel-linux-x86_64-fedora-gcc 0.2-6 153.10 NOTE
r-devel-osx-x86_64-clang 0.2-6 122.27 NOTE
r-devel-windows-ix86+x86_64 0.2-6 12.00 98.00 110.00 NOTE
r-patched-linux-x86_64 0.2-6 4.93 72.47 77.40 OK
r-patched-solaris-sparc 0.2-6 885.60 OK
r-patched-solaris-x86 0.2-6 214.60 OK
r-release-linux-ix86 0.2-6 6.09 82.01 88.10 OK
r-release-linux-x86_64 0.2-6 5.02 72.23 77.25 OK
r-release-osx-x86_64-mavericks 0.2-6 ERROR
r-release-osx-x86_64-snowleopard 0.2-6 OK
r-release-windows-ix86+x86_64 0.2-6 13.00 101.00 114.00 OK
r-oldrel-windows-ix86+x86_64 0.2-6 13.00 105.00 118.00 OK

Check Details

Version: 0.2-6
Check: R code for possible problems
Result: NOTE
    rangeMap: no visible global function definition for ‘dbDriver’
    rangeMap.open: no visible global function definition for ‘dbDriver’
    rangeMap.start: no visible global function definition for ‘dbDriver’
    rangeMapImport,MapImport-function: no visible global function
     definition for ‘make.db.names.default’
Flavors: r-devel-linux-x86_64-debian-clang, r-devel-linux-x86_64-debian-gcc, r-devel-linux-x86_64-fedora-clang, r-devel-linux-x86_64-fedora-gcc, r-devel-osx-x86_64-clang, r-devel-windows-ix86+x86_64

Version: 0.2-6
Check: package dependencies
Result: ERROR
    Package required but not available: ‘rgdal’
    
    Package suggested but not available for checking: ‘rgeos’
    
    See the information on DESCRIPTION files in the chapter ‘Creating R
    packages’ of the ‘Writing R Extensions’ manual.
Flavor: r-release-osx-x86_64-mavericks