CRAN Package Check Results for Package rangeMapper

Last updated on 2015-07-31 20:47:10.

Flavor Version Tinstall Tcheck Ttotal Status Flags
r-devel-linux-x86_64-debian-clang 0.2-8 3.99 65.39 69.38 NOTE
r-devel-linux-x86_64-debian-gcc 0.2-8 3.92 60.41 64.33 NOTE
r-devel-linux-x86_64-fedora-clang 0.2-8 136.98 NOTE
r-devel-linux-x86_64-fedora-gcc 0.2-8 129.29 NOTE
r-devel-osx-x86_64-clang 0.2-8 109.51 NOTE
r-devel-windows-ix86+x86_64 0.2-8 27.00 102.00 129.00 NOTE
r-patched-linux-x86_64 0.2-8 4.82 62.13 66.96 NOTE
r-patched-solaris-sparc 0.2-8 824.90 NOTE
r-patched-solaris-x86 0.2-8 182.20 NOTE
r-release-linux-x86_64 0.2-8 4.05 61.93 65.98 NOTE
r-release-osx-x86_64-mavericks 0.2-8 NOTE
r-release-windows-ix86+x86_64 0.2-8 19.00 104.00 123.00 NOTE
r-oldrel-windows-ix86+x86_64 0.2-8 19.00 140.00 159.00 NOTE

Check Details

Version: 0.2-8
Check: dependencies in R code
Result: NOTE
    'library' or 'require' call to ‘shiny’ in package code.
     Please use :: or requireNamespace() instead.
     See section 'Suggested packages' in the 'Writing R Extensions' manual.
Flavors: r-devel-linux-x86_64-debian-clang, r-devel-linux-x86_64-debian-gcc, r-devel-linux-x86_64-fedora-clang, r-devel-linux-x86_64-fedora-gcc, r-devel-osx-x86_64-clang, r-devel-windows-ix86+x86_64, r-patched-linux-x86_64, r-patched-solaris-sparc, r-patched-solaris-x86, r-release-linux-x86_64, r-release-osx-x86_64-mavericks, r-release-windows-ix86+x86_64, r-oldrel-windows-ix86+x86_64

Version: 0.2-8
Check: R code for possible problems
Result: NOTE
    rangeTraits : Median_x: no visible global function definition for
     ‘median’
    rangeTraits : Median_y: no visible global function definition for
     ‘median’
    plot,SpatialPixelsRangeMap-missing: no visible global function
     definition for ‘colorRampPalette’
    plot,SpatialPixelsRangeMap-missing: no visible global function
     definition for ‘na.omit’
    rangeMapImport,MapImport-function: no visible global function
     definition for ‘aggregate’
    Undefined global functions or variables:
     aggregate colorRampPalette median na.omit
    Consider adding
     importFrom("grDevices", "colorRampPalette")
     importFrom("stats", "aggregate", "median", "na.omit")
    to your NAMESPACE.
Flavors: r-devel-linux-x86_64-debian-clang, r-devel-linux-x86_64-debian-gcc, r-devel-linux-x86_64-fedora-clang, r-devel-linux-x86_64-fedora-gcc, r-devel-windows-ix86+x86_64