CRAN Package Check Results for Package rangeMapper

Last updated on 2014-04-24 17:49:51.

Flavor Version Tinstall Tcheck Ttotal Status Flags
r-devel-linux-x86_64-debian-clang 0.2-6 5.07 72.04 77.11 OK
r-devel-linux-x86_64-debian-gcc 0.2-6 5.54 71.29 76.83 OK
r-devel-linux-x86_64-fedora-clang 0.2-6 162.91 OK
r-devel-linux-x86_64-fedora-gcc 0.2-6 160.30 OK
r-devel-osx-x86_64-clang 0.2-6 129.76 OK
r-devel-osx-x86_64-gcc 0.2-6 ERROR
r-devel-windows-ix86+x86_64 0.2-6 14.00 97.00 111.00 OK
r-patched-linux-x86_64 0.2-6 5.07 69.55 74.62 OK
r-patched-solaris-sparc 0.2-6 883.50 OK
r-patched-solaris-x86 0.2-6 208.80 OK
r-release-linux-ix86 0.2-6 8.00 112.00 120.00 OK
r-release-linux-x86_64 0.2-6 5.10 70.98 76.08 OK
r-release-osx-x86_64-mavericks 0.2-6 ERROR
r-release-osx-x86_64-snowleopard 0.2-6 OK
r-release-windows-ix86+x86_64 0.2-6 13.00 105.00 118.00 OK
r-oldrel-windows-ix86+x86_64 0.2-6 15.00 99.00 114.00 OK

Check Details

Version: 0.2-6
Check: package dependencies
Result: ERROR
    Packages required but not available: ‘raster’ ‘maptools’
    
    Package suggested but not available for checking: ‘rgeos’
    
    See the information on DESCRIPTION files in the chapter ‘Creating R
    packages’ of the ‘Writing R Extensions’ manual.
Flavor: r-devel-osx-x86_64-gcc

Version: 0.2-6
Check: package dependencies
Result: ERROR
    Packages required but not available: ‘rgdal’ ‘maptools’
    
    Package suggested but not available for checking: ‘rgeos’
    
    See the information on DESCRIPTION files in the chapter ‘Creating R
    packages’ of the ‘Writing R Extensions’ manual.
Flavor: r-release-osx-x86_64-mavericks