CRAN Package Check Results for Package rangeMapper

Last updated on 2016-12-03 23:47:52.

Flavor Version Tinstall Tcheck Ttotal Status Flags
r-devel-linux-x86_64-debian-clang 0.3-0 4.87 131.03 135.90 WARN
r-devel-linux-x86_64-debian-gcc 0.3-0 5.54 133.62 139.16 WARN
r-devel-linux-x86_64-fedora-clang 0.3-0 261.98 WARN
r-devel-linux-x86_64-fedora-gcc 0.3-0 271.69 WARN
r-devel-macos-x86_64-clang 0.3-0 197.83 WARN --no-stop-on-test-error
r-devel-windows-ix86+x86_64 0.3-0 17.00 215.00 232.00 WARN
r-patched-linux-x86_64 0.3-0 4.85 114.85 119.70 OK
r-patched-solaris-sparc 0.3-0 1237.30 OK
r-patched-solaris-x86 0.3-0 284.80 OK
r-release-linux-x86_64 0.3-0 4.50 112.41 116.90 OK
r-release-osx-x86_64-mavericks 0.3-0 OK
r-release-windows-ix86+x86_64 0.3-0 28.00 188.00 216.00 OK
r-oldrel-windows-ix86+x86_64 0.3-0 32.00 259.00 291.00 OK

Check Details

Version: 0.3-0
Check: files in ‘vignettes’
Result: WARN
    Files in the 'vignettes' directory newer than all files in 'inst/doc':
     ‘Appendix_S2_Valcu_et_al_2012.Rmd’,
     ‘Appendix_S3_Valcu_et_al_2012.Rmd’,
     ‘Appendix_S4_Valcu_et_al_2012.Rmd’,
     ‘Appendix_S5_Valcu_et_al_2012.Rmd’
Flavors: r-devel-linux-x86_64-debian-clang, r-devel-linux-x86_64-debian-gcc, r-devel-linux-x86_64-fedora-clang, r-devel-linux-x86_64-fedora-gcc, r-devel-windows-ix86+x86_64

Version: 0.3-0
Flags: --no-stop-on-test-error
Check: files in ‘vignettes’
Result: WARN
    Files in the 'vignettes' directory newer than all files in 'inst/doc':
     ‘Appendix_S2_Valcu_et_al_2012.Rmd’,
     ‘Appendix_S3_Valcu_et_al_2012.Rmd’,
     ‘Appendix_S4_Valcu_et_al_2012.Rmd’,
     ‘Appendix_S5_Valcu_et_al_2012.Rmd’
Flavor: r-devel-macos-x86_64-clang