CRAN Package Check Results for Package rangeMapper

Last updated on 2014-11-23 12:46:39.

Flavor Version Tinstall Tcheck Ttotal Status Flags
r-devel-linux-x86_64-debian-clang 0.2-8 5.93 73.48 79.41 OK
r-devel-linux-x86_64-debian-gcc 0.2-8 4.80 73.42 78.22 OK
r-devel-linux-x86_64-fedora-clang 0.2-8 177.17 OK
r-devel-linux-x86_64-fedora-gcc 0.2-8 168.25 OK
r-devel-osx-x86_64-clang 0.2-8 141.06 OK
r-devel-windows-ix86+x86_64 0.2-8 15.00 113.00 128.00 OK
r-patched-linux-x86_64 0.2-8 5.28 75.53 80.81 OK
r-patched-solaris-sparc 0.2-8 882.50 OK
r-patched-solaris-x86 0.2-8 233.30 OK
r-release-linux-ix86 0.2-8 6.53 83.78 90.30 OK
r-release-linux-x86_64 0.2-8 5.23 75.38 80.61 OK
r-release-osx-x86_64-mavericks 0.2-8 ERROR
r-release-osx-x86_64-snowleopard 0.2-8 OK
r-release-windows-ix86+x86_64 0.2-8 16.00 114.00 130.00 OK
r-oldrel-windows-ix86+x86_64 0.2-8 13.00 118.00 131.00 OK

Check Details

Version: 0.2-8
Check: package dependencies
Result: ERROR
    Packages required but not available: ‘rgdal’ ‘rgeos’
    
    See the information on DESCRIPTION files in the chapter ‘Creating R
    packages’ of the ‘Writing R Extensions’ manual.
Flavor: r-release-osx-x86_64-mavericks