CRAN Package Check Results for Package rangeMapper

Last updated on 2016-10-01 12:47:59.

Flavor Version Tinstall Tcheck Ttotal Status Flags
r-devel-linux-x86_64-debian-clang 0.3-0 4.50 107.39 111.89 WARN
r-devel-linux-x86_64-debian-gcc 0.3-0 4.78 106.88 111.66 WARN
r-devel-linux-x86_64-fedora-clang 0.3-0 212.70 WARN
r-devel-linux-x86_64-fedora-gcc 0.3-0 205.52 WARN
r-devel-macos-x86_64-clang 0.3-0 162.96 WARN
r-devel-windows-ix86+x86_64 0.3-0 25.00 220.00 245.00 WARN
r-patched-linux-x86_64 0.3-0 4.66 103.07 107.72 OK
r-patched-solaris-sparc 0.3-0 1199.00 OK
r-patched-solaris-x86 0.3-0 260.50 OK
r-release-linux-x86_64 0.3-0 5.00 102.99 107.98 OK
r-release-osx-x86_64-mavericks 0.3-0 OK
r-release-windows-ix86+x86_64 0.3-0 13.00 167.00 180.00 OK
r-oldrel-windows-ix86+x86_64 0.3-0 29.00 232.00 261.00 OK

Check Details

Version: 0.3-0
Check: files in ‘vignettes’
Result: WARN
    Files in the 'vignettes' directory newer than all files in 'inst/doc':
     ‘Appendix_S2_Valcu_et_al_2012.Rmd’,
     ‘Appendix_S3_Valcu_et_al_2012.Rmd’,
     ‘Appendix_S4_Valcu_et_al_2012.Rmd’,
     ‘Appendix_S5_Valcu_et_al_2012.Rmd’
Flavors: r-devel-linux-x86_64-debian-clang, r-devel-linux-x86_64-debian-gcc, r-devel-linux-x86_64-fedora-clang, r-devel-linux-x86_64-fedora-gcc, r-devel-macos-x86_64-clang, r-devel-windows-ix86+x86_64