Last updated on 2023-06-09 10:04:22 CEST.
Flavor | Version | Tinstall | Tcheck | Ttotal | Status | Flags |
---|---|---|---|---|---|---|
r-devel-linux-x86_64-debian-clang | 0.1.4 | 4.27 | 89.16 | 93.43 | NOTE | |
r-devel-linux-x86_64-debian-gcc | 0.1.4 | 2.73 | 67.66 | 70.39 | NOTE | |
r-devel-linux-x86_64-fedora-clang | 0.1.4 | 120.39 | NOTE | |||
r-devel-linux-x86_64-fedora-gcc | 0.1.4 | 124.31 | NOTE | |||
r-devel-windows-x86_64 | 0.1.4 | 6.00 | 87.00 | 93.00 | NOTE | |
r-patched-linux-x86_64 | 0.1.4 | 3.06 | 86.06 | 89.12 | NOTE | |
r-release-linux-x86_64 | 0.1.4 | 2.40 | 85.92 | 88.32 | NOTE | |
r-release-macos-arm64 | 0.1.4 | 47.00 | NOTE | |||
r-release-macos-x86_64 | 0.1.4 | 75.00 | NOTE | |||
r-release-windows-x86_64 | 0.1.4 | 6.00 | 102.00 | 108.00 | OK | |
r-oldrel-macos-arm64 | 0.1.4 | 36.00 | NOTE | |||
r-oldrel-macos-x86_64 | 0.1.4 | 55.00 | NOTE | |||
r-oldrel-windows-x86_64 | 0.1.4 | 6.00 | 99.00 | 105.00 | OK |
Version: 0.1.4
Check: package dependencies
Result: NOTE
Package suggested but not available for checking: ‘googlesheets’
Flavors: r-devel-linux-x86_64-debian-clang, r-devel-linux-x86_64-debian-gcc, r-devel-linux-x86_64-fedora-clang, r-devel-linux-x86_64-fedora-gcc, r-devel-windows-x86_64, r-patched-linux-x86_64, r-release-linux-x86_64, r-release-macos-arm64, r-release-macos-x86_64, r-oldrel-macos-x86_64
Version: 0.1.4
Check: dependencies in R code
Result: NOTE
Namespaces in Imports field not imported from:
‘MASS’ ‘dplyr’ ‘jsonlite’ ‘rgbif’ ‘rgdal’ ‘rgeos’ ‘sp’ ‘spThin’
‘spatstat’
All declared Imports should be used.
Flavors: r-devel-linux-x86_64-fedora-clang, r-devel-linux-x86_64-fedora-gcc, r-oldrel-macos-arm64, r-oldrel-macos-x86_64