CRAN Package Check Results for Package ranger

Last updated on 2020-02-21 04:48:33 CET.

Flavor Version Tinstall Tcheck Ttotal Status Flags
r-devel-linux-x86_64-debian-clang 0.12.1 96.08 101.46 197.54 OK
r-devel-linux-x86_64-debian-gcc 0.12.1 74.57 77.62 152.19 OK
r-devel-linux-x86_64-fedora-clang 0.12.1 267.88 NOTE
r-devel-linux-x86_64-fedora-gcc 0.12.1 252.19 OK
r-devel-windows-ix86+x86_64 0.12.1 189.00 148.00 337.00 OK
r-devel-windows-ix86+x86_64-gcc8 0.12.1 255.00 154.00 409.00 OK
r-patched-linux-x86_64 0.12.1 85.57 91.56 177.13 OK
r-patched-solaris-x86 0.12.1 334.40 OK
r-release-linux-x86_64 0.12.1 85.66 91.99 177.65 OK
r-release-windows-ix86+x86_64 0.12.1 178.00 152.00 330.00 OK
r-release-osx-x86_64 0.12.1 NOTE
r-oldrel-windows-ix86+x86_64 0.12.1 167.00 137.00 304.00 OK
r-oldrel-osx-x86_64 0.12.1 NOTE

Check Details

Version: 0.12.1
Check: installed package size
Result: NOTE
     installed size is 7.9Mb
     sub-directories of 1Mb or more:
     libs 7.7Mb
Flavors: r-devel-linux-x86_64-fedora-clang, r-release-osx-x86_64, r-oldrel-osx-x86_64