CRAN Package Check Results for Package ranger

Last updated on 2019-09-21 05:48:02 CEST.

Flavor Version Tinstall Tcheck Ttotal Status Flags
r-devel-linux-x86_64-debian-clang 0.11.2 87.41 93.76 181.17 OK
r-devel-linux-x86_64-debian-gcc 0.11.2 76.71 74.18 150.89 OK
r-devel-linux-x86_64-fedora-clang 0.11.2 262.09 NOTE
r-devel-linux-x86_64-fedora-gcc 0.11.2 258.45 OK
r-devel-windows-ix86+x86_64 0.11.2 246.00 181.00 427.00 OK
r-patched-linux-x86_64 0.11.2 84.12 92.48 176.60 OK
r-patched-solaris-x86 0.11.2 559.00 OK
r-release-linux-x86_64 0.11.2 83.99 92.86 176.85 OK
r-release-windows-ix86+x86_64 0.11.2 188.00 141.00 329.00 OK
r-release-osx-x86_64 0.11.2 NOTE
r-oldrel-windows-ix86+x86_64 0.11.2 180.00 133.00 313.00 OK
r-oldrel-osx-x86_64 0.11.2 NOTE

Check Details

Version: 0.11.2
Check: installed package size
Result: NOTE
     installed size is 7.9Mb
     sub-directories of 1Mb or more:
     libs 7.7Mb
Flavors: r-devel-linux-x86_64-fedora-clang, r-release-osx-x86_64, r-oldrel-osx-x86_64