CRAN Package Check Results for Package rankhazard

Last updated on 2016-12-08 23:49:43.

Flavor Version Tinstall Tcheck Ttotal Status Flags
r-devel-linux-x86_64-debian-clang 1.1.0 2.20 33.87 36.06 OK
r-devel-linux-x86_64-debian-gcc 1.1.0 2.22 29.91 32.14 ERROR
r-devel-linux-x86_64-fedora-clang 1.1.0 79.35 OK --no-stop-on-test-error
r-devel-linux-x86_64-fedora-gcc 1.1.0 78.26 OK --no-stop-on-test-error
r-devel-macos-x86_64-clang 1.1.0 61.89 OK
r-devel-windows-ix86+x86_64 1.1.0 5.00 55.00 60.00 OK
r-patched-linux-x86_64 1.1.0 2.14 29.49 31.63 OK
r-patched-solaris-sparc 1.1.0 402.10 OK
r-patched-solaris-x86 1.1.0 93.50 OK
r-release-linux-x86_64 1.1.0 2.04 29.31 31.35 OK
r-release-osx-x86_64-mavericks 1.1.0 OK
r-release-windows-ix86+x86_64 1.1.0 6.00 51.00 57.00 OK
r-oldrel-windows-ix86+x86_64 1.1.0 8.00 54.00 62.00 OK

Check Details

Version: 1.1.0
Check: package dependencies
Result: NOTE
    Package suggested but not available for checking: ‘rms’
Flavor: r-devel-linux-x86_64-debian-gcc

Version: 1.1.0
Check: examples
Result: ERROR
    Running examples in ‘rankhazard-Ex.R’ failed
    The error most likely occurred in:
    
    > base::assign(".ptime", proc.time(), pos = "CheckExEnv")
    > ### Name: rankhazard-package
    > ### Title: Rank-hazard plots
    > ### Aliases: rankhazard-package rankhazard
    > ### Keywords: package hplot survival
    >
    > ### ** Examples
    >
    > library(survival)
    > model <- coxph(Surv(time,status) ~ age + sex + ph.karno, data = cancer, x=TRUE)
    > rankhazardplot(model, data=cancer)
    Y-axis range: 0.608 1.49
    
    Relative hazards for each covarite:
     Min. 1st Qu. Median 3rd Qu. Max.
    age 0.743 0.917 1 1.08 1.27
    sex 0.608 0.608 1 1.00 1.00
    ph.karno 0.766 0.875 1 1.07 1.49
    > library(rms)
    Error in library(rms) : there is no package called ‘rms’
    Execution halted
Flavor: r-devel-linux-x86_64-debian-gcc