CRAN Package Check Results for Package rankhazard

Last updated on 2015-08-30 05:48:03.

Flavor Version Tinstall Tcheck Ttotal Status Flags
r-devel-linux-x86_64-debian-clang 1.0 0.51 14.32 14.83 NOTE
r-devel-linux-x86_64-debian-gcc 1.0 0.50 12.98 13.47 NOTE
r-devel-linux-x86_64-fedora-clang 1.0 27.32 NOTE
r-devel-linux-x86_64-fedora-gcc 1.0 25.72 NOTE
r-devel-osx-x86_64-clang 1.0 26.40 OK
r-devel-windows-ix86+x86_64 1.0 5.00 28.00 33.00 NOTE
r-patched-linux-x86_64 1.0 0.56 13.56 14.12 OK
r-patched-solaris-sparc 1.0 172.30 OK
r-patched-solaris-x86 1.0 38.40 OK
r-release-linux-x86_64 1.0 0.59 13.76 14.35 OK
r-release-osx-x86_64-mavericks 1.0 OK
r-release-windows-ix86+x86_64 1.0 4.00 26.00 30.00 OK
r-oldrel-windows-ix86+x86_64 1.0 5.00 31.00 36.00 OK

Check Details

Version: 1.0
Check: R code for possible problems
Result: NOTE
    coxph_CI: no visible global function definition for ‘relevel’
    cph_CI: no visible global function definition for ‘relevel’
    rankhazardplot.coxph: no visible global function definition for
     ‘na.omit’
    rankhazardplot.coxph: no visible global function definition for
     ‘setNames’
    rankhazardplot.coxph: no visible global function definition for
     ‘median’
    rankhazardplot.coxph: no visible global function definition for
     ‘predict’
    rankhazardplot.cph: no visible global function definition for ‘na.omit’
    rankhazardplot.cph: no visible global function definition for
     ‘setNames’
    rankhazardplot.cph: no visible global function definition for ‘median’
    rankhazardplot.cph: no visible global function definition for ‘predict’
    rankhazardplot.default: no visible global function definition for
     ‘na.omit’
    rankhazardplot.default: no visible binding for global variable ‘median’
    rankhazardplot.default: no visible global function definition for
     ‘quantile’
    rankhazardplot.default: no visible global function definition for
     ‘plot’
    rankhazardplot.default: no visible global function definition for
     ‘axis’
    rankhazardplot.default: no visible global function definition for ‘box’
    rankhazardplot.default: no visible global function definition for
     ‘abline’
    rankhazardplot.default: no visible global function definition for
     ‘lines’
    rankhazardplot.default: no visible global function definition for
     ‘points’
    rankhazardplot.default: no visible global function definition for
     ‘mtext’
    rankhazardplot.default: no visible global function definition for
     ‘legend’
    Undefined global functions or variables:
     abline axis box legend lines median mtext na.omit plot points predict
     quantile relevel setNames
    Consider adding
     importFrom("graphics", "abline", "axis", "box", "legend", "lines",
     "mtext", "plot", "points")
     importFrom("stats", "median", "na.omit", "predict", "quantile",
     "relevel", "setNames")
    to your NAMESPACE.
Flavors: r-devel-linux-x86_64-debian-clang, r-devel-linux-x86_64-debian-gcc, r-devel-linux-x86_64-fedora-clang, r-devel-linux-x86_64-fedora-gcc, r-devel-windows-ix86+x86_64