CRAN Package Check Results for Package rankhazard

Last updated on 2015-07-02 06:48:23.

Flavor Version Tinstall Tcheck Ttotal Status Flags
r-devel-linux-x86_64-debian-clang 1.0 0.52 11.62 12.14 NOTE
r-devel-linux-x86_64-debian-gcc 1.0 0.53 11.57 12.10 NOTE
r-devel-linux-x86_64-fedora-clang 1.0 23.75 NOTE
r-devel-linux-x86_64-fedora-gcc 1.0 22.02 NOTE
r-devel-osx-x86_64-clang 1.0 25.49 OK
r-devel-windows-ix86+x86_64 1.0 3.00 21.00 24.00 NOTE
r-patched-linux-x86_64 1.0 0.68 12.82 13.51 OK
r-patched-solaris-sparc 1.0 160.20 OK
r-patched-solaris-x86 1.0 35.00 OK
r-release-linux-x86_64 1.0 0.72 11.85 12.57 OK
r-release-osx-x86_64-mavericks 1.0 OK
r-release-windows-ix86+x86_64 1.0 3.00 22.00 25.00 OK
r-oldrel-windows-ix86+x86_64 1.0 5.00 26.00 31.00 OK

Check Details

Version: 1.0
Check: R code for possible problems
Result: NOTE
    coxph_CI: no visible global function definition for ‘relevel’
    cph_CI: no visible global function definition for ‘relevel’
    rankhazardplot.coxph: no visible global function definition for
     ‘na.omit’
    rankhazardplot.coxph: no visible global function definition for
     ‘setNames’
    rankhazardplot.coxph: no visible global function definition for
     ‘median’
    rankhazardplot.coxph: no visible global function definition for
     ‘predict’
    rankhazardplot.cph: no visible global function definition for ‘na.omit’
    rankhazardplot.cph: no visible global function definition for
     ‘setNames’
    rankhazardplot.cph: no visible global function definition for ‘median’
    rankhazardplot.cph: no visible global function definition for ‘predict’
    rankhazardplot.default: no visible global function definition for
     ‘na.omit’
    rankhazardplot.default: no visible binding for global variable ‘median’
    rankhazardplot.default: no visible global function definition for
     ‘quantile’
    rankhazardplot.default: no visible global function definition for
     ‘plot’
    rankhazardplot.default: no visible global function definition for
     ‘axis’
    rankhazardplot.default: no visible global function definition for ‘box’
    rankhazardplot.default: no visible global function definition for
     ‘abline’
    rankhazardplot.default: no visible global function definition for
     ‘lines’
    rankhazardplot.default: no visible global function definition for
     ‘points’
    rankhazardplot.default: no visible global function definition for
     ‘mtext’
    rankhazardplot.default: no visible global function definition for
     ‘legend’
Flavors: r-devel-linux-x86_64-debian-clang, r-devel-linux-x86_64-debian-gcc, r-devel-linux-x86_64-fedora-clang, r-devel-linux-x86_64-fedora-gcc, r-devel-windows-ix86+x86_64