CRAN Package Check Results for Package rankhazard

Last updated on 2014-04-24 15:50:45.

Flavor Version Tinstall Tcheck Ttotal Status Flags
r-devel-linux-x86_64-debian-clang 1.0 0.64 13.13 13.77 OK
r-devel-linux-x86_64-debian-gcc 1.0 0.66 13.28 13.93 OK
r-devel-linux-x86_64-fedora-clang 1.0 27.40 OK
r-devel-linux-x86_64-fedora-gcc 1.0 26.12 OK
r-devel-osx-x86_64-clang 1.0 28.34 OK
r-devel-osx-x86_64-gcc 1.0 ERROR
r-devel-windows-ix86+x86_64 1.0 2.00 20.00 22.00 OK
r-patched-linux-x86_64 1.0 0.62 13.30 13.92 OK
r-patched-solaris-sparc 1.0 158.20 OK
r-patched-solaris-x86 1.0 38.30 OK
r-release-linux-ix86 1.0 2.00 28.00 30.00 OK
r-release-linux-x86_64 1.0 0.66 13.14 13.80 OK
r-release-osx-x86_64-mavericks 1.0 WARN
r-release-osx-x86_64-snowleopard 1.0 OK
r-release-windows-ix86+x86_64 1.0 2.00 21.00 23.00 OK
r-oldrel-windows-ix86+x86_64 1.0 3.00 22.00 25.00 OK

Check Details

Version: 1.0
Check: package dependencies
Result: NOTE
    Package suggested but not available for checking: ‘rms’
Flavor: r-devel-osx-x86_64-gcc

Version: 1.0
Check: examples
Result: ERROR
    Running examples in ‘rankhazard-Ex.R’ failed
    The error most likely occurred in:
    
    > ### Name: rankhazard-package
    > ### Title: Rank-hazard plots
    > ### Aliases: rankhazard-package rankhazard
    > ### Keywords: package hplot survival
    >
    > ### ** Examples
    >
    > library(survival)
    Loading required package: splines
    > model <- coxph(Surv(time,status) ~ age + sex + ph.karno, data=cancer, x=TRUE)
    > rankhazardplot(model, data=cancer)
    Y-axis range: 0.608 1.49
    
    Relative hazards for each covarite:
     Min. 1st Qu. Median 3rd Qu. Max.
    age 0.743 0.917 1 1.08 1.27
    sex 0.608 0.608 1 1.00 1.00
    ph.karno 0.766 0.875 1 1.07 1.49
    > library(rms)
    Error in library(rms) : there is no package called ‘rms’
    Execution halted
Flavor: r-devel-osx-x86_64-gcc

Version: 1.0
Check: PDF version of manual
Result: WARNING
    LaTeX errors when creating PDF version.
    This typically indicates Rd problems.
    LaTeX errors found:
    ! LaTeX Error: File `upquote.sty' not found.
    
    Type X to quit or <RETURN> to proceed,
    or enter new name. (Default extension: sty)
    
    /private/tmp/RtmpwkrPrg/Rd2pdf8a074a55d78e/Rd2.tex:8: ==> Fatal error occurred
    , no output PDF file produced!
Flavor: r-release-osx-x86_64-mavericks