CRAN Package Check Results for Package rankhazard

Last updated on 2015-04-26 19:47:28.

Flavor Version Tinstall Tcheck Ttotal Status Flags
r-devel-linux-x86_64-debian-clang 1.0 0.55 12.52 13.07 OK
r-devel-linux-x86_64-debian-gcc 1.0 0.70 12.01 12.70 OK
r-devel-linux-x86_64-fedora-clang 1.0 24.89 OK
r-devel-linux-x86_64-fedora-gcc 1.0 22.96 OK
r-devel-osx-x86_64-clang 1.0 26.65 OK
r-devel-windows-ix86+x86_64 1.0 3.00 22.00 25.00 OK
r-patched-linux-x86_64 1.0 0.55 12.12 12.67 OK
r-patched-solaris-sparc 1.0 152.50 OK
r-patched-solaris-x86 1.0 34.40 OK
r-release-linux-x86_64 1.0 0.56 11.89 12.45 OK
r-release-osx-x86_64-mavericks 1.0 OK
r-release-osx-x86_64-snowleopard 1.0 ERROR
r-release-windows-ix86+x86_64 1.0 2.00 20.00 22.00 OK
r-oldrel-windows-ix86+x86_64 1.0 2.00 20.00 22.00 OK

Check Details

Version: 1.0
Check: package dependencies
Result: NOTE
    Package suggested but not available for checking: ‘rms’
Flavor: r-release-osx-x86_64-snowleopard

Version: 1.0
Check: examples
Result: ERROR
    Running examples in ‘rankhazard-Ex.R’ failed
    The error most likely occurred in:
    
    > ### Name: rankhazard-package
    > ### Title: Rank-hazard plots
    > ### Aliases: rankhazard-package rankhazard
    > ### Keywords: package hplot survival
    >
    > ### ** Examples
    >
    > library(survival)
    > model <- coxph(Surv(time,status) ~ age + sex + ph.karno, data=cancer, x=TRUE)
    > rankhazardplot(model, data=cancer)
    Y-axis range: 0.608 1.49
    
    Relative hazards for each covarite:
     Min. 1st Qu. Median 3rd Qu. Max.
    age 0.743 0.917 1 1.08 1.27
    sex 0.608 0.608 1 1.00 1.00
    ph.karno 0.766 0.875 1 1.07 1.49
    > library(rms)
    Error in library(rms) : there is no package called ‘rms’
    Execution halted
Flavor: r-release-osx-x86_64-snowleopard