CRAN Package Check Results for Package rapport

Last updated on 2014-10-23 21:46:45.

Flavor Version Tinstall Tcheck Ttotal Status Flags
r-devel-linux-x86_64-debian-clang 0.51 3.14 25.73 28.87 NOTE
r-devel-linux-x86_64-debian-gcc 0.51 2.11 25.27 27.38 NOTE
r-devel-linux-x86_64-fedora-clang 0.51 56.69 NOTE
r-devel-linux-x86_64-fedora-gcc 0.51 52.73 NOTE
r-devel-osx-x86_64-clang 0.51 50.03 NOTE
r-devel-windows-ix86+x86_64 0.51 8.00 42.00 50.00 NOTE
r-patched-linux-x86_64 0.51 2.22 26.58 28.79 NOTE
r-patched-solaris-sparc 0.51 322.20 NOTE
r-patched-solaris-x86 0.51 74.50 NOTE
r-release-linux-ix86 0.51 2.79 33.30 36.09 NOTE
r-release-linux-x86_64 0.51 2.47 26.18 28.65 NOTE
r-release-osx-x86_64-mavericks 0.51 NOTE
r-release-osx-x86_64-snowleopard 0.51 WARN
r-release-windows-ix86+x86_64 0.51 9.00 42.00 51.00 NOTE
r-oldrel-windows-ix86+x86_64 0.51 8.00 43.00 51.00 NOTE

Check Details

Version: 0.51
Check: dependencies in R code
Result: NOTE
    Namespace in Imports field not imported from: ‘grDevices’
     All declared Imports should be used.
    Packages in Depends field not imported from:
     ‘lattice’ ‘pander’ ‘plyr’ ‘yaml’
     These packages need to be imported from (in the NAMESPACE file)
     for when this namespace is loaded but not attached.
    Unexported objects imported by ':::' calls:
     ‘tools:::fetchRdDB’ ‘utils:::index.search’
     See the note in ?`:::` about the use of this operator.
    See the information on DESCRIPTION files in the chapter ‘Creating R
    packages’ of the ‘Writing R Extensions’ manual.
Flavors: r-devel-linux-x86_64-debian-clang, r-devel-linux-x86_64-debian-gcc, r-devel-linux-x86_64-fedora-clang, r-devel-linux-x86_64-fedora-gcc, r-devel-osx-x86_64-clang, r-devel-windows-ix86+x86_64, r-patched-linux-x86_64, r-patched-solaris-sparc, r-patched-solaris-x86, r-release-linux-ix86, r-release-linux-x86_64, r-release-osx-x86_64-mavericks, r-release-windows-ix86+x86_64, r-oldrel-windows-ix86+x86_64

Version: 0.51
Check: R code for possible problems
Result: NOTE
    as.character.rp.inputs: no visible global function definition for
     ‘as.yaml’
    as.character.rp.meta: no visible global function definition for
     ‘as.yaml’
    guess.input: no visible global function definition for ‘p’
    htest: no visible global function definition for ‘is.formula’
    htest: no visible global function definition for ‘each’
    htest : <anonymous>: no visible global function definition for ‘each’
    pct: no visible global function definition for ‘panderOptions’
    print.rapport: no visible global function definition for
     ‘pandoc.header’
    print.rapport: no visible global function definition for
     ‘redraw.recordedplot’
    print.rapport: no visible global function definition for ‘evalsOptions’
    print.rp.inputs : <anonymous>: no visible global function definition
     for ‘p’
    rapport: no visible global function definition for ‘evalsOptions’
    rapport: no visible global function definition for ‘p’
    rapport : <anonymous>: no visible global function definition for ‘p’
    rp.barplot: no visible global function definition for ‘barchart’
    rp.boxplot: no visible global function definition for ‘bwplot’
    rp.densityplot: no visible global function definition for ‘densityplot’
    rp.desc: no visible global function definition for ‘each’
    rp.dotplot: no visible global function definition for ‘dotplot’
    rp.hist : panel: no visible global function definition for
     ‘panel.histogram’
    rp.hist : panel: no visible global function definition for
     ‘panel.densityplot’
    rp.hist: no visible global function definition for ‘histogram’
    rp.lineplot: no visible global function definition for ‘xyplot’
    rp.qqplot: no visible global function definition for ‘qqmath’
    rp.scatterplot: no visible global function definition for ‘xyplot’
    tpl.check: no visible global function definition for ‘p’
    tpl.export: no visible global function definition for ‘pander.return’
    tpl.export: no visible global function definition for ‘evalsOptions’
    tpl.export: no visible binding for global variable ‘Pandoc’
    tpl.export: no visible global function definition for
     ‘pandoc.header.return’
    tpl.export : <anonymous>: no visible global function definition for
     ‘pandoc.header.return’
    tpl.export : <anonymous>: no visible global function definition for
     ‘pander.return’
    tpl.export: no visible global function definition for
     ‘pandoc.image.return’
    tpl.inputs: no visible global function definition for ‘yaml.load’
    tpl.inputs: no visible global function definition for ‘p’
    tpl.meta: no visible global function definition for ‘yaml.load’
    tpl.meta : <anonymous>: no visible global function definition for ‘p’
    tpl.meta: no visible global function definition for ‘p’
    tpl.renew: no visible global function definition for ‘as.yaml’
Flavors: r-devel-linux-x86_64-debian-clang, r-devel-linux-x86_64-debian-gcc, r-devel-linux-x86_64-fedora-clang, r-devel-linux-x86_64-fedora-gcc, r-devel-osx-x86_64-clang, r-devel-windows-ix86+x86_64, r-patched-linux-x86_64, r-patched-solaris-sparc, r-patched-solaris-x86

Version: 0.51
Check: Rd line widths
Result: NOTE
    Rd file 'get.tags.Rd':
     \usage lines wider than 90 characters:
     get.tags(tag.type = c("all", "header.open", "header.close", "comment.open", "comment.close"),
    
    Rd file 'rp.desc.Rd':
     \examples lines wider than 100 characters:
     rp.desc("age", c("gender", "student"), c("Average" = mean, "Deviation" = sd), ius2008, remove.duplicate = FALSE)
    
    Rd file 'rp.lineplot.Rd':
     \examples lines wider than 100 characters:
     rp.lineplot(partner, age, data = rp.desc('age', 'partner', fn = 'mean', data=ius2008)) ## TODO: fix....
     rp.lineplot(partner, age, gender, data = rp.desc('age', c('gender', 'partner'), fn = 'mean', data=ius2008))
     rp.lineplot(partner, age, groups = gender, data=rp.desc('age', c('gender', 'partner'), fn = 'mean', data = ius2008))
    
    Rd file 'rp.qqplot.Rd':
     \examples lines wider than 100 characters:
     rp.qqplot(ius2008$age, panel = function(x) {panel.qqmath(x); panel.qqmathline(x, distribution = qnorm)} )
    
    These lines will be truncated in the PDF manual.
Flavors: r-devel-linux-x86_64-debian-clang, r-devel-linux-x86_64-debian-gcc, r-devel-linux-x86_64-fedora-clang, r-devel-linux-x86_64-fedora-gcc, r-patched-linux-x86_64, r-release-linux-x86_64

Version: 0.51
Check: dependencies in R code
Result: NOTE
    Namespace in Imports field not imported from: 'grDevices'
     All declared Imports should be used.
    Packages in Depends field not imported from:
     'lattice' 'pander' 'plyr' 'yaml'
     These packages need to be imported from for the case when
     this namespace is loaded but not attached.
    Unexported objects imported by ':::' calls:
     'tools:::fetchRdDB' 'utils:::index.search'
     See the note in ?`:::` about the use of this operator.
    See the information on DESCRIPTION files in the chapter 'Creating R
    packages' of the 'Writing R Extensions' manual.
Flavor: r-release-osx-x86_64-snowleopard

Version: 0.51
Check: examples
Result: WARN
    checking a package with encoding 'UTF-8' in an ASCII locale
    
     OK
Flavor: r-release-osx-x86_64-snowleopard