CRAN Package Check Results for Package rapport

Last updated on 2014-04-25 09:52:21.

Flavor Version Tinstall Tcheck Ttotal Status Flags
r-devel-linux-x86_64-debian-clang 0.51 2.40 28.78 31.18 NOTE
r-devel-linux-x86_64-debian-gcc 0.51 2.32 28.16 30.48 NOTE
r-devel-linux-x86_64-fedora-clang 0.51 58.12 NOTE
r-devel-linux-x86_64-fedora-gcc 0.51 56.48 NOTE
r-devel-osx-x86_64-clang 0.51 53.43 NOTE
r-devel-osx-x86_64-gcc 0.51 NOTE
r-devel-windows-ix86+x86_64 0.51 7.00 38.00 45.00 NOTE
r-patched-linux-x86_64 0.51 2.32 28.04 30.35 NOTE
r-patched-solaris-sparc 0.51 316.70 NOTE
r-patched-solaris-x86 0.51 73.30 NOTE
r-release-linux-ix86 0.51 4.00 48.00 52.00 NOTE
r-release-linux-x86_64 0.51 2.29 27.87 30.16 NOTE
r-release-osx-x86_64-mavericks 0.51 WARN
r-release-osx-x86_64-snowleopard 0.51 WARN
r-release-windows-ix86+x86_64 0.51 8.00 40.00 48.00 NOTE
r-oldrel-windows-ix86+x86_64 0.51 9.00 44.00 53.00 NOTE

Check Details

Version: 0.51
Check: dependencies in R code
Result: NOTE
    Namespace in Imports field not imported from: ‘grDevices’
     All declared Imports should be used.
    Packages in Depends field not imported from:
     ‘lattice’ ‘pander’ ‘plyr’ ‘yaml’
     These packages need to be imported from (in the NAMESPACE file)
     for when this namespace is loaded but not attached.
    Unexported objects imported by ':::' calls:
     ‘tools:::fetchRdDB’ ‘utils:::index.search’
     See the note in ?`:::` about the use of this operator.
    See the information on DESCRIPTION files in the chapter ‘Creating R
    packages’ of the ‘Writing R Extensions’ manual.
Flavors: r-devel-linux-x86_64-debian-clang, r-devel-linux-x86_64-debian-gcc, r-devel-linux-x86_64-fedora-clang, r-devel-linux-x86_64-fedora-gcc, r-devel-osx-x86_64-clang, r-devel-osx-x86_64-gcc, r-devel-windows-ix86+x86_64, r-patched-linux-x86_64, r-patched-solaris-sparc, r-patched-solaris-x86, r-release-linux-ix86, r-release-linux-x86_64, r-release-osx-x86_64-mavericks, r-release-windows-ix86+x86_64, r-oldrel-windows-ix86+x86_64

Version: 0.51
Check: Rd line widths
Result: NOTE
    Rd file 'get.tags.Rd':
     \usage lines wider than 90 characters:
     get.tags(tag.type = c("all", "header.open", "header.close", "comment.open", "comment.close"),
    
    Rd file 'rp.desc.Rd':
     \examples lines wider than 100 characters:
     rp.desc("age", c("gender", "student"), c("Average" = mean, "Deviation" = sd), ius2008, remove.duplicate = FALSE)
    
    Rd file 'rp.lineplot.Rd':
     \examples lines wider than 100 characters:
     rp.lineplot(partner, age, data = rp.desc('age', 'partner', fn = 'mean', data=ius2008)) ## TODO: fix....
     rp.lineplot(partner, age, gender, data = rp.desc('age', c('gender', 'partner'), fn = 'mean', data=ius2008))
     rp.lineplot(partner, age, groups = gender, data=rp.desc('age', c('gender', 'partner'), fn = 'mean', data = ius2008))
    
    Rd file 'rp.qqplot.Rd':
     \examples lines wider than 100 characters:
     rp.qqplot(ius2008$age, panel = function(x) {panel.qqmath(x); panel.qqmathline(x, distribution = qnorm)} )
    
    These lines will be truncated in the PDF manual.
Flavors: r-devel-linux-x86_64-fedora-clang, r-devel-linux-x86_64-fedora-gcc

Version: 0.51
Check: PDF version of manual
Result: WARNING
    LaTeX errors when creating PDF version.
    This typically indicates Rd problems.
    LaTeX errors found:
    ! LaTeX Error: File `upquote.sty' not found.
    
    Type X to quit or <RETURN> to proceed,
    or enter new name. (Default extension: sty)
    
    16bd0e03/Rd2.tex:8: ==> Fatal error occurred, no output PDF file produced!
Flavor: r-release-osx-x86_64-mavericks

Version: 0.51
Check: dependencies in R code
Result: NOTE
    Namespace in Imports field not imported from: 'grDevices'
     All declared Imports should be used.
    Packages in Depends field not imported from:
     'lattice' 'pander' 'plyr' 'yaml'
     These packages need to be imported from for the case when
     this namespace is loaded but not attached.
    Unexported objects imported by ':::' calls:
     'tools:::fetchRdDB' 'utils:::index.search'
     See the note in ?`:::` about the use of this operator.
    See the information on DESCRIPTION files in the chapter 'Creating R
    packages' of the 'Writing R Extensions' manual.
Flavor: r-release-osx-x86_64-snowleopard

Version: 0.51
Check: examples
Result: WARNING
    checking a package with encoding 'UTF-8' in an ASCII locale
    
     OK
Flavor: r-release-osx-x86_64-snowleopard