CRAN Package Check Results for Package rapport

Last updated on 2015-09-01 12:48:26.

Flavor Version Tinstall Tcheck Ttotal Status Flags
r-devel-linux-x86_64-debian-clang 0.51 1.88 21.57 23.46 NOTE
r-devel-linux-x86_64-debian-gcc 0.51 1.77 21.58 23.36 NOTE
r-devel-linux-x86_64-fedora-clang 0.51 44.80 NOTE
r-devel-linux-x86_64-fedora-gcc 0.51 42.61 NOTE
r-devel-osx-x86_64-clang 0.51 43.56 NOTE
r-devel-windows-ix86+x86_64 0.51 16.00 45.00 61.00 NOTE
r-patched-linux-x86_64 0.51 1.86 22.14 24.00 NOTE
r-patched-solaris-sparc 0.51 296.10 NOTE
r-patched-solaris-x86 0.51 65.60 NOTE
r-release-linux-x86_64 0.51 1.83 23.50 25.34 NOTE
r-release-osx-x86_64-mavericks 0.51 NOTE
r-release-windows-ix86+x86_64 0.51 10.00 68.00 78.00 NOTE
r-oldrel-windows-ix86+x86_64 0.51 12.00 73.00 85.00 NOTE

Check Details

Version: 0.51
Check: dependencies in R code
Result: NOTE
    Packages in Depends field not imported from:
     ‘lattice’ ‘pander’ ‘plyr’ ‘yaml’
     These packages need to be imported from (in the NAMESPACE file)
     for when this namespace is loaded but not attached.
    Unexported objects imported by ':::' calls:
     ‘tools:::fetchRdDB’ ‘utils:::index.search’
     See the note in ?`:::` about the use of this operator.
Flavors: r-devel-linux-x86_64-debian-clang, r-devel-linux-x86_64-debian-gcc, r-devel-windows-ix86+x86_64

Version: 0.51
Check: R code for possible problems
Result: NOTE
    as.character.rp.inputs: no visible global function definition for
     ‘as.yaml’
    as.character.rp.meta: no visible global function definition for
     ‘as.yaml’
    freq: no visible global function definition for ‘xtabs’
    freq: no visible binding for global variable ‘na.pass’
    freq: no visible global function definition for ‘complete.cases’
    freq: no visible global function definition for ‘tail’
    guess.input: no visible global function definition for ‘p’
    htest: no visible global function definition for ‘is.formula’
    htest: no visible global function definition for ‘each’
    htest : <anonymous>: no visible global function definition for ‘each’
    kurtosis: no visible global function definition for ‘na.omit’
    kurtosis: no visible global function definition for ‘sd’
    pct: no visible global function definition for ‘panderOptions’
    pkg_topic: no visible binding for global variable ‘alias’
    pkg_topics_index: no visible global function definition for
     ‘read.table’
    pkg_topics_index: no visible global function definition for
     ‘complete.cases’
    print.rapport: no visible global function definition for
     ‘pandoc.header’
    print.rapport: no visible global function definition for ‘tail’
    print.rapport: no visible global function definition for
     ‘redraw.recordedplot’
    print.rapport: no visible global function definition for ‘dev.list’
    print.rapport: no visible global function definition for ‘evalsOptions’
    print.rapport: no visible global function definition for ‘dev.size’
    print.rapport: no visible global function definition for ‘dev.copy’
    print.rapport: no visible global function definition for ‘dev.off’
    print.rp.inputs : <anonymous>: no visible global function definition
     for ‘p’
    rapport: no visible global function definition for ‘evalsOptions’
    rapport: no visible global function definition for ‘p’
    rapport : <anonymous>: no visible global function definition for ‘p’
    rp.barplot: no visible global function definition for ‘tail’
    rp.barplot: no visible global function definition for ‘barchart’
    rp.boxplot: no visible global function definition for ‘tail’
    rp.boxplot: no visible global function definition for ‘bwplot’
    rp.densityplot: no visible global function definition for ‘tail’
    rp.densityplot: no visible global function definition for ‘densityplot’
    rp.desc: no visible global function definition for ‘each’
    rp.desc: no visible global function definition for ‘na.omit’
    rp.desc : <anonymous>: no visible global function definition for ‘tail’
    rp.desc : <anonymous>: no visible global function definition for ‘head’
    rp.dotplot: no visible global function definition for ‘tail’
    rp.dotplot: no visible global function definition for ‘dotplot’
    rp.freq: no visible global function definition for ‘xtabs’
    rp.freq: no visible binding for global variable ‘na.pass’
    rp.freq: no visible global function definition for ‘complete.cases’
    rp.freq: no visible global function definition for ‘tail’
    rp.hist: no visible global function definition for ‘tail’
    rp.hist : panel: no visible global function definition for
     ‘panel.histogram’
    rp.hist : panel: no visible global function definition for
     ‘panel.densityplot’
    rp.hist: no visible global function definition for ‘histogram’
    rp.label: no visible global function definition for ‘tail’
    rp.lineplot: no visible global function definition for ‘tail’
    rp.lineplot: no visible global function definition for ‘xyplot’
    rp.name: no visible global function definition for ‘tail’
    rp.outlier : lundcrit: no visible global function definition for ‘qf’
    rp.outlier: no visible global function definition for ‘lm’
    rp.outlier: no visible global function definition for ‘rstandard’
    rp.qqplot: no visible binding for global variable ‘qnorm’
    rp.qqplot: no visible global function definition for ‘existsFunction’
    rp.qqplot: no visible global function definition for ‘tail’
    rp.qqplot: no visible global function definition for ‘qqmath’
    rp.scatterplot: no visible global function definition for ‘tail’
    rp.scatterplot: no visible global function definition for ‘xyplot’
    rp.valid : <anonymous>: no visible global function definition for
     ‘na.omit’
    skewness: no visible global function definition for ‘na.omit’
    skewness: no visible global function definition for ‘sd’
    tpl.check: no visible global function definition for ‘p’
    tpl.export: no visible global function definition for ‘pander.return’
    tpl.export: no visible global function definition for ‘evalsOptions’
    tpl.export: no visible binding for global variable ‘Pandoc’
    tpl.export: no visible global function definition for
     ‘pandoc.header.return’
    tpl.export : <anonymous>: no visible global function definition for
     ‘pandoc.header.return’
    tpl.export : <anonymous>: no visible global function definition for
     ‘pander.return’
    tpl.export: no visible global function definition for
     ‘packageDescription’
    tpl.export: no visible global function definition for
     ‘pandoc.image.return’
    tpl.find: no visible global function definition for ‘download.file’
    tpl.inputs: no visible global function definition for ‘yaml.load’
    tpl.inputs: no visible global function definition for ‘p’
    tpl.meta: no visible global function definition for ‘yaml.load’
    tpl.meta : <anonymous>: no visible global function definition for ‘p’
    tpl.meta: no visible global function definition for ‘p’
    tpl.renew: no visible global function definition for ‘as.yaml’
    Undefined global functions or variables:
     Pandoc alias as.yaml barchart bwplot complete.cases densityplot
     dev.copy dev.list dev.off dev.size dotplot download.file each
     evalsOptions existsFunction head histogram is.formula lm na.omit
     na.pass p packageDescription pander.return panderOptions
     pandoc.header pandoc.header.return pandoc.image.return
     panel.densityplot panel.histogram qf qnorm qqmath read.table
     redraw.recordedplot rstandard sd tail xtabs xyplot yaml.load
    Consider adding
     importFrom("grDevices", "dev.copy", "dev.list", "dev.off", "dev.size")
     importFrom("methods", "existsFunction")
     importFrom("stats", "alias", "complete.cases", "lm", "na.omit",
     "na.pass", "qf", "qnorm", "rstandard", "sd", "xtabs")
     importFrom("utils", "download.file", "head", "packageDescription",
     "read.table", "tail")
    to your NAMESPACE (and ensure that your DESCRIPTION Imports field
    contains 'methods').
Flavors: r-devel-linux-x86_64-debian-clang, r-devel-linux-x86_64-debian-gcc, r-devel-linux-x86_64-fedora-clang, r-devel-linux-x86_64-fedora-gcc

Version: 0.51
Check: Rd line widths
Result: NOTE
    Rd file 'get.tags.Rd':
     \usage lines wider than 90 characters:
     get.tags(tag.type = c("all", "header.open", "header.close", "comment.open", "comment.close"),
    
    Rd file 'rp.desc.Rd':
     \examples lines wider than 100 characters:
     rp.desc("age", c("gender", "student"), c("Average" = mean, "Deviation" = sd), ius2008, remove.duplicate = FALSE)
    
    Rd file 'rp.lineplot.Rd':
     \examples lines wider than 100 characters:
     rp.lineplot(partner, age, data = rp.desc('age', 'partner', fn = 'mean', data=ius2008)) ## TODO: fix....
     rp.lineplot(partner, age, gender, data = rp.desc('age', c('gender', 'partner'), fn = 'mean', data=ius2008))
     rp.lineplot(partner, age, groups = gender, data=rp.desc('age', c('gender', 'partner'), fn = 'mean', data = ius2008))
    
    Rd file 'rp.qqplot.Rd':
     \examples lines wider than 100 characters:
     rp.qqplot(ius2008$age, panel = function(x) {panel.qqmath(x); panel.qqmathline(x, distribution = qnorm)} )
    
    These lines will be truncated in the PDF manual.
Flavors: r-devel-linux-x86_64-debian-clang, r-devel-linux-x86_64-debian-gcc, r-devel-linux-x86_64-fedora-clang, r-devel-linux-x86_64-fedora-gcc, r-patched-linux-x86_64, r-release-linux-x86_64

Version: 0.51
Check: dependencies in R code
Result: NOTE
    Namespace in Imports field not imported from: ‘grDevices’
     All declared Imports should be used.
    Packages in Depends field not imported from:
     ‘lattice’ ‘pander’ ‘plyr’ ‘yaml’
     These packages need to be imported from (in the NAMESPACE file)
     for when this namespace is loaded but not attached.
    Unexported objects imported by ':::' calls:
     ‘tools:::fetchRdDB’ ‘utils:::index.search’
     See the note in ?`:::` about the use of this operator.
Flavors: r-devel-linux-x86_64-fedora-clang, r-devel-linux-x86_64-fedora-gcc, r-devel-osx-x86_64-clang, r-patched-linux-x86_64, r-patched-solaris-sparc, r-patched-solaris-x86, r-release-linux-x86_64, r-release-osx-x86_64-mavericks, r-release-windows-ix86+x86_64, r-oldrel-windows-ix86+x86_64

Version: 0.51
Check: R code for possible problems
Result: NOTE
    as.character.rp.inputs: no visible global function definition for
     ‘as.yaml’
    as.character.rp.meta: no visible global function definition for
     ‘as.yaml’
    guess.input: no visible global function definition for ‘p’
    htest: no visible global function definition for ‘is.formula’
    htest: no visible global function definition for ‘each’
    htest : <anonymous>: no visible global function definition for ‘each’
    pct: no visible global function definition for ‘panderOptions’
    print.rapport: no visible global function definition for
     ‘pandoc.header’
    print.rapport: no visible global function definition for
     ‘redraw.recordedplot’
    print.rapport: no visible global function definition for ‘evalsOptions’
    print.rp.inputs : <anonymous>: no visible global function definition
     for ‘p’
    rapport: no visible global function definition for ‘evalsOptions’
    rapport: no visible global function definition for ‘p’
    rapport : <anonymous>: no visible global function definition for ‘p’
    rp.barplot: no visible global function definition for ‘barchart’
    rp.boxplot: no visible global function definition for ‘bwplot’
    rp.densityplot: no visible global function definition for ‘densityplot’
    rp.desc: no visible global function definition for ‘each’
    rp.dotplot: no visible global function definition for ‘dotplot’
    rp.hist : panel: no visible global function definition for
     ‘panel.histogram’
    rp.hist : panel: no visible global function definition for
     ‘panel.densityplot’
    rp.hist: no visible global function definition for ‘histogram’
    rp.lineplot: no visible global function definition for ‘xyplot’
    rp.qqplot: no visible global function definition for ‘qqmath’
    rp.scatterplot: no visible global function definition for ‘xyplot’
    tpl.check: no visible global function definition for ‘p’
    tpl.export: no visible global function definition for ‘pander.return’
    tpl.export: no visible global function definition for ‘evalsOptions’
    tpl.export: no visible binding for global variable ‘Pandoc’
    tpl.export: no visible global function definition for
     ‘pandoc.header.return’
    tpl.export : <anonymous>: no visible global function definition for
     ‘pandoc.header.return’
    tpl.export : <anonymous>: no visible global function definition for
     ‘pander.return’
    tpl.export: no visible global function definition for
     ‘pandoc.image.return’
    tpl.inputs: no visible global function definition for ‘yaml.load’
    tpl.inputs: no visible global function definition for ‘p’
    tpl.meta: no visible global function definition for ‘yaml.load’
    tpl.meta : <anonymous>: no visible global function definition for ‘p’
    tpl.meta: no visible global function definition for ‘p’
    tpl.renew: no visible global function definition for ‘as.yaml’
    Undefined global functions or variables:
     Pandoc as.yaml barchart bwplot densityplot dotplot each evalsOptions
     histogram is.formula p pander.return panderOptions pandoc.header
     pandoc.header.return pandoc.image.return panel.densityplot
     panel.histogram qqmath redraw.recordedplot xyplot yaml.load
Flavor: r-devel-osx-x86_64-clang

Version: 0.51
Check: R code for possible problems
Result: NOTE
    as.character.rp.inputs: no visible global function definition for
     'as.yaml'
    as.character.rp.meta: no visible global function definition for
     'as.yaml'
    freq: no visible global function definition for 'xtabs'
    freq: no visible binding for global variable 'na.pass'
    freq: no visible global function definition for 'complete.cases'
    freq: no visible global function definition for 'tail'
    guess.input: no visible global function definition for 'p'
    htest: no visible global function definition for 'is.formula'
    htest: no visible global function definition for 'each'
    htest : <anonymous>: no visible global function definition for 'each'
    kurtosis: no visible global function definition for 'na.omit'
    kurtosis: no visible global function definition for 'sd'
    pct: no visible global function definition for 'panderOptions'
    pkg_topic: no visible binding for global variable 'alias'
    pkg_topics_index: no visible global function definition for
     'read.table'
    pkg_topics_index: no visible global function definition for
     'complete.cases'
    print.rapport: no visible global function definition for
     'pandoc.header'
    print.rapport: no visible global function definition for 'tail'
    print.rapport: no visible global function definition for
     'redraw.recordedplot'
    print.rapport: no visible global function definition for 'dev.list'
    print.rapport: no visible global function definition for 'evalsOptions'
    print.rapport: no visible global function definition for 'dev.size'
    print.rapport: no visible global function definition for 'dev.copy'
    print.rapport: no visible global function definition for 'dev.off'
    print.rp.inputs : <anonymous>: no visible global function definition
     for 'p'
    rapport: no visible global function definition for 'evalsOptions'
    rapport: no visible global function definition for 'p'
    rapport : <anonymous>: no visible global function definition for 'p'
    rp.barplot: no visible global function definition for 'tail'
    rp.barplot: no visible global function definition for 'barchart'
    rp.boxplot: no visible global function definition for 'tail'
    rp.boxplot: no visible global function definition for 'bwplot'
    rp.densityplot: no visible global function definition for 'tail'
    rp.densityplot: no visible global function definition for 'densityplot'
    rp.desc: no visible global function definition for 'each'
    rp.desc: no visible global function definition for 'na.omit'
    rp.desc : <anonymous>: no visible global function definition for 'tail'
    rp.desc : <anonymous>: no visible global function definition for 'head'
    rp.dotplot: no visible global function definition for 'tail'
    rp.dotplot: no visible global function definition for 'dotplot'
    rp.freq: no visible global function definition for 'xtabs'
    rp.freq: no visible binding for global variable 'na.pass'
    rp.freq: no visible global function definition for 'complete.cases'
    rp.freq: no visible global function definition for 'tail'
    rp.hist: no visible global function definition for 'tail'
    rp.hist : panel: no visible global function definition for
     'panel.histogram'
    rp.hist : panel: no visible global function definition for
     'panel.densityplot'
    rp.hist: no visible global function definition for 'histogram'
    rp.label: no visible global function definition for 'tail'
    rp.lineplot: no visible global function definition for 'tail'
    rp.lineplot: no visible global function definition for 'xyplot'
    rp.name: no visible global function definition for 'tail'
    rp.outlier : lundcrit: no visible global function definition for 'qf'
    rp.outlier: no visible global function definition for 'lm'
    rp.outlier: no visible global function definition for 'rstandard'
    rp.qqplot: no visible binding for global variable 'qnorm'
    rp.qqplot: no visible global function definition for 'existsFunction'
    rp.qqplot: no visible global function definition for 'tail'
    rp.qqplot: no visible global function definition for 'qqmath'
    rp.scatterplot: no visible global function definition for 'tail'
    rp.scatterplot: no visible global function definition for 'xyplot'
    rp.valid : <anonymous>: no visible global function definition for
     'na.omit'
    skewness: no visible global function definition for 'na.omit'
    skewness: no visible global function definition for 'sd'
    tpl.check: no visible global function definition for 'p'
    tpl.export: no visible global function definition for 'pander.return'
    tpl.export: no visible global function definition for 'evalsOptions'
    tpl.export: no visible binding for global variable 'Pandoc'
    tpl.export: no visible global function definition for
     'pandoc.header.return'
    tpl.export : <anonymous>: no visible global function definition for
     'pandoc.header.return'
    tpl.export : <anonymous>: no visible global function definition for
     'pander.return'
    tpl.export: no visible global function definition for
     'packageDescription'
    tpl.export: no visible global function definition for
     'pandoc.image.return'
    tpl.export: no visible global function definition for 'shortPathName'
    tpl.find: no visible global function definition for 'download.file'
    tpl.inputs: no visible global function definition for 'yaml.load'
    tpl.inputs: no visible global function definition for 'p'
    tpl.meta: no visible global function definition for 'yaml.load'
    tpl.meta : <anonymous>: no visible global function definition for 'p'
    tpl.meta: no visible global function definition for 'p'
    tpl.renew: no visible global function definition for 'as.yaml'
    Undefined global functions or variables:
     Pandoc alias as.yaml barchart bwplot complete.cases densityplot
     dev.copy dev.list dev.off dev.size dotplot download.file each
     evalsOptions existsFunction head histogram is.formula lm na.omit
     na.pass p packageDescription pander.return panderOptions
     pandoc.header pandoc.header.return pandoc.image.return
     panel.densityplot panel.histogram qf qnorm qqmath read.table
     redraw.recordedplot rstandard sd shortPathName tail xtabs xyplot
     yaml.load
    Consider adding
     importFrom("grDevices", "dev.copy", "dev.list", "dev.off", "dev.size")
     importFrom("methods", "existsFunction")
     importFrom("stats", "alias", "complete.cases", "lm", "na.omit",
     "na.pass", "qf", "qnorm", "rstandard", "sd", "xtabs")
     importFrom("utils", "download.file", "head", "packageDescription",
     "read.table", "shortPathName", "tail")
    to your NAMESPACE (and ensure that your DESCRIPTION Imports field
    contains 'methods').
Flavor: r-devel-windows-ix86+x86_64

Version: 0.51
Check: R code for possible problems
Result: NOTE
    as.character.rp.inputs: no visible global function definition for
     ‘as.yaml’
    as.character.rp.meta: no visible global function definition for
     ‘as.yaml’
    guess.input: no visible global function definition for ‘p’
    htest: no visible global function definition for ‘is.formula’
    htest: no visible global function definition for ‘each’
    htest : <anonymous>: no visible global function definition for ‘each’
    pct: no visible global function definition for ‘panderOptions’
    print.rapport: no visible global function definition for
     ‘pandoc.header’
    print.rapport: no visible global function definition for
     ‘redraw.recordedplot’
    print.rapport: no visible global function definition for ‘evalsOptions’
    print.rp.inputs : <anonymous>: no visible global function definition
     for ‘p’
    rapport: no visible global function definition for ‘evalsOptions’
    rapport: no visible global function definition for ‘p’
    rapport : <anonymous>: no visible global function definition for ‘p’
    rp.barplot: no visible global function definition for ‘barchart’
    rp.boxplot: no visible global function definition for ‘bwplot’
    rp.densityplot: no visible global function definition for ‘densityplot’
    rp.desc: no visible global function definition for ‘each’
    rp.dotplot: no visible global function definition for ‘dotplot’
    rp.hist : panel: no visible global function definition for
     ‘panel.histogram’
    rp.hist : panel: no visible global function definition for
     ‘panel.densityplot’
    rp.hist: no visible global function definition for ‘histogram’
    rp.lineplot: no visible global function definition for ‘xyplot’
    rp.qqplot: no visible global function definition for ‘qqmath’
    rp.scatterplot: no visible global function definition for ‘xyplot’
    tpl.check: no visible global function definition for ‘p’
    tpl.export: no visible global function definition for ‘pander.return’
    tpl.export: no visible global function definition for ‘evalsOptions’
    tpl.export: no visible binding for global variable ‘Pandoc’
    tpl.export: no visible global function definition for
     ‘pandoc.header.return’
    tpl.export : <anonymous>: no visible global function definition for
     ‘pandoc.header.return’
    tpl.export : <anonymous>: no visible global function definition for
     ‘pander.return’
    tpl.export: no visible global function definition for
     ‘pandoc.image.return’
    tpl.inputs: no visible global function definition for ‘yaml.load’
    tpl.inputs: no visible global function definition for ‘p’
    tpl.meta: no visible global function definition for ‘yaml.load’
    tpl.meta : <anonymous>: no visible global function definition for ‘p’
    tpl.meta: no visible global function definition for ‘p’
    tpl.renew: no visible global function definition for ‘as.yaml’
Flavors: r-patched-linux-x86_64, r-patched-solaris-sparc, r-patched-solaris-x86, r-release-linux-x86_64, r-release-osx-x86_64-mavericks, r-release-windows-ix86+x86_64, r-oldrel-windows-ix86+x86_64