CRAN Package Check Results for Package rapportools

Last updated on 2015-08-31 16:51:59.

Flavor Version Tinstall Tcheck Ttotal Status Flags
r-devel-linux-x86_64-debian-clang 1.0 1.15 15.05 16.20 NOTE
r-devel-linux-x86_64-debian-gcc 1.0 1.04 14.46 15.50 NOTE
r-devel-linux-x86_64-fedora-clang 1.0 30.82 NOTE
r-devel-linux-x86_64-fedora-gcc 1.0 28.14 NOTE
r-devel-osx-x86_64-clang 1.0 29.62 NOTE
r-devel-windows-ix86+x86_64 1.0 7.00 32.00 39.00 NOTE
r-patched-linux-x86_64 1.0 1.11 15.11 16.22 NOTE
r-patched-solaris-sparc 1.0 202.60 NOTE
r-patched-solaris-x86 1.0 46.10 NOTE
r-release-linux-x86_64 1.0 1.11 15.60 16.71 NOTE
r-release-osx-x86_64-mavericks 1.0 NOTE
r-release-windows-ix86+x86_64 1.0 6.00 46.00 52.00 NOTE
r-oldrel-windows-ix86+x86_64 1.0 8.00 51.00 59.00 NOTE

Check Details

Version: 1.0
Check: dependencies in R code
Result: NOTE
    Package in Depends field not imported from: ‘reshape’
     These packages need to be imported from (in the NAMESPACE file)
     for when this namespace is loaded but not attached.
Flavors: r-devel-linux-x86_64-debian-clang, r-devel-linux-x86_64-debian-gcc, r-devel-linux-x86_64-fedora-clang, r-devel-linux-x86_64-fedora-gcc, r-devel-osx-x86_64-clang, r-devel-windows-ix86+x86_64, r-patched-linux-x86_64, r-patched-solaris-sparc, r-patched-solaris-x86, r-release-linux-x86_64, r-release-osx-x86_64-mavericks, r-release-windows-ix86+x86_64, r-oldrel-windows-ix86+x86_64

Version: 1.0
Check: R code for possible problems
Result: NOTE
    freq: no visible global function definition for ‘xtabs’
    freq: no visible binding for global variable ‘na.pass’
    freq: no visible global function definition for ‘melt’
    freq: no visible global function definition for ‘complete.cases’
    freq: no visible global function definition for ‘tail’
    kurtosis: no visible global function definition for ‘na.omit’
    label: no visible global function definition for ‘tail’
    name: no visible global function definition for ‘tail’
    nvalid : <anonymous>: no visible global function definition for
     ‘na.omit’
    rp.desc: no visible global function definition for ‘melt.data.frame’
    rp.desc: no visible global function definition for ‘cast’
    rp.desc: no visible global function definition for ‘na.omit’
    rp.desc : <anonymous>: no visible global function definition for ‘tail’
    rp.desc : <anonymous>: no visible global function definition for ‘head’
    rp.freq: no visible global function definition for ‘xtabs’
    rp.freq: no visible binding for global variable ‘na.pass’
    rp.freq: no visible global function definition for ‘melt’
    rp.freq: no visible global function definition for ‘complete.cases’
    rp.freq: no visible global function definition for ‘tail’
    rp.label: no visible global function definition for ‘tail’
    rp.name: no visible global function definition for ‘tail’
    rp.outlier : lundcrit: no visible global function definition for ‘qf’
    rp.outlier: no visible global function definition for ‘lm’
    rp.outlier: no visible global function definition for ‘rstandard’
    rp.valid : <anonymous>: no visible global function definition for
     ‘na.omit’
    skewness: no visible global function definition for ‘na.omit’
    Undefined global functions or variables:
     cast complete.cases head lm melt melt.data.frame na.omit na.pass qf
     rstandard tail xtabs
    Consider adding
     importFrom("stats", "complete.cases", "lm", "na.omit", "na.pass", "qf",
     "rstandard", "xtabs")
     importFrom("utils", "head", "tail")
    to your NAMESPACE.
Flavors: r-devel-linux-x86_64-debian-clang, r-devel-linux-x86_64-debian-gcc, r-devel-linux-x86_64-fedora-clang, r-devel-linux-x86_64-fedora-gcc, r-devel-windows-ix86+x86_64

Version: 1.0
Check: R code for possible problems
Result: NOTE
    freq: no visible global function definition for ‘melt’
    rp.desc: no visible global function definition for ‘melt.data.frame’
    rp.desc: no visible global function definition for ‘cast’
    rp.freq: no visible global function definition for ‘melt’
    Undefined global functions or variables:
     cast melt melt.data.frame
Flavor: r-devel-osx-x86_64-clang

Version: 1.0
Check: R code for possible problems
Result: NOTE
    freq: no visible global function definition for ‘melt’
    rp.desc: no visible global function definition for ‘melt.data.frame’
    rp.desc: no visible global function definition for ‘cast’
    rp.freq: no visible global function definition for ‘melt’
Flavors: r-patched-linux-x86_64, r-patched-solaris-sparc, r-patched-solaris-x86, r-release-linux-x86_64, r-release-osx-x86_64-mavericks, r-release-windows-ix86+x86_64, r-oldrel-windows-ix86+x86_64