CRAN Package Check Results for Package rapportools

Last updated on 2014-07-22 19:47:56.

Flavor Version Tinstall Tcheck Ttotal Status Flags
r-devel-linux-x86_64-debian-clang 1.0 1.38 17.57 18.96 NOTE
r-devel-linux-x86_64-debian-gcc 1.0 1.36 17.53 18.89 NOTE
r-devel-linux-x86_64-fedora-clang 1.0 39.96 NOTE
r-devel-linux-x86_64-fedora-gcc 1.0 37.80 NOTE
r-devel-osx-x86_64-clang 1.0 38.30 NOTE
r-devel-windows-ix86+x86_64 1.0 5.00 32.00 37.00 NOTE
r-patched-linux-x86_64 1.0 1.35 17.91 19.26 NOTE
r-patched-solaris-sparc 1.0 222.70 NOTE
r-patched-solaris-x86 1.0 52.90 NOTE
r-release-linux-ix86 1.0 1.76 24.76 26.52 NOTE
r-release-linux-x86_64 1.0 1.40 18.30 19.70 NOTE
r-release-osx-x86_64-mavericks 1.0 NOTE
r-release-osx-x86_64-snowleopard 1.0 WARN
r-release-windows-ix86+x86_64 1.0 5.00 31.00 36.00 NOTE
r-oldrel-windows-ix86+x86_64 1.0 5.00 29.00 34.00 NOTE

Check Details

Version: 1.0
Check: dependencies in R code
Result: NOTE
    Package in Depends field not imported from: ‘reshape’
     These packages need to be imported from (in the NAMESPACE file)
     for when this namespace is loaded but not attached.
    See the information on DESCRIPTION files in the chapter ‘Creating R
    packages’ of the ‘Writing R Extensions’ manual.
Flavors: r-devel-linux-x86_64-debian-clang, r-devel-linux-x86_64-debian-gcc, r-devel-linux-x86_64-fedora-clang, r-devel-linux-x86_64-fedora-gcc, r-devel-osx-x86_64-clang, r-devel-windows-ix86+x86_64, r-patched-linux-x86_64, r-patched-solaris-sparc, r-patched-solaris-x86, r-release-linux-ix86, r-release-linux-x86_64, r-release-osx-x86_64-mavericks, r-release-windows-ix86+x86_64, r-oldrel-windows-ix86+x86_64

Version: 1.0
Check: dependencies in R code
Result: NOTE
    Package in Depends field not imported from: 'reshape'
     These packages need to be imported from for the case when
     this namespace is loaded but not attached.
    See the information on DESCRIPTION files in the chapter 'Creating R
    packages' of the 'Writing R Extensions' manual.
Flavor: r-release-osx-x86_64-snowleopard

Version: 1.0
Check: examples
Result: WARNING
    checking a package with encoding 'UTF-8' in an ASCII locale
    
     OK
Flavor: r-release-osx-x86_64-snowleopard