CRAN Package Check Results for Package rapportools

Last updated on 2015-07-01 03:47:43.

Flavor Version Tinstall Tcheck Ttotal Status Flags
r-devel-linux-x86_64-debian-clang 1.0 1.09 15.13 16.22 NOTE
r-devel-linux-x86_64-debian-gcc 1.0 1.06 14.74 15.80 NOTE
r-devel-linux-x86_64-fedora-clang 1.0 31.16 NOTE
r-devel-linux-x86_64-fedora-gcc 1.0 29.65 NOTE
r-devel-osx-x86_64-clang 1.0 31.37 NOTE
r-devel-windows-ix86+x86_64 1.0 6.00 27.00 33.00 NOTE
r-patched-linux-x86_64 1.0 1.13 15.45 16.58 NOTE
r-patched-solaris-sparc 1.0 207.00 NOTE
r-patched-solaris-x86 1.0 45.00 NOTE
r-release-linux-x86_64 1.0 1.48 15.75 17.23 NOTE
r-release-osx-x86_64-mavericks 1.0 NOTE
r-release-windows-ix86+x86_64 1.0 7.00 25.00 32.00 NOTE
r-oldrel-windows-ix86+x86_64 1.0 6.00 31.00 37.00 NOTE

Check Details

Version: 1.0
Check: dependencies in R code
Result: NOTE
    Package in Depends field not imported from: ‘reshape’
     These packages need to be imported from (in the NAMESPACE file)
     for when this namespace is loaded but not attached.
Flavors: r-devel-linux-x86_64-debian-clang, r-devel-linux-x86_64-debian-gcc, r-devel-linux-x86_64-fedora-clang, r-devel-linux-x86_64-fedora-gcc, r-devel-osx-x86_64-clang, r-devel-windows-ix86+x86_64, r-patched-linux-x86_64, r-patched-solaris-sparc, r-patched-solaris-x86, r-release-linux-x86_64, r-release-osx-x86_64-mavericks, r-release-windows-ix86+x86_64, r-oldrel-windows-ix86+x86_64

Version: 1.0
Check: R code for possible problems
Result: NOTE
    freq: no visible global function definition for ‘xtabs’
    freq: no visible binding for global variable ‘na.pass’
    freq: no visible global function definition for ‘melt’
    freq: no visible global function definition for ‘complete.cases’
    freq: no visible global function definition for ‘tail’
    kurtosis: no visible global function definition for ‘na.omit’
    label: no visible global function definition for ‘tail’
    name: no visible global function definition for ‘tail’
    nvalid : <anonymous>: no visible global function definition for
     ‘na.omit’
    rp.desc: no visible global function definition for ‘melt.data.frame’
    rp.desc: no visible global function definition for ‘cast’
    rp.desc: no visible global function definition for ‘na.omit’
    rp.desc : <anonymous>: no visible global function definition for ‘tail’
    rp.desc : <anonymous>: no visible global function definition for ‘head’
    rp.freq: no visible global function definition for ‘xtabs’
    rp.freq: no visible binding for global variable ‘na.pass’
    rp.freq: no visible global function definition for ‘melt’
    rp.freq: no visible global function definition for ‘complete.cases’
    rp.freq: no visible global function definition for ‘tail’
    rp.label: no visible global function definition for ‘tail’
    rp.name: no visible global function definition for ‘tail’
    rp.outlier : lundcrit: no visible global function definition for ‘qf’
    rp.outlier: no visible global function definition for ‘lm’
    rp.outlier: no visible global function definition for ‘rstandard’
    rp.valid : <anonymous>: no visible global function definition for
     ‘na.omit’
    skewness: no visible global function definition for ‘na.omit’
Flavors: r-devel-linux-x86_64-debian-clang, r-devel-linux-x86_64-debian-gcc, r-devel-linux-x86_64-fedora-clang, r-devel-linux-x86_64-fedora-gcc, r-devel-windows-ix86+x86_64

Version: 1.0
Check: R code for possible problems
Result: NOTE
    freq: no visible global function definition for ‘melt’
    rp.desc: no visible global function definition for ‘melt.data.frame’
    rp.desc: no visible global function definition for ‘cast’
    rp.freq: no visible global function definition for ‘melt’
Flavors: r-devel-osx-x86_64-clang, r-patched-linux-x86_64, r-patched-solaris-sparc, r-patched-solaris-x86, r-release-linux-x86_64, r-release-osx-x86_64-mavericks, r-release-windows-ix86+x86_64, r-oldrel-windows-ix86+x86_64