CRAN Package Check Results for Package rapportools

Last updated on 2017-01-20 05:48:08.

Flavor Version Tinstall Tcheck Ttotal Status Flags
r-devel-linux-x86_64-debian-clang 1.0 1.10 18.64 19.75 NOTE
r-devel-linux-x86_64-debian-gcc 1.0 1.18 18.73 19.91 NOTE
r-devel-linux-x86_64-fedora-clang 1.0 33.73 NOTE --no-stop-on-test-error
r-devel-linux-x86_64-fedora-gcc 1.0 34.25 NOTE --no-stop-on-test-error
r-devel-macos-x86_64-clang 1.0 28.75 NOTE --no-stop-on-test-error
r-devel-windows-ix86+x86_64 1.0 6.00 53.00 59.00 NOTE
r-patched-linux-x86_64 1.0 1.11 16.37 17.48 NOTE
r-patched-solaris-sparc 1.0 191.20 NOTE
r-patched-solaris-x86 1.0 42.70 NOTE
r-release-linux-x86_64 1.0 1.12 16.18 17.30 NOTE
r-release-osx-x86_64-mavericks 1.0 NOTE
r-release-windows-ix86+x86_64 1.0 4.00 50.00 54.00 NOTE
r-oldrel-windows-ix86+x86_64 1.0 8.00 35.00 43.00 NOTE

Check Details

Version: 1.0
Check: dependencies in R code
Result: NOTE
    Package in Depends field not imported from: ‘reshape’
     These packages need to be imported from (in the NAMESPACE file)
     for when this namespace is loaded but not attached.
Flavors: r-devel-linux-x86_64-debian-clang, r-devel-linux-x86_64-debian-gcc, r-devel-windows-ix86+x86_64, r-patched-linux-x86_64, r-patched-solaris-sparc, r-patched-solaris-x86, r-release-linux-x86_64, r-release-osx-x86_64-mavericks, r-release-windows-ix86+x86_64, r-oldrel-windows-ix86+x86_64

Version: 1.0
Check: R code for possible problems
Result: NOTE
    freq: no visible global function definition for ‘xtabs’
    freq: no visible binding for global variable ‘na.pass’
    freq: no visible global function definition for ‘melt’
    freq: no visible global function definition for ‘complete.cases’
    freq: no visible global function definition for ‘tail’
    kurtosis: no visible global function definition for ‘na.omit’
    label: no visible global function definition for ‘tail’
    name: no visible global function definition for ‘tail’
    nvalid : <anonymous>: no visible global function definition for
     ‘na.omit’
    rp.desc: no visible global function definition for ‘melt.data.frame’
    rp.desc: no visible global function definition for ‘cast’
    rp.desc: no visible global function definition for ‘na.omit’
    rp.desc : <anonymous>: no visible global function definition for ‘tail’
    rp.desc : <anonymous>: no visible global function definition for ‘head’
    rp.freq: no visible global function definition for ‘xtabs’
    rp.freq: no visible binding for global variable ‘na.pass’
    rp.freq: no visible global function definition for ‘melt’
    rp.freq: no visible global function definition for ‘complete.cases’
    rp.freq: no visible global function definition for ‘tail’
    rp.label: no visible global function definition for ‘tail’
    rp.name: no visible global function definition for ‘tail’
    rp.outlier : lundcrit: no visible global function definition for ‘qf’
    rp.outlier: no visible global function definition for ‘lm’
    rp.outlier: no visible global function definition for ‘rstandard’
    rp.valid : <anonymous>: no visible global function definition for
     ‘na.omit’
    skewness: no visible global function definition for ‘na.omit’
    Undefined global functions or variables:
     cast complete.cases head lm melt melt.data.frame na.omit na.pass qf
     rstandard tail xtabs
    Consider adding
     importFrom("stats", "complete.cases", "lm", "na.omit", "na.pass", "qf",
     "rstandard", "xtabs")
     importFrom("utils", "head", "tail")
    to your NAMESPACE file.
Flavors: r-devel-linux-x86_64-debian-clang, r-devel-linux-x86_64-debian-gcc, r-devel-windows-ix86+x86_64, r-patched-linux-x86_64, r-patched-solaris-sparc, r-patched-solaris-x86, r-release-linux-x86_64, r-release-osx-x86_64-mavericks, r-release-windows-ix86+x86_64

Version: 1.0
Flags: --no-stop-on-test-error
Check: dependencies in R code
Result: NOTE
    Package in Depends field not imported from: ‘reshape’
     These packages need to be imported from (in the NAMESPACE file)
     for when this namespace is loaded but not attached.
Flavors: r-devel-linux-x86_64-fedora-clang, r-devel-linux-x86_64-fedora-gcc, r-devel-macos-x86_64-clang

Version: 1.0
Flags: --no-stop-on-test-error
Check: R code for possible problems
Result: NOTE
    freq: no visible global function definition for ‘xtabs’
    freq: no visible binding for global variable ‘na.pass’
    freq: no visible global function definition for ‘melt’
    freq: no visible global function definition for ‘complete.cases’
    freq: no visible global function definition for ‘tail’
    kurtosis: no visible global function definition for ‘na.omit’
    label: no visible global function definition for ‘tail’
    name: no visible global function definition for ‘tail’
    nvalid : <anonymous>: no visible global function definition for
     ‘na.omit’
    rp.desc: no visible global function definition for ‘melt.data.frame’
    rp.desc: no visible global function definition for ‘cast’
    rp.desc: no visible global function definition for ‘na.omit’
    rp.desc : <anonymous>: no visible global function definition for ‘tail’
    rp.desc : <anonymous>: no visible global function definition for ‘head’
    rp.freq: no visible global function definition for ‘xtabs’
    rp.freq: no visible binding for global variable ‘na.pass’
    rp.freq: no visible global function definition for ‘melt’
    rp.freq: no visible global function definition for ‘complete.cases’
    rp.freq: no visible global function definition for ‘tail’
    rp.label: no visible global function definition for ‘tail’
    rp.name: no visible global function definition for ‘tail’
    rp.outlier : lundcrit: no visible global function definition for ‘qf’
    rp.outlier: no visible global function definition for ‘lm’
    rp.outlier: no visible global function definition for ‘rstandard’
    rp.valid : <anonymous>: no visible global function definition for
     ‘na.omit’
    skewness: no visible global function definition for ‘na.omit’
    Undefined global functions or variables:
     cast complete.cases head lm melt melt.data.frame na.omit na.pass qf
     rstandard tail xtabs
    Consider adding
     importFrom("stats", "complete.cases", "lm", "na.omit", "na.pass", "qf",
     "rstandard", "xtabs")
     importFrom("utils", "head", "tail")
    to your NAMESPACE file.
Flavors: r-devel-linux-x86_64-fedora-clang, r-devel-linux-x86_64-fedora-gcc, r-devel-macos-x86_64-clang

Version: 1.0
Check: R code for possible problems
Result: NOTE
    freq: no visible global function definition for 'melt'
    rp.desc: no visible global function definition for 'melt.data.frame'
    rp.desc: no visible global function definition for 'cast'
    rp.freq: no visible global function definition for 'melt'
Flavor: r-oldrel-windows-ix86+x86_64