CRAN Package Check Results for Package rareNMtests

Last updated on 2019-05-19 22:51:50 CEST.

Flavor Version Tinstall Tcheck Ttotal Status Flags
r-devel-linux-x86_64-debian-clang 1.1 7.06 57.03 64.09 NOTE
r-devel-linux-x86_64-debian-gcc 1.1 6.37 46.28 52.65 NOTE
r-devel-linux-x86_64-fedora-clang 1.1 82.69 NOTE
r-devel-linux-x86_64-fedora-gcc 1.1 77.38 NOTE
r-devel-windows-ix86+x86_64 1.1 23.00 73.00 96.00 NOTE
r-patched-linux-x86_64 1.1 7.45 57.41 64.86 NOTE
r-patched-solaris-x86 1.1 132.00 NOTE
r-release-linux-x86_64 1.1 7.35 57.66 65.01 NOTE
r-release-windows-ix86+x86_64 1.1 22.00 89.00 111.00 NOTE
r-release-osx-x86_64 1.1 NOTE
r-oldrel-windows-ix86+x86_64 1.1 8.00 89.00 97.00 NOTE
r-oldrel-osx-x86_64 1.1 NOTE

Check Details

Version: 1.1
Check: DESCRIPTION meta-information
Result: NOTE
    Malformed Description field: should contain one or more complete sentences.
Flavors: r-devel-linux-x86_64-debian-clang, r-devel-linux-x86_64-debian-gcc, r-devel-linux-x86_64-fedora-clang, r-devel-linux-x86_64-fedora-gcc, r-devel-windows-ix86+x86_64, r-patched-linux-x86_64, r-patched-solaris-x86, r-release-linux-x86_64, r-release-windows-ix86+x86_64, r-release-osx-x86_64, r-oldrel-windows-ix86+x86_64, r-oldrel-osx-x86_64

Version: 1.1
Check: R code for possible problems
Result: NOTE
    BiogTest.individual: no visible global function definition for 'combn'
    BiogTest.individual: no visible global function definition for 'runif'
    BiogTest.individual: no visible global function definition for 'rlnorm'
    BiogTest.individual: no visible global function definition for
     'rnbinom'
    BiogTest.sample: no visible global function definition for 'combn'
    BiogTest.sample: no visible global function definition for 'runif'
    BiogTest.sample: no visible global function definition for 'rlnorm'
    BiogTest.sample: no visible global function definition for 'rnbinom'
    BiogTest.sample: no visible global function definition for 'aggregate'
    EcoTest.individual: no visible global function definition for 'xtabs'
    plot.BiogTest: no visible global function definition for 'quantile'
    plot.BiogTest: no visible global function definition for 'combn'
    plot.EcoTest: no visible global function definition for 'quantile'
    Undefined global functions or variables:
     aggregate combn quantile rlnorm rnbinom runif xtabs
    Consider adding
     importFrom("stats", "aggregate", "quantile", "rlnorm", "rnbinom",
     "runif", "xtabs")
     importFrom("utils", "combn")
    to your NAMESPACE file.
Flavors: r-devel-linux-x86_64-debian-clang, r-devel-linux-x86_64-debian-gcc, r-devel-linux-x86_64-fedora-clang, r-devel-linux-x86_64-fedora-gcc, r-devel-windows-ix86+x86_64, r-patched-linux-x86_64, r-patched-solaris-x86, r-release-linux-x86_64, r-release-windows-ix86+x86_64, r-release-osx-x86_64, r-oldrel-windows-ix86+x86_64, r-oldrel-osx-x86_64