CRAN Package Check Results for Package rareNMtests

Last updated on 2019-07-23 15:48:03 CEST.

Flavor Version Tinstall Tcheck Ttotal Status Flags
r-devel-linux-x86_64-debian-clang 1.1 6.42 57.49 63.91 NOTE
r-devel-linux-x86_64-debian-gcc 1.1 7.06 46.62 53.68 NOTE
r-devel-linux-x86_64-fedora-clang 1.1 77.53 NOTE
r-devel-linux-x86_64-fedora-gcc 1.1 90.04 NOTE
r-devel-windows-ix86+x86_64 1.1 14.00 98.00 112.00 NOTE
r-patched-linux-x86_64 1.1 6.80 57.04 63.84 NOTE
r-patched-solaris-x86 1.1 130.60 NOTE
r-release-linux-x86_64 1.1 8.13 57.52 65.65 NOTE
r-release-windows-ix86+x86_64 1.1 15.00 70.00 85.00 NOTE
r-release-osx-x86_64 1.1 NOTE
r-oldrel-windows-ix86+x86_64 1.1 13.00 65.00 78.00 NOTE
r-oldrel-osx-x86_64 1.1 NOTE

Check Details

Version: 1.1
Check: DESCRIPTION meta-information
Result: NOTE
    Malformed Description field: should contain one or more complete sentences.
Flavors: r-devel-linux-x86_64-debian-clang, r-devel-linux-x86_64-debian-gcc, r-devel-linux-x86_64-fedora-clang, r-devel-linux-x86_64-fedora-gcc, r-devel-windows-ix86+x86_64, r-patched-linux-x86_64, r-patched-solaris-x86, r-release-linux-x86_64, r-release-windows-ix86+x86_64, r-release-osx-x86_64, r-oldrel-windows-ix86+x86_64, r-oldrel-osx-x86_64

Version: 1.1
Check: R code for possible problems
Result: NOTE
    BiogTest.individual: no visible global function definition for 'combn'
    BiogTest.individual: no visible global function definition for 'runif'
    BiogTest.individual: no visible global function definition for 'rlnorm'
    BiogTest.individual: no visible global function definition for
     'rnbinom'
    BiogTest.sample: no visible global function definition for 'combn'
    BiogTest.sample: no visible global function definition for 'runif'
    BiogTest.sample: no visible global function definition for 'rlnorm'
    BiogTest.sample: no visible global function definition for 'rnbinom'
    BiogTest.sample: no visible global function definition for 'aggregate'
    EcoTest.individual: no visible global function definition for 'xtabs'
    plot.BiogTest: no visible global function definition for 'quantile'
    plot.BiogTest: no visible global function definition for 'combn'
    plot.EcoTest: no visible global function definition for 'quantile'
    Undefined global functions or variables:
     aggregate combn quantile rlnorm rnbinom runif xtabs
    Consider adding
     importFrom("stats", "aggregate", "quantile", "rlnorm", "rnbinom",
     "runif", "xtabs")
     importFrom("utils", "combn")
    to your NAMESPACE file.
Flavors: r-devel-linux-x86_64-debian-clang, r-devel-linux-x86_64-debian-gcc, r-devel-linux-x86_64-fedora-clang, r-devel-linux-x86_64-fedora-gcc, r-devel-windows-ix86+x86_64, r-patched-linux-x86_64, r-patched-solaris-x86, r-release-linux-x86_64, r-release-windows-ix86+x86_64, r-release-osx-x86_64, r-oldrel-windows-ix86+x86_64, r-oldrel-osx-x86_64