CRAN Package Check Results for Package rasclass

Last updated on 2016-02-06 07:48:05.

Flavor Version Tinstall Tcheck Ttotal Status Flags
r-devel-linux-x86_64-debian-gcc 0.2.1 4.03 44.19 48.22 NOTE
r-devel-linux-x86_64-fedora-clang 0.2.1 96.62 NOTE
r-devel-linux-x86_64-fedora-gcc 0.2.1 91.84 NOTE
r-devel-osx-x86_64-clang 0.2.1 105.71 OK
r-devel-windows-ix86+x86_64 0.2.1 15.00 83.00 98.00 NOTE
r-patched-linux-x86_64 0.2.1 4.16 48.05 52.21 OK
r-patched-solaris-sparc 0.2.1 607.30 OK
r-patched-solaris-x86 0.2.1 134.90 OK
r-release-linux-x86_64 0.2.1 4.25 47.98 52.23 OK
r-release-osx-x86_64-mavericks 0.2.1 OK
r-release-windows-ix86+x86_64 0.2.1 16.00 82.00 98.00 OK
r-oldrel-windows-ix86+x86_64 0.2.1 25.00 125.00 150.00 OK

Check Details

Version: 0.2.1
Check: R code for possible problems
Result: NOTE
    classifyRasclass,rasclass: no visible global function definition for
     ‘na.omit’
    classifyRasclass,rasclass : <anonymous>: no visible global function
     definition for ‘predict’
    classifyRasclass,rasclass: no visible global function definition for
     ‘as.formula’
    image,rasclassRaster: no visible global function definition for
     ‘rainbow’
    rasclassMlc,rasclass: no visible global function definition for
     ‘na.omit’
    rasclassMlc,rasclass: no visible global function definition for ‘cov’
    Undefined global functions or variables:
     as.formula cov na.omit predict rainbow
    Consider adding
     importFrom("grDevices", "rainbow")
     importFrom("stats", "as.formula", "cov", "na.omit", "predict")
    to your NAMESPACE.
Flavors: r-devel-linux-x86_64-debian-gcc, r-devel-linux-x86_64-fedora-clang, r-devel-linux-x86_64-fedora-gcc, r-devel-windows-ix86+x86_64