CRAN Package Check Results for Package rasclass

Last updated on 2015-05-25 22:47:16.

Flavor Version Tinstall Tcheck Ttotal Status Flags
r-devel-linux-x86_64-debian-clang 0.2.1 3.88 47.66 51.54 OK
r-devel-linux-x86_64-debian-gcc 0.2.1 3.76 43.58 47.33 OK
r-devel-linux-x86_64-fedora-clang 0.2.1 100.42 OK
r-devel-linux-x86_64-fedora-gcc 0.2.1 95.28 OK
r-devel-osx-x86_64-clang 0.2.1 91.40 OK
r-devel-windows-ix86+x86_64 0.2.1 11.00 70.00 81.00 OK
r-patched-linux-x86_64 0.2.1 3.84 44.09 47.92 OK
r-patched-solaris-sparc 0.2.1 603.00 OK
r-patched-solaris-x86 0.2.1 134.40 OK
r-release-linux-x86_64 0.2.1 3.77 43.52 47.29 OK
r-release-osx-x86_64-mavericks 0.2.1 OK
r-release-osx-x86_64-snowleopard 0.2.1 ERROR
r-release-windows-ix86+x86_64 0.2.1 11.00 66.00 77.00 OK
r-oldrel-windows-ix86+x86_64 0.2.1 16.00 95.00 111.00 OK

Check Details

Version: 0.2.1
Check: package dependencies
Result: ERROR
    Package required but not available: ‘car’
    
    See section ‘The DESCRIPTION file’ in the ‘Writing R Extensions’
    manual.
Flavor: r-release-osx-x86_64-snowleopard