CRAN Package Check Results for Package rasclass

Last updated on 2015-08-29 17:48:19.

Flavor Version Tinstall Tcheck Ttotal Status Flags
r-devel-linux-x86_64-debian-clang 0.2.1 5.65 45.33 50.98 NOTE
r-devel-linux-x86_64-debian-gcc 0.2.1 3.81 44.34 48.15 NOTE
r-devel-linux-x86_64-fedora-clang 0.2.1 100.99 NOTE
r-devel-linux-x86_64-fedora-gcc 0.2.1 95.94 NOTE
r-devel-osx-x86_64-clang 0.2.1 95.16 OK
r-devel-windows-ix86+x86_64 0.2.1 17.00 78.00 95.00 NOTE
r-patched-linux-x86_64 0.2.1 4.03 46.02 50.06 OK
r-patched-solaris-sparc 0.2.1 598.20 OK
r-patched-solaris-x86 0.2.1 138.70 OK
r-release-linux-x86_64 0.2.1 4.03 47.12 51.15 OK
r-release-osx-x86_64-mavericks 0.2.1 OK
r-release-windows-ix86+x86_64 0.2.1 15.00 78.00 93.00 OK
r-oldrel-windows-ix86+x86_64 0.2.1 25.00 115.00 140.00 OK

Check Details

Version: 0.2.1
Check: R code for possible problems
Result: NOTE
    classifyRasclass,rasclass: no visible global function definition for
     ‘na.omit’
    classifyRasclass,rasclass : <anonymous>: no visible global function
     definition for ‘predict’
    classifyRasclass,rasclass: no visible global function definition for
     ‘as.formula’
    image,rasclassRaster: no visible global function definition for
     ‘rainbow’
    rasclassMlc,rasclass: no visible global function definition for
     ‘na.omit’
    rasclassMlc,rasclass: no visible global function definition for ‘cov’
    Undefined global functions or variables:
     as.formula cov na.omit predict rainbow
    Consider adding
     importFrom("grDevices", "rainbow")
     importFrom("stats", "as.formula", "cov", "na.omit", "predict")
    to your NAMESPACE.
Flavors: r-devel-linux-x86_64-debian-clang, r-devel-linux-x86_64-debian-gcc, r-devel-linux-x86_64-fedora-clang, r-devel-linux-x86_64-fedora-gcc, r-devel-windows-ix86+x86_64