CRAN Package Check Results for Package rasclass

Last updated on 2015-07-30 11:48:49.

Flavor Version Tinstall Tcheck Ttotal Status Flags
r-devel-linux-x86_64-debian-clang 0.2.1 4.31 46.14 50.45 NOTE
r-devel-linux-x86_64-debian-gcc 0.2.1 3.79 44.14 47.93 NOTE
r-devel-linux-x86_64-fedora-clang 0.2.1 101.29 NOTE
r-devel-linux-x86_64-fedora-gcc 0.2.1 94.59 NOTE
r-devel-osx-x86_64-clang 0.2.1 84.66 OK
r-devel-windows-ix86+x86_64 0.2.1 10.00 67.00 77.00 NOTE
r-patched-linux-x86_64 0.2.1 4.53 44.49 49.02 OK
r-patched-solaris-sparc 0.2.1 598.20 OK
r-patched-solaris-x86 0.2.1 134.80 OK
r-release-linux-x86_64 0.2.1 3.79 44.74 48.53 OK
r-release-osx-x86_64-mavericks 0.2.1 OK
r-release-windows-ix86+x86_64 0.2.1 14.00 67.00 81.00 OK
r-oldrel-windows-ix86+x86_64 0.2.1 19.00 98.00 117.00 OK

Check Details

Version: 0.2.1
Check: R code for possible problems
Result: NOTE
    classifyRasclass,rasclass: no visible global function definition for
     ‘na.omit’
    classifyRasclass,rasclass : <anonymous>: no visible global function
     definition for ‘predict’
    classifyRasclass,rasclass: no visible global function definition for
     ‘as.formula’
    image,rasclassRaster: no visible global function definition for
     ‘rainbow’
    rasclassMlc,rasclass: no visible global function definition for
     ‘na.omit’
    rasclassMlc,rasclass: no visible global function definition for ‘cov’
    Undefined global functions or variables:
     as.formula cov na.omit predict rainbow
    Consider adding
     importFrom("grDevices", "rainbow")
     importFrom("stats", "as.formula", "cov", "na.omit", "predict")
    to your NAMESPACE.
Flavors: r-devel-linux-x86_64-debian-clang, r-devel-linux-x86_64-debian-gcc, r-devel-linux-x86_64-fedora-clang, r-devel-linux-x86_64-fedora-gcc, r-devel-windows-ix86+x86_64