CRAN Package Check Results for Package rasclass

Last updated on 2014-04-24 03:47:51.

Flavor Version Tinstall Tcheck Ttotal Status Flags
r-devel-linux-x86_64-debian-clang 0.2.1 1.68 25.14 26.82 OK
r-devel-linux-x86_64-debian-gcc 0.2.1 1.58 24.99 26.57 OK
r-devel-linux-x86_64-fedora-clang 0.2.1 51.38 OK
r-devel-linux-x86_64-fedora-gcc 0.2.1 50.02 OK
r-devel-osx-x86_64-clang 0.2.1 61.43 OK
r-devel-osx-x86_64-gcc 0.2.1 ERROR
r-devel-windows-ix86+x86_64 0.2.1 5.00 36.00 41.00 OK
r-patched-linux-x86_64 0.2.1 1.55 25.08 26.64 OK
r-patched-solaris-sparc 0.2.1 292.00 OK
r-patched-solaris-x86 0.2.1 66.10 OK
r-release-linux-ix86 0.2.1 3.00 44.00 47.00 OK
r-release-linux-x86_64 0.2.1 1.64 24.92 26.56 OK
r-release-osx-x86_64-mavericks 0.2.1 OK
r-release-osx-x86_64-snowleopard 0.2.1 OK
r-release-windows-ix86+x86_64 0.2.1 5.00 36.00 41.00 OK
r-oldrel-windows-ix86+x86_64 0.2.1 5.00 38.00 43.00 OK

Check Details

Version: 0.2.1
Check: package dependencies
Result: ERROR
    Package required but not available: ‘car’
    
    See the information on DESCRIPTION files in the chapter ‘Creating R
    packages’ of the ‘Writing R Extensions’ manual.
Flavor: r-devel-osx-x86_64-gcc