CRAN Package Check Results for Package raster

Last updated on 2016-05-27 21:46:47.

Flavor Version Tinstall Tcheck Ttotal Status Flags
r-devel-linux-x86_64-debian-gcc 2.5-2 55.10 138.91 194.01 NOTE
r-devel-linux-x86_64-fedora-clang 2.5-2 353.00 OK
r-devel-linux-x86_64-fedora-gcc 2.5-2 323.62 OK
r-devel-osx-x86_64-clang 2.5-2 372.26 OK
r-devel-windows-ix86+x86_64 2.5-2 134.00 281.00 415.00 NOTE
r-patched-linux-x86_64 2.5-2 47.59 134.00 181.59 NOTE
r-patched-solaris-sparc 2.5-2 2010.50 OK
r-patched-solaris-x86 2.5-2 368.80 OK
r-release-linux-x86_64 2.5-2 45.74 136.69 182.43 NOTE
r-release-osx-x86_64-mavericks 2.5-2 NOTE
r-release-windows-ix86+x86_64 2.5-2 169.00 377.00 546.00 NOTE

Memtest notes: clang-UBSAN

Check Details

Version: 2.5-2
Check: installed package size
Result: NOTE
     installed size is 5.1Mb
     sub-directories of 1Mb or more:
     R 2.0Mb
     libs 1.6Mb
Flavors: r-devel-linux-x86_64-debian-gcc, r-devel-windows-ix86+x86_64, r-patched-linux-x86_64, r-release-linux-x86_64, r-release-windows-ix86+x86_64

Version: 2.5-2
Check: package dependencies
Result: NOTE
    Packages suggested but not available for checking: ‘rgdal’ ‘rgeos’
Flavor: r-release-osx-x86_64-mavericks

Version: 2.5-2
Check: dependencies in R code
Result: NOTE
    Invalid MIT-MAGIC-COOKIE-1 key
Flavor: r-release-osx-x86_64-mavericks

Version: 2.5-2
Check: Rd cross-references
Result: NOTE
    Packages unavailable to check Rd xrefs: ‘rgdal’, ‘rgeos’
Flavor: r-release-osx-x86_64-mavericks