CRAN Package Check Results for Package raster

Last updated on 2018-02-18 07:50:29 CET.

Flavor Version Tinstall Tcheck Ttotal Status Flags
r-devel-linux-x86_64-debian-clang 2.6-7 103.40 229.61 333.01 OK
r-devel-linux-x86_64-debian-gcc 2.6-7 69.25 174.33 243.58 OK
r-devel-linux-x86_64-fedora-clang 2.6-7 427.53 NOTE
r-devel-linux-x86_64-fedora-gcc 2.6-7 401.78 NOTE
r-devel-windows-ix86+x86_64 2.6-7 203.00 287.00 490.00 NOTE
r-patched-linux-x86_64 2.6-7 104.72 249.18 353.90 OK
r-patched-solaris-x86 2.6-7 424.40 OK
r-release-linux-x86_64 2.6-7 105.00 252.39 357.39 OK
r-release-windows-ix86+x86_64 2.6-7 267.00 385.00 652.00 NOTE
r-release-osx-x86_64 2.6-7 NOTE
r-oldrel-windows-ix86+x86_64 2.6-7 182.00 254.00 436.00 NOTE
r-oldrel-osx-x86_64 2.6-7 NOTE

Additional issues

clang-UBSAN

Check Details

Version: 2.6-7
Check: installed package size
Result: NOTE
     installed size is 6.0Mb
     sub-directories of 1Mb or more:
     R 2.4Mb
     libs 2.1Mb
Flavors: r-devel-linux-x86_64-fedora-clang, r-devel-linux-x86_64-fedora-gcc, r-devel-windows-ix86+x86_64, r-release-windows-ix86+x86_64, r-release-osx-x86_64, r-oldrel-windows-ix86+x86_64, r-oldrel-osx-x86_64