CRAN Package Check Results for Package raster

Last updated on 2020-08-09 07:47:24 CEST.

Flavor Version Tinstall Tcheck Ttotal Status Flags
r-devel-linux-x86_64-debian-clang 3.3-13 220.24 270.55 490.79 OK
r-devel-linux-x86_64-debian-gcc 3.3-13 166.85 200.65 367.50 OK
r-devel-linux-x86_64-fedora-clang 3.3-13 638.53 NOTE
r-devel-linux-x86_64-fedora-gcc 3.3-13 609.19 OK
r-devel-windows-ix86+x86_64 3.3-13 487.00 463.00 950.00 NOTE
r-patched-linux-x86_64 3.3-13 172.02 263.47 435.49 OK
r-patched-solaris-x86 3.3-13 546.00 OK
r-release-linux-x86_64 3.3-13 173.44 267.90 441.34 OK
r-release-macos-x86_64 3.3-13 NOTE
r-release-windows-ix86+x86_64 3.3-13 494.00 470.00 964.00 NOTE
r-oldrel-macos-x86_64 3.3-13 NOTE
r-oldrel-windows-ix86+x86_64 3.3-13 351.00 315.00 666.00 NOTE

Check Details

Version: 3.3-13
Check: installed package size
Result: NOTE
     installed size is 11.3Mb
     sub-directories of 1Mb or more:
     R 2.5Mb
     libs 7.7Mb
Flavors: r-devel-linux-x86_64-fedora-clang, r-devel-windows-ix86+x86_64, r-release-macos-x86_64, r-release-windows-ix86+x86_64, r-oldrel-macos-x86_64, r-oldrel-windows-ix86+x86_64

Version: 3.3-13
Check: dependencies in R code
Result: NOTE
    No protocol specified
    No protocol specified
Flavor: r-oldrel-macos-x86_64