CRAN Package Check Results for Package raster

Last updated on 2018-06-18 10:48:57 CEST.

Flavor Version Tinstall Tcheck Ttotal Status Flags
r-devel-linux-x86_64-debian-clang 2.6-7 100.41 205.96 306.37 OK
r-devel-linux-x86_64-debian-gcc 2.6-7 78.08 185.39 263.47 OK
r-devel-linux-x86_64-fedora-clang 2.6-7 440.26 NOTE
r-devel-linux-x86_64-fedora-gcc 2.6-7 405.41 OK
r-devel-windows-ix86+x86_64 2.6-7 252.00 285.00 537.00 NOTE
r-patched-linux-x86_64 2.6-7 98.82 230.41 329.23 OK
r-patched-solaris-x86 2.6-7 445.80 OK
r-release-linux-x86_64 2.6-7 93.50 226.29 319.79 OK
r-release-windows-ix86+x86_64 2.6-7 274.00 304.00 578.00 NOTE
r-release-osx-x86_64 2.6-7 NOTE
r-oldrel-windows-ix86+x86_64 2.6-7 215.00 381.00 596.00 NOTE
r-oldrel-osx-x86_64 2.6-7 NOTE

Additional issues

clang-UBSAN

Check Details

Version: 2.6-7
Check: installed package size
Result: NOTE
     installed size is 6.1Mb
     sub-directories of 1Mb or more:
     R 2.4Mb
     libs 2.1Mb
Flavors: r-devel-linux-x86_64-fedora-clang, r-devel-windows-ix86+x86_64, r-release-windows-ix86+x86_64, r-release-osx-x86_64, r-oldrel-windows-ix86+x86_64, r-oldrel-osx-x86_64