CRAN Package Check Results for Package raster

Last updated on 2016-12-08 15:48:37.

Flavor Version Tinstall Tcheck Ttotal Status Flags
r-devel-linux-x86_64-debian-clang 2.5-8 57.27 158.47 215.74 OK
r-devel-linux-x86_64-debian-gcc 2.5-8 55.69 152.99 208.68 OK
r-devel-linux-x86_64-fedora-clang 2.5-8 398.05 NOTE --no-stop-on-test-error
r-devel-linux-x86_64-fedora-gcc 2.5-8 383.69 NOTE --no-stop-on-test-error
r-devel-macos-x86_64-clang 2.5-8 301.23 OK
r-devel-windows-ix86+x86_64 2.5-8 137.00 384.00 521.00 NOTE
r-patched-linux-x86_64 2.5-8 45.11 142.26 187.37 OK
r-patched-solaris-sparc 2.5-8 2006.10 OK
r-patched-solaris-x86 2.5-8 356.80 OK
r-release-linux-x86_64 2.5-8 45.62 135.60 181.23 OK
r-release-osx-x86_64-mavericks 2.5-8 NOTE
r-release-windows-ix86+x86_64 2.5-8 129.00 365.00 494.00 NOTE
r-oldrel-windows-ix86+x86_64 2.5-8 166.00 282.00 448.00 NOTE

Memtest notes: clang-UBSAN

Check Details

Version: 2.5-8
Flags: --no-stop-on-test-error
Check: installed package size
Result: NOTE
     installed size is 5.5Mb
     sub-directories of 1Mb or more:
     R 2.9Mb
Flavors: r-devel-linux-x86_64-fedora-clang, r-devel-linux-x86_64-fedora-gcc

Version: 2.5-8
Check: installed package size
Result: NOTE
     installed size is 6.1Mb
     sub-directories of 1Mb or more:
     R 2.9Mb
     libs 1.6Mb
Flavors: r-devel-windows-ix86+x86_64, r-release-windows-ix86+x86_64, r-oldrel-windows-ix86+x86_64

Version: 2.5-8
Check: dependencies in R code
Result: NOTE
    Invalid MIT-MAGIC-COOKIE-1 key
Flavor: r-release-osx-x86_64-mavericks