CRAN Package Check Results for Package raster

Last updated on 2016-09-27 08:48:04.

Flavor Version Tinstall Tcheck Ttotal Status Flags
r-devel-linux-x86_64-debian-clang 2.5-8 50.95 140.72 191.68 OK
r-devel-linux-x86_64-debian-gcc 2.5-8 50.16 134.78 184.94 NOTE
r-devel-linux-x86_64-fedora-clang 2.5-8 347.24 OK
r-devel-linux-x86_64-fedora-gcc 2.5-8 322.13 NOTE
r-devel-macos-x86_64-clang 2.5-8 263.88 OK
r-devel-windows-ix86+x86_64 2.5-8 175.00 345.00 520.00 NOTE
r-patched-linux-x86_64 2.5-8 44.84 133.70 178.54 NOTE
r-patched-solaris-sparc 2.5-8 2006.10 OK
r-patched-solaris-x86 2.5-8 356.20 OK
r-release-linux-x86_64 2.5-8 48.03 136.46 184.49 NOTE
r-release-osx-x86_64-mavericks 2.5-8 NOTE
r-release-windows-ix86+x86_64 2.5-8 179.00 366.00 545.00 NOTE
r-oldrel-windows-ix86+x86_64 2.5-8 196.00 381.00 577.00 NOTE

Memtest notes: clang-UBSAN

Check Details

Version: 2.5-8
Check: installed package size
Result: NOTE
     installed size is 5.1Mb
     sub-directories of 1Mb or more:
     R 2.0Mb
     libs 1.6Mb
Flavors: r-devel-linux-x86_64-debian-gcc, r-devel-linux-x86_64-fedora-gcc, r-devel-windows-ix86+x86_64, r-patched-linux-x86_64, r-release-linux-x86_64, r-release-windows-ix86+x86_64, r-oldrel-windows-ix86+x86_64

Version: 2.5-8
Check: dependencies in R code
Result: NOTE
    Invalid MIT-MAGIC-COOKIE-1 key
Flavor: r-release-osx-x86_64-mavericks