CRAN Package Check Results for Package raster

Last updated on 2017-12-11 11:55:04 CET.

Flavor Version Tinstall Tcheck Ttotal Status Flags
r-devel-linux-x86_64-debian-clang 2.6-7 98.13 206.23 304.36 OK
r-devel-linux-x86_64-debian-gcc 2.6-7 84.91 186.93 271.84 OK
r-devel-linux-x86_64-fedora-clang 2.6-7 409.89 NOTE
r-devel-linux-x86_64-fedora-gcc 2.6-7 400.64 NOTE
r-devel-windows-ix86+x86_64 2.6-7 272.00 286.00 558.00 NOTE
r-patched-linux-x86_64 2.6-7 102.39 255.55 357.94 OK
r-patched-solaris-x86 2.6-7 419.90 OK
r-release-linux-x86_64 2.6-7 99.56 259.15 358.71 OK
r-release-windows-ix86+x86_64 2.6-7 205.00 407.00 612.00 NOTE
r-release-osx-x86_64 2.6-7 NOTE
r-oldrel-windows-ix86+x86_64 2.6-7 262.00 357.00 619.00 NOTE
r-oldrel-osx-x86_64 2.6-7 NOTE

Additional issues

clang-UBSAN

Check Details

Version: 2.6-7
Check: installed package size
Result: NOTE
     installed size is 5.9Mb
     sub-directories of 1Mb or more:
     R 2.4Mb
     libs 2.0Mb
Flavors: r-devel-linux-x86_64-fedora-clang, r-devel-linux-x86_64-fedora-gcc, r-devel-windows-ix86+x86_64, r-release-windows-ix86+x86_64, r-release-osx-x86_64, r-oldrel-windows-ix86+x86_64, r-oldrel-osx-x86_64