CRAN Package Check Results for Package raster

Last updated on 2016-06-27 06:47:17.

Flavor Version Tinstall Tcheck Ttotal Status Flags
r-devel-linux-x86_64-debian-gcc 2.5-8 52.41 131.84 184.25 NOTE
r-devel-linux-x86_64-fedora-clang 2.5-8 375.45 OK
r-devel-linux-x86_64-fedora-gcc 2.5-8 309.18 OK
r-devel-osx-x86_64-clang 2.5-8 268.95 OK
r-devel-windows-ix86+x86_64 2.5-8 135.00 241.00 376.00 NOTE
r-patched-linux-x86_64 2.5-8 51.20 132.89 184.09 NOTE
r-patched-solaris-sparc 2.5-8 1974.20 NOTE
r-patched-solaris-x86 2.5-8 363.90 NOTE
r-release-linux-x86_64 2.5-8 47.58 134.69 182.27 NOTE
r-release-osx-x86_64-mavericks 2.5-8 NOTE
r-release-windows-ix86+x86_64 2.5-8 125.00 248.00 373.00 NOTE
r-oldrel-windows-ix86+x86_64 2.5-8 195.00 374.00 569.00 NOTE

Memtest notes: clang-UBSAN

Check Details

Version: 2.5-8
Check: installed package size
Result: NOTE
     installed size is 5.2Mb
     sub-directories of 1Mb or more:
     R 2.0Mb
     libs 1.6Mb
Flavors: r-devel-linux-x86_64-debian-gcc, r-devel-windows-ix86+x86_64, r-patched-linux-x86_64, r-patched-solaris-sparc, r-patched-solaris-x86, r-release-linux-x86_64, r-release-windows-ix86+x86_64, r-oldrel-windows-ix86+x86_64

Version: 2.5-8
Check: dependencies in R code
Result: NOTE
    Invalid MIT-MAGIC-COOKIE-1 key
Flavor: r-release-osx-x86_64-mavericks