CRAN Package Check Results for Package raster

Last updated on 2016-02-13 23:47:14.

Flavor Version Tinstall Tcheck Ttotal Status Flags
r-devel-linux-x86_64-debian-gcc 2.5-2 43.94 134.96 178.91 NOTE
r-devel-linux-x86_64-fedora-clang 2.5-2 352.62 OK
r-devel-linux-x86_64-fedora-gcc 2.5-2 326.04 OK
r-devel-osx-x86_64-clang 2.5-2 358.16 OK
r-devel-windows-ix86+x86_64 2.5-2 173.00 336.00 509.00 OK
r-patched-linux-x86_64 2.5-2 44.61 147.65 192.27 NOTE
r-patched-solaris-sparc 2.5-2 2057.80 OK
r-patched-solaris-x86 2.5-2 382.00 OK
r-release-linux-x86_64 2.5-2 46.49 140.97 187.45 NOTE
r-release-osx-x86_64-mavericks 2.5-2 ERROR
r-release-windows-ix86+x86_64 2.5-2 168.00 281.00 449.00 OK
r-oldrel-windows-ix86+x86_64 2.5-2 185.00 418.00 603.00 OK

Memtest notes: clang-UBSAN

Check Details

Version: 2.5-2
Check: installed package size
Result: NOTE
     installed size is 5.0Mb
     sub-directories of 1Mb or more:
     R 2.0Mb
     libs 1.5Mb
Flavors: r-devel-linux-x86_64-debian-gcc, r-patched-linux-x86_64, r-release-linux-x86_64

Version: 2.5-2
Check: package dependencies
Result: ERROR
    Package required and available but unsuitable version: ‘sp’
    
    See section ‘The DESCRIPTION file’ in the ‘Writing R Extensions’
    manual.
Flavor: r-release-osx-x86_64-mavericks