CRAN Package Check Results for Package raster

Last updated on 2014-12-20 16:49:07.

Flavor Version Tinstall Tcheck Ttotal Status Flags
r-devel-linux-x86_64-debian-clang 2.3-12 29.04 124.45 153.49 OK
r-devel-linux-x86_64-debian-gcc 2.3-12 26.94 119.05 145.99 OK
r-devel-linux-x86_64-fedora-clang 2.3-12 320.16 OK
r-devel-linux-x86_64-fedora-gcc 2.3-12 278.39 OK
r-devel-osx-x86_64-clang 2.3-12 283.48 OK
r-devel-windows-ix86+x86_64 2.3-12 76.00 195.00 271.00 NOTE
r-patched-linux-x86_64 2.3-12 30.95 128.67 159.62 OK
r-patched-solaris-sparc 2.3-12 1686.90 OK
r-patched-solaris-x86 2.3-12 380.20 OK
r-release-linux-ix86 2.3-12 35.65 148.03 183.68 OK
r-release-linux-x86_64 2.3-12 31.16 134.61 165.77 OK
r-release-osx-x86_64-mavericks 2.3-12 NOTE
r-release-osx-x86_64-snowleopard 2.3-12 OK
r-release-windows-ix86+x86_64 2.3-12 85.00 219.00 304.00 NOTE
r-oldrel-windows-ix86+x86_64 2.3-12 71.00 250.00 321.00 NOTE

Check Details

Version: 2.3-12
Check: package dependencies
Result: NOTE
    Package suggested but not available for checking: 'ncdf4'
Flavors: r-devel-windows-ix86+x86_64, r-release-windows-ix86+x86_64, r-oldrel-windows-ix86+x86_64

Version: 2.3-12
Check: package dependencies
Result: NOTE
    Packages suggested but not available for checking: ‘rgdal’ ‘rgeos’
Flavor: r-release-osx-x86_64-mavericks

Version: 2.3-12
Check: Rd cross-references
Result: NOTE
    Packages unavailable to check Rd xrefs: ‘rgdal’, ‘gstat’
Flavor: r-release-osx-x86_64-mavericks

Version: 2.3-12
Check: re-building of vignette outputs
Result: NOTE
    Error in re-building vignettes:
     ...
    Loading required package: sp
    Error in texi2dvi(file = file, pdf = TRUE, clean = clean, quiet = quiet, :
     Running 'texi2dvi' on 'Raster.tex' failed.
    LaTeX errors:
    ! LaTeX Error: File `hanging.sty' not found.
    
    Type X to quit or <RETURN> to proceed,
    or enter new name. (Default extension: sty)
    
    test/raster/vignettes/Raster.tex:8: ==> Fatal error occurred, no output PDF fi
    le produced!
    Calls: buildVignettes -> texi2pdf -> texi2dvi
    Execution halted
Flavor: r-release-osx-x86_64-mavericks