CRAN Package Check Results for Package raster

Last updated on 2017-01-20 17:52:22.

Flavor Version Tinstall Tcheck Ttotal Status Flags
r-devel-linux-x86_64-debian-clang 2.5-8 55.18 147.55 202.73 OK
r-devel-linux-x86_64-debian-gcc 2.5-8 51.98 144.50 196.48 OK
r-devel-linux-x86_64-fedora-clang 2.5-8 376.73 OK --no-stop-on-test-error
r-devel-linux-x86_64-fedora-gcc 2.5-8 367.82 NOTE --no-stop-on-test-error
r-devel-macos-x86_64-clang 2.5-8 284.91 OK --no-stop-on-test-error
r-devel-windows-ix86+x86_64 2.5-8 173.00 354.00 527.00 NOTE
r-patched-linux-x86_64 2.5-8 45.97 134.88 180.86 OK
r-patched-solaris-sparc 2.5-8 1982.70 OK
r-patched-solaris-x86 2.5-8 358.40 OK
r-release-linux-x86_64 2.5-8 44.60 134.49 179.09 OK
r-release-osx-x86_64-mavericks 2.5-8 NOTE
r-release-windows-ix86+x86_64 2.5-8 128.00 358.00 486.00 NOTE
r-oldrel-windows-ix86+x86_64 2.5-8 180.00 387.00 567.00 NOTE

Memtest notes: clang-UBSAN

Check Details

Version: 2.5-8
Flags: --no-stop-on-test-error
Check: installed package size
Result: NOTE
     installed size is 5.5Mb
     sub-directories of 1Mb or more:
     R 2.3Mb
     libs 1.5Mb
Flavor: r-devel-linux-x86_64-fedora-gcc

Version: 2.5-8
Check: installed package size
Result: NOTE
     installed size is 5.5Mb
     sub-directories of 1Mb or more:
     R 2.3Mb
     libs 1.6Mb
Flavors: r-devel-windows-ix86+x86_64, r-release-windows-ix86+x86_64, r-oldrel-windows-ix86+x86_64

Version: 2.5-8
Check: dependencies in R code
Result: NOTE
    Invalid MIT-MAGIC-COOKIE-1 key
Flavor: r-release-osx-x86_64-mavericks