CRAN Package Check Results for Package raster

Last updated on 2021-12-08 00:49:28 CET.

Flavor Version Tinstall Tcheck Ttotal Status Flags
r-devel-linux-x86_64-debian-clang 3.5-2 227.34 433.94 661.28 OK
r-devel-linux-x86_64-debian-gcc 3.5-2 166.91 321.95 488.86 OK
r-devel-linux-x86_64-fedora-clang 3.5-2 941.28 NOTE
r-devel-linux-x86_64-fedora-gcc 3.5-2 834.60 OK
r-devel-windows-x86_64-new-UL 3.5-2 350.00 532.00 882.00 NOTE
r-devel-windows-x86_64-new-TK 3.5-2 OK
r-devel-windows-x86_64-old 3.5-2 316.00 377.00 693.00 NOTE
r-patched-linux-x86_64 3.5-2 206.23 425.10 631.33 OK
r-release-linux-x86_64 3.5-2 192.22 425.61 617.83 OK
r-release-macos-arm64 3.5-2 NOTE
r-release-macos-x86_64 3.5-2 NOTE
r-release-windows-ix86+x86_64 3.5-2 381.00 691.00 1072.00 NOTE
r-oldrel-macos-x86_64 3.5-2 NOTE
r-oldrel-windows-ix86+x86_64 3.5-2 524.00 720.00 1244.00 NOTE

Check Details

Version: 3.5-2
Check: installed package size
Result: NOTE
     installed size is 10.0Mb
     sub-directories of 1Mb or more:
     R 3.0Mb
     libs 6.0Mb
Flavors: r-devel-linux-x86_64-fedora-clang, r-devel-windows-x86_64-new-UL, r-devel-windows-x86_64-old, r-release-macos-arm64, r-release-macos-x86_64, r-release-windows-ix86+x86_64, r-oldrel-macos-x86_64, r-oldrel-windows-ix86+x86_64