CRAN Package Check Results for Package raster

Last updated on 2018-09-24 12:00:06 CEST.

Flavor Version Tinstall Tcheck Ttotal Status Flags
r-devel-linux-x86_64-debian-clang 2.6-7 103.14 226.59 329.73 OK
r-devel-linux-x86_64-debian-gcc 2.6-7 89.44 187.25 276.69 OK
r-devel-linux-x86_64-fedora-clang 2.6-7 438.01 NOTE
r-devel-linux-x86_64-fedora-gcc 2.6-7 418.36 OK
r-devel-windows-ix86+x86_64 2.6-7 267.00 389.00 656.00 NOTE
r-patched-linux-x86_64 2.6-7 98.43 226.42 324.85 OK
r-patched-solaris-x86 2.6-7 444.20 OK
r-release-linux-x86_64 2.6-7 106.30 224.86 331.16 OK
r-release-windows-ix86+x86_64 2.6-7 225.00 383.00 608.00 NOTE
r-release-osx-x86_64 2.6-7 NOTE
r-oldrel-windows-ix86+x86_64 2.6-7 198.00 280.00 478.00 NOTE
r-oldrel-osx-x86_64 2.6-7 NOTE

Additional issues

clang-UBSAN

Check Details

Version: 2.6-7
Check: installed package size
Result: NOTE
     installed size is 6.1Mb
     sub-directories of 1Mb or more:
     R 2.4Mb
     libs 2.2Mb
Flavors: r-devel-linux-x86_64-fedora-clang, r-devel-windows-ix86+x86_64, r-release-windows-ix86+x86_64, r-release-osx-x86_64, r-oldrel-windows-ix86+x86_64, r-oldrel-osx-x86_64