CRAN Package Check Results for Package raster

Last updated on 2016-07-25 17:49:49.

Flavor Version Tinstall Tcheck Ttotal Status Flags
r-devel-linux-x86_64-debian-clang 2.5-8 62.09 150.28 212.37 OK
r-devel-linux-x86_64-debian-gcc 2.5-8 60.32 147.42 207.74 NOTE
r-devel-linux-x86_64-fedora-clang 2.5-8 357.61 OK
r-devel-linux-x86_64-fedora-gcc 2.5-8 320.20 OK
r-devel-osx-x86_64-clang 2.5-8 275.71 OK
r-devel-windows-ix86+x86_64 2.5-8 180.00 346.00 526.00 NOTE
r-patched-linux-x86_64 2.5-8 54.71 149.74 204.45 NOTE
r-patched-solaris-sparc 2.5-8 1974.20 NOTE
r-patched-solaris-x86 2.5-8 361.10 OK
r-release-linux-x86_64 2.5-8 56.70 145.88 202.59 NOTE
r-release-osx-x86_64-mavericks 2.5-8 NOTE
r-release-windows-ix86+x86_64 2.5-8 165.00 349.00 514.00 NOTE
r-oldrel-windows-ix86+x86_64 2.5-8 174.00 393.00 567.00 NOTE

Memtest notes: clang-UBSAN

Check Details

Version: 2.5-8
Check: installed package size
Result: NOTE
     installed size is 5.2Mb
     sub-directories of 1Mb or more:
     R 2.0Mb
     libs 1.6Mb
Flavors: r-devel-linux-x86_64-debian-gcc, r-devel-windows-ix86+x86_64, r-patched-linux-x86_64, r-patched-solaris-sparc, r-release-linux-x86_64, r-release-windows-ix86+x86_64, r-oldrel-windows-ix86+x86_64

Version: 2.5-8
Check: dependencies in R code
Result: NOTE
    Invalid MIT-MAGIC-COOKIE-1 key
Flavor: r-release-osx-x86_64-mavericks