CRAN Package Check Results for Package raster

Last updated on 2017-08-17 07:47:19.

Flavor Version Tinstall Tcheck Ttotal Status Flags
r-devel-linux-x86_64-debian-clang 2.5-8 55.98 147.49 203.47 NOTE
r-devel-linux-x86_64-debian-gcc 2.5-8 54.06 142.12 196.18 NOTE
r-devel-linux-x86_64-fedora-clang 2.5-8 375.54 NOTE
r-devel-linux-x86_64-fedora-gcc 2.5-8 369.29 NOTE
r-devel-windows-ix86+x86_64 2.5-8 147.00 291.00 438.00 NOTE
r-patched-linux-x86_64 2.5-8 54.02 150.05 204.07 NOTE
r-patched-solaris-x86 2.5-8 391.40 OK
r-release-linux-x86_64 2.5-8 56.84 145.50 202.34 NOTE
r-release-windows-ix86+x86_64 2.5-8 152.00 312.00 464.00 NOTE
r-release-osx-x86_64 2.5-8 NOTE
r-oldrel-windows-ix86+x86_64 2.5-8 195.00 255.00 450.00 NOTE
r-oldrel-osx-x86_64 2.5-8 NOTE

Additional issues

clang-UBSAN

Check Details

Version: 2.5-8
Check: compiled code
Result: NOTE
    File ‘raster/libs/raster.so’:
     Found no calls to: ‘R_registerRoutines’, ‘R_useDynamicSymbols’
    
    It is good practice to register native routines and to disable symbol
    search.
    
    See ‘Writing portable packages’ in the ‘Writing R Extensions’ manual.
Flavors: r-devel-linux-x86_64-debian-clang, r-devel-linux-x86_64-debian-gcc, r-devel-linux-x86_64-fedora-clang, r-devel-linux-x86_64-fedora-gcc, r-patched-linux-x86_64, r-release-linux-x86_64

Version: 2.5-8
Check: installed package size
Result: NOTE
     installed size is 5.1Mb
     sub-directories of 1Mb or more:
     R 2.3Mb
     libs 1.2Mb
Flavors: r-devel-linux-x86_64-fedora-clang, r-devel-linux-x86_64-fedora-gcc, r-devel-windows-ix86+x86_64, r-release-windows-ix86+x86_64, r-oldrel-windows-ix86+x86_64

Version: 2.5-8
Check: package dependencies
Result: NOTE
    Packages suggested but not available for checking: ‘rgdal’ ‘ncdf4’
Flavor: r-release-osx-x86_64

Version: 2.5-8
Check: Rd cross-references
Result: NOTE
    Package unavailable to check Rd xrefs: ‘rgdal’
Flavor: r-release-osx-x86_64

Version: 2.5-8
Check: re-building of vignette outputs
Result: NOTE
    Error in re-building vignettes:
     ...
    Loading required package: sp
    Error in texi2dvi(file = file, pdf = TRUE, clean = clean, quiet = quiet, :
     Running 'texi2dvi' on 'Raster.tex' failed.
    LaTeX errors:
    ! LaTeX Error: File `hanging.sty' not found.
    
    Type X to quit or <RETURN> to proceed,
    or enter new name. (Default extension: sty)
    
    ! Emergency stop.
    <read *>
    
    l.8 \usepackage
     [utf8]{inputenc}^^M
    ! ==> Fatal error occurred, no output PDF file produced!
    Calls: buildVignettes -> texi2pdf -> texi2dvi
    Execution halted
Flavor: r-release-osx-x86_64

Version: 2.5-8
Check: dependencies in R code
Result: NOTE
    Invalid MIT-MAGIC-COOKIE-1 key
Flavor: r-oldrel-osx-x86_64