CRAN Package Check Results for Package raster

Last updated on 2017-06-27 16:47:10.

Flavor Version Tinstall Tcheck Ttotal Status Flags
r-devel-linux-x86_64-debian-clang 2.5-8 55.33 146.25 201.58 NOTE
r-devel-linux-x86_64-debian-gcc 2.5-8 53.75 149.17 202.92 NOTE
r-devel-linux-x86_64-fedora-clang 2.5-8 377.63 NOTE
r-devel-linux-x86_64-fedora-gcc 2.5-8 365.35 NOTE
r-devel-windows-ix86+x86_64 2.5-8 222.00 293.00 515.00 NOTE
r-patched-linux-x86_64 2.5-8 55.11 149.39 204.50 NOTE
r-patched-solaris-sparc 2.5-8 2090.70 OK
r-patched-solaris-x86 2.5-8 380.90 OK
r-release-linux-x86_64 2.5-8 59.98 146.24 206.22 NOTE
r-release-windows-ix86+x86_64 2.5-8 155.00 377.00 532.00 NOTE
r-release-osx-x86_64 2.5-8 NOTE
r-oldrel-windows-ix86+x86_64 2.5-8 201.00 332.00 533.00 NOTE
r-oldrel-osx-x86_64 2.5-8 NOTE

Additional issues

clang-UBSAN

Check Details

Version: 2.5-8
Check: compiled code
Result: NOTE
    File ‘raster/libs/raster.so’:
     Found no calls to: ‘R_registerRoutines’, ‘R_useDynamicSymbols’
    
    It is good practice to register native routines and to disable symbol
    search.
    
    See ‘Writing portable packages’ in the ‘Writing R Extensions’ manual.
Flavors: r-devel-linux-x86_64-debian-clang, r-devel-linux-x86_64-debian-gcc, r-devel-linux-x86_64-fedora-clang, r-devel-linux-x86_64-fedora-gcc, r-patched-linux-x86_64, r-release-linux-x86_64

Version: 2.5-8
Check: installed package size
Result: NOTE
     installed size is 5.1Mb
     sub-directories of 1Mb or more:
     R 2.3Mb
     libs 1.2Mb
Flavors: r-devel-linux-x86_64-fedora-clang, r-devel-linux-x86_64-fedora-gcc, r-devel-windows-ix86+x86_64, r-release-windows-ix86+x86_64, r-oldrel-windows-ix86+x86_64

Version: 2.5-8
Check: package dependencies
Result: NOTE
    Packages suggested but not available for checking: ‘rgdal’ ‘ncdf4’
Flavor: r-release-osx-x86_64

Version: 2.5-8
Check: Rd cross-references
Result: NOTE
    Package unavailable to check Rd xrefs: ‘rgdal’
Flavor: r-release-osx-x86_64

Version: 2.5-8
Check: re-building of vignette outputs
Result: NOTE
    Error in re-building vignettes:
     ...
    Loading required package: sp
    Error in texi2dvi(file = file, pdf = TRUE, clean = clean, quiet = quiet, :
     Running 'texi2dvi' on 'Raster.tex' failed.
    LaTeX errors:
    ! LaTeX Error: File `hanging.sty' not found.
    
    Type X to quit or <RETURN> to proceed,
    or enter new name. (Default extension: sty)
    
    ! Emergency stop.
    <read *>
    
    l.8 \usepackage
     [utf8]{inputenc}^^M
    ! ==> Fatal error occurred, no output PDF file produced!
    Calls: buildVignettes -> texi2pdf -> texi2dvi
    Execution halted
Flavor: r-release-osx-x86_64

Version: 2.5-8
Check: dependencies in R code
Result: NOTE
    Invalid MIT-MAGIC-COOKIE-1 key
Flavor: r-oldrel-osx-x86_64