CRAN Package Check Results for Package raster

Last updated on 2015-09-03 12:49:53.

Flavor Version Tinstall Tcheck Ttotal Status Flags
r-devel-linux-x86_64-debian-clang 2.4-18 46.89 135.98 182.87 OK
r-devel-linux-x86_64-debian-gcc 2.4-18 46.63 138.26 184.89 OK
r-devel-linux-x86_64-fedora-clang 2.4-18 362.75 OK
r-devel-linux-x86_64-fedora-gcc 2.4-18 337.41 OK
r-devel-osx-x86_64-clang 2.4-18 303.48 OK
r-devel-windows-ix86+x86_64 2.4-18 183.00 260.00 443.00 NOTE
r-patched-linux-x86_64 2.4-18 48.59 143.85 192.44 NOTE
r-patched-solaris-sparc 2.4-18 1879.30 OK
r-patched-solaris-x86 2.4-18 391.50 OK
r-release-linux-x86_64 2.4-18 48.57 138.98 187.55 NOTE
r-release-osx-x86_64-mavericks 2.4-18 OK
r-release-windows-ix86+x86_64 2.4-18 188.00 279.00 467.00 NOTE
r-oldrel-windows-ix86+x86_64 2.4-18 199.00 321.00 520.00 NOTE

Memtest notes: clang-UBSAN

Check Details

Version: 2.4-18
Check: package dependencies
Result: NOTE
    Package suggested but not available for checking: 'ncdf4'
Flavors: r-devel-windows-ix86+x86_64, r-release-windows-ix86+x86_64, r-oldrel-windows-ix86+x86_64

Version: 2.4-18
Check: installed package size
Result: NOTE
     installed size is 5.0Mb
     sub-directories of 1Mb or more:
     R 2.0Mb
     libs 1.5Mb
Flavors: r-patched-linux-x86_64, r-release-linux-x86_64