CRAN Package Check Results for Package raster

Last updated on 2016-08-26 03:47:19.

Flavor Version Tinstall Tcheck Ttotal Status Flags
r-devel-linux-x86_64-debian-clang 2.5-8 49.84 138.22 188.06 OK
r-devel-linux-x86_64-debian-gcc 2.5-8 67.12 165.79 232.91 NOTE
r-devel-linux-x86_64-fedora-clang 2.5-8 357.14 OK
r-devel-linux-x86_64-fedora-gcc 2.5-8 326.55 NOTE
r-devel-osx-x86_64-clang 2.5-8 278.09 OK
r-devel-windows-ix86+x86_64 2.5-8 186.00 255.00 441.00 NOTE
r-patched-linux-x86_64 2.5-8 45.43 131.24 176.67 NOTE
r-patched-solaris-sparc 2.5-8 2006.10 OK
r-patched-solaris-x86 2.5-8 361.40 OK
r-release-linux-x86_64 2.5-8 50.24 134.55 184.79 NOTE
r-release-osx-x86_64-mavericks 2.5-8 NOTE
r-release-windows-ix86+x86_64 2.5-8 136.00 249.00 385.00 NOTE
r-oldrel-windows-ix86+x86_64 2.5-8 135.00 272.00 407.00 NOTE

Memtest notes: clang-UBSAN

Check Details

Version: 2.5-8
Check: installed package size
Result: NOTE
     installed size is 5.1Mb
     sub-directories of 1Mb or more:
     R 2.0Mb
     libs 1.6Mb
Flavors: r-devel-linux-x86_64-debian-gcc, r-devel-linux-x86_64-fedora-gcc, r-devel-windows-ix86+x86_64, r-patched-linux-x86_64, r-release-linux-x86_64, r-release-windows-ix86+x86_64, r-oldrel-windows-ix86+x86_64

Version: 2.5-8
Check: dependencies in R code
Result: NOTE
    Invalid MIT-MAGIC-COOKIE-1 key
Flavor: r-release-osx-x86_64-mavericks