CRAN Package Check Results for Package raster

Last updated on 2015-04-25 15:46:19.

Flavor Version Tinstall Tcheck Ttotal Status Flags
r-devel-linux-x86_64-debian-clang 2.3-40 0.90 1.76 2.66 ERROR
r-devel-linux-x86_64-debian-gcc 2.3-40 27.15 115.64 142.79 OK
r-devel-linux-x86_64-fedora-clang 2.3-40 288.02 OK
r-devel-linux-x86_64-fedora-gcc 2.3-40 267.59 OK
r-devel-osx-x86_64-clang 2.3-40 232.76 OK
r-devel-windows-ix86+x86_64 2.3-40 71.00 199.00 270.00 NOTE
r-patched-linux-x86_64 2.3-40 27.40 115.01 142.41 OK
r-patched-solaris-sparc 2.3-40 1498.40 OK
r-patched-solaris-x86 2.3-40 326.00 OK
r-release-linux-x86_64 2.3-40 27.52 114.92 142.43 OK
r-release-osx-x86_64-mavericks 2.3-40 NOTE
r-release-osx-x86_64-snowleopard 2.3-40 ERROR
r-release-windows-ix86+x86_64 2.3-40 80.00 206.00 286.00 NOTE
r-oldrel-windows-ix86+x86_64 2.3-40 63.00 210.00 273.00 NOTE

Check Details

Version: 2.3-40
Check: package dependencies
Result: NOTE
    Package suggested but not available for checking: 'ncdf4'
Flavors: r-devel-windows-ix86+x86_64, r-release-windows-ix86+x86_64, r-oldrel-windows-ix86+x86_64