CRAN Package Check Results for Package raster

Last updated on 2017-02-27 23:03:49.

Flavor Version Tinstall Tcheck Ttotal Status Flags
r-devel-linux-x86_64-debian-clang 2.5-8 54.82 150.55 205.37 NOTE
r-devel-linux-x86_64-debian-gcc 2.5-8 51.80 144.73 196.53 NOTE
r-devel-linux-x86_64-fedora-clang 2.5-8 378.67 NOTE --no-stop-on-test-error
r-devel-linux-x86_64-fedora-gcc 2.5-8 359.47 NOTE --no-stop-on-test-error
r-devel-macos-x86_64-clang 2.5-8 288.07 NOTE --no-stop-on-test-error
r-devel-windows-ix86+x86_64 2.5-8 143.00 486.00 629.00 NOTE
r-patched-linux-x86_64 2.5-8 44.75 139.73 184.48 OK
r-patched-solaris-sparc 2.5-8 1982.70 OK
r-patched-solaris-x86 2.5-8 352.50 OK
r-release-linux-x86_64 2.5-8 47.06 141.39 188.45 OK
r-release-osx-x86_64-mavericks 2.5-8 NOTE
r-release-windows-ix86+x86_64 2.5-8 145.00 452.00 597.00 NOTE
r-oldrel-windows-ix86+x86_64 2.5-8 140.00 373.00 513.00 NOTE

Memtest notes: clang-UBSAN

Check Details

Version: 2.5-8
Check: compiled code
Result: NOTE
    File ‘raster/libs/raster.so’:
     Found no calls to: ‘R_registerRoutines’, ‘R_useDynamicSymbols’
    
    It is good practice to register native routines and to disable symbol
    search.
    
    See ‘Writing portable packages’ in the ‘Writing R Extensions’ manual.
Flavors: r-devel-linux-x86_64-debian-clang, r-devel-linux-x86_64-debian-gcc

Version: 2.5-8
Flags: --no-stop-on-test-error
Check: compiled code
Result: NOTE
    File ‘raster/libs/raster.so’:
     Found no calls to: ‘R_registerRoutines’, ‘R_useDynamicSymbols’
    
    It is good practice to register native routines and to disable symbol
    search.
    
    See ‘Writing portable packages’ in the ‘Writing R Extensions’ manual.
Flavors: r-devel-linux-x86_64-fedora-clang, r-devel-linux-x86_64-fedora-gcc, r-devel-macos-x86_64-clang

Version: 2.5-8
Flags: --no-stop-on-test-error
Check: installed package size
Result: NOTE
     installed size is 5.5Mb
     sub-directories of 1Mb or more:
     R 2.3Mb
     libs 1.5Mb
Flavor: r-devel-linux-x86_64-fedora-gcc

Version: 2.5-8
Check: installed package size
Result: NOTE
     installed size is 5.5Mb
     sub-directories of 1Mb or more:
     R 2.3Mb
     libs 1.6Mb
Flavors: r-devel-windows-ix86+x86_64, r-release-windows-ix86+x86_64, r-oldrel-windows-ix86+x86_64

Version: 2.5-8
Check: dependencies in R code
Result: NOTE
    Invalid MIT-MAGIC-COOKIE-1 key
Flavor: r-release-osx-x86_64-mavericks