CRAN Package Check Results for Package raster

Last updated on 2014-07-24 19:49:08.

Flavor Version Tinstall Tcheck Ttotal Status Flags
r-devel-linux-x86_64-debian-clang 2.2-31 30.70 132.48 163.17 OK
r-devel-linux-x86_64-debian-gcc 2.2-31 31.57 130.45 162.02 OK
r-devel-linux-x86_64-fedora-clang 2.2-31 344.42 OK
r-devel-linux-x86_64-fedora-gcc 2.2-31 333.21 OK
r-devel-osx-x86_64-clang 2.2-31 269.28 OK
r-devel-windows-ix86+x86_64 2.2-31 72.00 201.00 273.00 NOTE
r-patched-linux-x86_64 2.2-31 30.38 128.17 158.55 OK
r-patched-solaris-sparc 2.2-31 1857.10 OK
r-patched-solaris-x86 2.2-31 398.90 OK
r-release-linux-ix86 2.2-31 35.80 157.52 193.32 OK
r-release-linux-x86_64 2.2-31 31.16 131.25 162.41 OK
r-release-osx-x86_64-mavericks 2.2-31 NOTE
r-release-osx-x86_64-snowleopard 2.2-31 OK
r-release-windows-ix86+x86_64 2.2-31 71.00 214.00 285.00 NOTE
r-oldrel-windows-ix86+x86_64 2.2-31 68.00 209.00 277.00 NOTE

Check Details

Version: 2.2-31
Check: package dependencies
Result: NOTE
    Package suggested but not available for checking: 'ncdf4'
Flavors: r-devel-windows-ix86+x86_64, r-release-windows-ix86+x86_64, r-oldrel-windows-ix86+x86_64

Version: 2.2-31
Check: package dependencies
Result: NOTE
    Packages suggested but not available for checking:
     ‘rgdal’ ‘rgeos’ ‘ncdf’ ‘ncdf4’
Flavor: r-release-osx-x86_64-mavericks

Version: 2.2-31
Check: R code for possible problems
Result: NOTE
    .closeConnection: no visible global function definition for
     ‘closeDataset’
    .closeConnection: no visible global function definition for
     ‘close.ncdf’
    .computeRes: no visible global function definition for ‘rawTransform’
    .coverIdentity: no visible global function definition for ‘gIntersects’
    .coverIdentity: no visible global function definition for
     ‘gIntersection’
    .cropSpatialLines: no visible global function definition for
     ‘gIntersects’
    .cropSpatialLines: no visible global function definition for
     ‘gIntersection’
    .cropSpatialPolygons: no visible global function definition for
     ‘gUnaryUnion’
    .cropSpatialPolygons: no visible global function definition for
     ‘gIntersects’
    .cropSpatialPolygons: no visible global function definition for
     ‘gIntersection’
    .doTime: no visible global function definition for ‘att.get.ncdf’
    .gDif: no visible global function definition for ‘gDifference’
    .gdalWriteFormats: no visible global function definition for
     ‘gdalDrivers’
    .getCRSfromGridMap3: no visible global function definition for
     ‘att.get.ncdf’
    .getGDALtransient: no visible global function definition for ‘GDALcall’
    .getTransientRows: no visible global function definition for
     ‘getRasterData’
    .makeProj: no visible global function definition for ‘projInfo’
    .openConnection: no visible global function definition for ‘GDAL.open’
    .openConnection: no visible global function definition for ‘open.ncdf’
    .rasterFromGDAL: no visible global function definition for ‘GDALinfo’
    .rasterFromGDAL: no visible global function definition for ‘GDAL.open’
    .rasterFromGDAL: no visible global function definition for
     ‘getColorTable’
    .rasterFromGDAL: no visible global function definition for
     ‘getRasterBlockSize’
    .rasterFromGDAL: no visible global function definition for
     ‘getRasterBand’
    .rasterFromGDAL: no visible global function definition for ‘GDAL.close’
    .rasterObjectFromCDF: no visible global function definition for
     ‘open.ncdf’
    .rasterObjectFromCDF: no visible global function definition for
     ‘close.ncdf’
    .rasterObjectFromCDF: no visible global function definition for
     ‘att.get.ncdf’
    .rasterObjectFromCDF_GMT: no visible global function definition for
     ‘get.var.ncdf’
    .readBrickCellsNetCDF: no visible global function definition for
     ‘open.ncdf’
    .readBrickCellsNetCDF: no visible global function definition for
     ‘close.ncdf’
    .readBrickCellsNetCDF: no visible binding for global variable
     ‘get.var.ncdf’
    .readCellsGDAL: no visible global function definition for ‘GDAL.open’
    .readCellsGDAL: no visible global function definition for
     ‘getRasterData’
    .readCellsGDAL: no visible global function definition for
     ‘closeDataset’
    .readRasterBrickValues: no visible global function definition for
     ‘GDAL.open’
    .readRasterBrickValues: no visible global function definition for
     ‘getRasterData’
    .readRasterBrickValues: no visible global function definition for
     ‘closeDataset’
    .readRasterCellsNetCDF: no visible global function definition for
     ‘open.ncdf’
    .readRasterCellsNetCDF: no visible global function definition for
     ‘close.ncdf’
    .readRasterCellsNetCDF: no visible binding for global variable
     ‘get.var.ncdf’
    .readRasterLayerValues: no visible global function definition for
     ‘getRasterData’
    .readRasterLayerValues: no visible global function definition for
     ‘GDAL.open’
    .readRasterLayerValues: no visible global function definition for
     ‘closeDataset’
    .readRowsBrickNetCDF: no visible global function definition for
     ‘open.ncdf’
    .readRowsBrickNetCDF: no visible global function definition for
     ‘close.ncdf’
    .readRowsBrickNetCDF: no visible global function definition for
     ‘get.var.ncdf’
    .readRowsNetCDF: no visible global function definition for ‘open.ncdf’
    .readRowsNetCDF: no visible global function definition for ‘close.ncdf’
    .readRowsNetCDF: no visible global function definition for
     ‘get.var.ncdf’
    .stackCDF: no visible global function definition for ‘open.ncdf’
    .stackCDF: no visible global function definition for ‘close.ncdf’
    .startWriteCDF: no visible global function definition for
     ‘dim.def.ncdf’
    .startWriteCDF: no visible global function definition for
     ‘var.def.ncdf’
    .startWriteCDF: no visible global function definition for ‘create.ncdf’
    .startWriteCDF: no visible global function definition for
     ‘att.put.ncdf’
    .startWriteCDF: no visible global function definition for ‘close.ncdf’
    .stopGDALwriting: no visible global function definition for ‘GDALcall’
    .stopGDALwriting: no visible global function definition for
     ‘saveDataset’
    .stopGDALwriting: no visible global function definition for
     ‘GDAL.close’
    .stopWriteCDF: no visible global function definition for ‘open.ncdf’
    .stopWriteCDF: no visible global function definition for ‘close.ncdf’
    .stopWriteCDF: no visible global function definition for ‘att.put.ncdf’
    .updateGDAL: no visible global function definition for ‘GDAL.close’
    .updateGDAL: no visible global function definition for ‘getDriverName’
    .updateGDAL: no visible global function definition for ‘getDriver’
    .updateGDAL: no visible global function definition for ‘putRasterData’
    .updateGDAL: no visible global function definition for ‘GDALcall’
    .updateNCDF: no visible global function definition for ‘open.ncdf’
    .updateNCDF: no visible global function definition for ‘close.ncdf’
    .updateNCDF: no visible global function definition for ‘put.var.ncdf’
    .writeHdrPRJ: no visible global function definition for ‘showWKT’
    .writeValuesBrickCDF: no visible global function definition for
     ‘open.ncdf’
    .writeValuesBrickCDF: no visible global function definition for
     ‘put.var.ncdf’
    .writeValuesBrickCDF: no visible global function definition for
     ‘close.ncdf’
    .writeValuesCDF: no visible global function definition for ‘open.ncdf’
    .writeValuesCDF: no visible global function definition for
     ‘put.var.ncdf’
    .writeValuesCDF: no visible global function definition for ‘close.ncdf’
    projectExtent: no visible global function definition for ‘rawTransform’
    projectRaster : clFun: no visible global function definition for
     ‘rawTransform’
    projectRaster: no visible global function definition for ‘rawTransform’
    erase,SpatialPolygons-SpatialPolygons: no visible global function
     definition for ‘gIntersects’
    intersect,SpatialPolygons-SpatialPolygons: no visible global function
     definition for ‘gIntersects’
    intersect,SpatialPolygons-SpatialPolygons: no visible global function
     definition for ‘gIntersection’
    print,Raster: no visible global function definition for ‘open.ncdf’
    print,Raster: no visible global function definition for ‘close.ncdf’
    symdif,SpatialPolygons-SpatialPolygons: no visible global function
     definition for ‘gIntersects’
    union,SpatialPolygons-SpatialPolygons: no visible global function
     definition for ‘gIntersects’
    writeValues,RasterBrick-matrix: no visible global function definition
     for ‘putRasterData’
    writeValues,RasterLayer-vector: no visible global function definition
     for ‘putRasterData’
Flavor: r-release-osx-x86_64-mavericks

Version: 2.2-31
Check: Rd cross-references
Result: NOTE
    Packages unavailable to check Rd xrefs: ‘rgdal’, ‘gstat’
Flavor: r-release-osx-x86_64-mavericks

Version: 2.2-31
Check: re-building of vignette outputs
Result: NOTE
    Error in re-building vignettes:
     ...
    Loading required package: sp
    Error in texi2dvi(file = file, pdf = TRUE, clean = clean, quiet = quiet, :
     Running 'texi2dvi' on 'Raster.tex' failed.
    LaTeX errors:
    ! LaTeX Error: File `hanging.sty' not found.
    
    Type X to quit or <RETURN> to proceed,
    or enter new name. (Default extension: sty)
    
    test/raster/vignettes/Raster.tex:8: ==> Fatal error occurred, no output PDF fi
    le produced!
    Calls: buildVignettes -> texi2pdf -> texi2dvi
    Execution halted
Flavor: r-release-osx-x86_64-mavericks