CRAN Package Check Results for Package raster

Last updated on 2017-04-27 23:50:10.

Flavor Version Tinstall Tcheck Ttotal Status Flags
r-devel-linux-x86_64-debian-clang 2.5-8 55.60 152.77 208.37 NOTE
r-devel-linux-x86_64-debian-gcc 2.5-8 52.15 148.98 201.14 NOTE
r-devel-linux-x86_64-fedora-clang 2.5-8 389.73 NOTE --no-stop-on-test-error
r-devel-linux-x86_64-fedora-gcc 2.5-8 357.27 NOTE --no-stop-on-test-error
r-devel-windows-ix86+x86_64 2.5-8 135.00 284.00 419.00 NOTE
r-patched-linux-x86_64 2.5-8 47.69 151.09 198.78 NOTE
r-patched-solaris-sparc 2.5-8 2055.30 OK
r-patched-solaris-x86 2.5-8 378.90 OK
r-release-linux-x86_64 2.5-8 50.08 142.47 192.55 NOTE
r-release-windows-ix86+x86_64 2.5-8 140.00 280.00 420.00 NOTE
r-release-osx-x86_64 2.5-8 NOTE
r-oldrel-windows-ix86+x86_64 2.5-8 183.00 342.00 525.00 NOTE
r-oldrel-osx-x86_64 2.5-8 NOTE

Memtest notes: clang-UBSAN

Check Details

Version: 2.5-8
Check: compiled code
Result: NOTE
    File ‘raster/libs/raster.so’:
     Found no calls to: ‘R_registerRoutines’, ‘R_useDynamicSymbols’
    
    It is good practice to register native routines and to disable symbol
    search.
    
    See ‘Writing portable packages’ in the ‘Writing R Extensions’ manual.
Flavors: r-devel-linux-x86_64-debian-clang, r-devel-linux-x86_64-debian-gcc, r-patched-linux-x86_64, r-release-linux-x86_64

Version: 2.5-8
Flags: --no-stop-on-test-error
Check: compiled code
Result: NOTE
    File ‘raster/libs/raster.so’:
     Found no calls to: ‘R_registerRoutines’, ‘R_useDynamicSymbols’
    
    It is good practice to register native routines and to disable symbol
    search.
    
    See ‘Writing portable packages’ in the ‘Writing R Extensions’ manual.
Flavors: r-devel-linux-x86_64-fedora-clang, r-devel-linux-x86_64-fedora-gcc

Version: 2.5-8
Flags: --no-stop-on-test-error
Check: installed package size
Result: NOTE
     installed size is 5.5Mb
     sub-directories of 1Mb or more:
     R 2.3Mb
     libs 1.6Mb
Flavor: r-devel-linux-x86_64-fedora-gcc

Version: 2.5-8
Check: installed package size
Result: NOTE
     installed size is 5.5Mb
     sub-directories of 1Mb or more:
     R 2.3Mb
     libs 1.6Mb
Flavors: r-devel-windows-ix86+x86_64, r-release-windows-ix86+x86_64, r-oldrel-windows-ix86+x86_64

Version: 2.5-8
Check: package dependencies
Result: NOTE
    Packages suggested but not available for checking: ‘rgdal’ ‘ncdf4’
Flavor: r-release-osx-x86_64

Version: 2.5-8
Check: Rd cross-references
Result: NOTE
    Package unavailable to check Rd xrefs: ‘rgdal’
Flavor: r-release-osx-x86_64

Version: 2.5-8
Check: re-building of vignette outputs
Result: NOTE
    Error in re-building vignettes:
     ...
    Loading required package: sp
    Error in texi2dvi(file = file, pdf = TRUE, clean = clean, quiet = quiet, :
     Running 'texi2dvi' on 'Raster.tex' failed.
    LaTeX errors:
    ! LaTeX Error: File `hanging.sty' not found.
    
    Type X to quit or <RETURN> to proceed,
    or enter new name. (Default extension: sty)
    
    ! Emergency stop.
    <read *>
    
    l.8 \usepackage
     [utf8]{inputenc}^^M
    ! ==> Fatal error occurred, no output PDF file produced!
    Calls: buildVignettes -> texi2pdf -> texi2dvi
    Execution halted
Flavor: r-release-osx-x86_64

Version: 2.5-8
Check: dependencies in R code
Result: NOTE
    Invalid MIT-MAGIC-COOKIE-1 key
Flavor: r-oldrel-osx-x86_64