CRAN Package Check Results for Package raster

Last updated on 2015-03-06 06:47:05.

Flavor Version Tinstall Tcheck Ttotal Status Flags
r-devel-linux-x86_64-debian-clang 2.3-24 27.29 118.29 145.58 OK
r-devel-linux-x86_64-debian-gcc 2.3-24 25.69 112.02 137.71 OK
r-devel-linux-x86_64-fedora-clang 2.3-24 282.53 OK
r-devel-linux-x86_64-fedora-gcc 2.3-24 263.35 OK
r-devel-osx-x86_64-clang 2.3-24 262.33 OK
r-devel-windows-ix86+x86_64 2.3-24 74.00 194.00 268.00 NOTE
r-patched-linux-x86_64 2.3-24 36.30 131.88 168.18 OK
r-patched-solaris-sparc 2.3-24 1868.30 OK
r-patched-solaris-x86 2.3-24 381.60 OK
r-release-linux-ix86 2.3-24 38.69 154.22 192.91 OK
r-release-linux-x86_64 2.3-24 32.27 132.59 164.86 OK
r-release-osx-x86_64-mavericks 2.3-24 NOTE
r-release-osx-x86_64-snowleopard 2.3-24 OK
r-release-windows-ix86+x86_64 2.3-24 80.00 220.00 300.00 NOTE
r-oldrel-windows-ix86+x86_64 2.3-24 76.00 225.00 301.00 NOTE

Check Details

Version: 2.3-24
Check: package dependencies
Result: NOTE
    Package suggested but not available for checking: 'ncdf4'
Flavors: r-devel-windows-ix86+x86_64, r-release-windows-ix86+x86_64, r-oldrel-windows-ix86+x86_64

Version: 2.3-24
Check: package dependencies
Result: NOTE
    Packages suggested but not available for checking: ‘rgdal’ ‘rgeos’
Flavor: r-release-osx-x86_64-mavericks

Version: 2.3-24
Check: Rd cross-references
Result: NOTE
    Package unavailable to check Rd xrefs: ‘rgdal’
Flavor: r-release-osx-x86_64-mavericks