CRAN Package Check Results for Package rasterVis

Last updated on 2015-05-27 03:48:20.

Flavor Version Tinstall Tcheck Ttotal Status Flags
r-devel-linux-x86_64-debian-clang 0.35 3.73 40.90 44.62 OK
r-devel-linux-x86_64-debian-gcc 0.35 2.83 39.58 42.42 OK
r-devel-linux-x86_64-fedora-clang 0.35 90.62 OK
r-devel-linux-x86_64-fedora-gcc 0.35 85.61 OK
r-devel-osx-x86_64-clang 0.35 74.34 OK
r-devel-windows-ix86+x86_64 0.35 9.00 62.00 71.00 OK
r-patched-linux-x86_64 0.35 2.80 39.48 42.28 OK
r-patched-solaris-sparc 0.35 532.70 OK
r-patched-solaris-x86 0.35 119.20 OK
r-release-linux-x86_64 0.35 2.84 40.22 43.06 OK
r-release-osx-x86_64-mavericks 0.35 OK
r-release-osx-x86_64-snowleopard 0.35 ERROR
r-release-windows-ix86+x86_64 0.35 9.00 71.00 80.00 OK
r-oldrel-windows-ix86+x86_64 0.35 10.00 69.00 79.00 OK

Check Details

Version: 0.35
Check: package dependencies
Result: ERROR
    Packages required but not available: ‘raster’ ‘latticeExtra’ ‘zoo’
    
    Package suggested but not available for checking: ‘ggplot2’
    
    See section ‘The DESCRIPTION file’ in the ‘Writing R Extensions’
    manual.
Flavor: r-release-osx-x86_64-snowleopard