CRAN Package Check Results for Package rasterVis

Last updated on 2015-07-28 09:47:14.

Flavor Version Tinstall Tcheck Ttotal Status Flags
r-devel-linux-x86_64-debian-clang 0.35 3.10 43.30 46.40 NOTE
r-devel-linux-x86_64-debian-gcc 0.35 3.04 43.19 46.23 NOTE
r-devel-linux-x86_64-fedora-clang 0.35 94.72 NOTE
r-devel-linux-x86_64-fedora-gcc 0.35 92.21 NOTE
r-devel-osx-x86_64-clang 0.35 71.77 NOTE
r-devel-windows-ix86+x86_64 0.35 7.00 65.00 72.00 NOTE
r-patched-linux-x86_64 0.35 3.00 42.94 45.95 NOTE
r-patched-solaris-sparc 0.35 580.50 NOTE
r-patched-solaris-x86 0.35 126.00 NOTE
r-release-linux-x86_64 0.35 2.98 43.28 46.26 NOTE
r-release-osx-x86_64-mavericks 0.35 OK
r-release-windows-ix86+x86_64 0.35 13.00 68.00 81.00 NOTE
r-oldrel-windows-ix86+x86_64 0.35 12.00 86.00 98.00 NOTE

Check Details

Version: 0.35
Check: R code for possible problems
Result: NOTE
    identifyRaster,Raster: warning in panel.identify(subscripts = subs,
     label = lbl, pch = pch, cex = cex, col = col, ...): partial argument
     match of ‘label’ to ‘labels’
    legendGeneric: no visible global function definition for ‘modifyList’
    raster2dat: no visible global function definition for ‘reorder’
    streamTheme: no visible global function definition for ‘modifyList’
    bwplot,formula-Raster: no visible global function definition for
     ‘modifyList’
    contourplot,Raster-missing: no visible global function definition for
     ‘modifyList’
    densityplot,RasterStackBrick-missing: no visible binding for global
     variable ‘ind’
    gplot,Raster: no visible global function definition for ‘ggplot’
    gplot,Raster: no visible global function definition for ‘aes’
    gplot,Raster: no visible binding for global variable ‘y’
    horizonplot,RasterStackBrick-missing: no visible binding for global
     variable ‘y’
    hovmoller,RasterStackBrick: no visible binding for global variable ‘y’
    levelplot,Raster-missing: no visible global function definition for
     ‘modifyList’
    levelplot,Raster-missing: no visible global function definition for
     ‘as.formula’
    plot3D,RasterLayer: no visible global function definition for ‘open3d’
    plot3D,RasterLayer: no visible global function definition for
     ‘surface3d’
    streamplot,Raster: no visible global function definition for
     ‘detectCores’
    streamplot,Raster: no visible global function definition for
     ‘modifyList’
    streamplot,Raster: no visible global function definition for
     ‘coordinates’
    streamplot,Raster: no visible global function definition for
     ‘SpatialPointsDataFrame’
    streamplot,Raster: no visible global function definition for
     ‘parLapply’
    streamplot,Raster: no visible global function definition for ‘mclapply’
    streamplot,RasterStack: no visible global function definition for
     ‘detectCores’
    streamplot,RasterStack: no visible global function definition for
     ‘xyplot.list’
    vectorplot,Raster: no visible global function definition for
     ‘modifyList’
    vectorplot,RasterStack : removeNmsAttr: no visible global function
     definition for ‘xyplot.list’
    xyplot,RasterStackBrick-missing: no visible binding for global variable
     ‘y’
    xyplot,RasterStackBrick-missing: no visible binding for global variable
     ‘group.value’
    Undefined global functions or variables:
     SpatialPointsDataFrame aes as.formula coordinates detectCores ggplot
     group.value ind mclapply modifyList open3d parLapply reorder
     surface3d xyplot.list y
    Consider adding
     importFrom("stats", "as.formula", "reorder")
     importFrom("utils", "modifyList")
    to your NAMESPACE.
Flavors: r-devel-linux-x86_64-debian-clang, r-devel-linux-x86_64-debian-gcc, r-devel-linux-x86_64-fedora-clang, r-devel-linux-x86_64-fedora-gcc, r-devel-windows-ix86+x86_64

Version: 0.35
Check: R code for possible problems
Result: NOTE
    identifyRaster,Raster: warning in panel.identify(subscripts = subs,
     label = lbl, pch = pch, cex = cex, col = col, ...): partial argument
     match of 'label' to 'labels'
    densityplot,RasterStackBrick-missing: no visible binding for global
     variable ‘ind’
    gplot,Raster: no visible global function definition for ‘ggplot’
    gplot,Raster: no visible global function definition for ‘aes’
    gplot,Raster: no visible binding for global variable ‘y’
    horizonplot,RasterStackBrick-missing: no visible binding for global
     variable ‘y’
    hovmoller,RasterStackBrick: no visible binding for global variable ‘y’
    plot3D,RasterLayer: no visible global function definition for ‘open3d’
    plot3D,RasterLayer: no visible global function definition for
     ‘surface3d’
    streamplot,Raster: no visible global function definition for
     ‘detectCores’
    streamplot,Raster: no visible global function definition for
     ‘coordinates’
    streamplot,Raster: no visible global function definition for
     ‘SpatialPointsDataFrame’
    streamplot,Raster: no visible global function definition for
     ‘parLapply’
    streamplot,Raster: no visible global function definition for ‘mclapply’
    streamplot,RasterStack: no visible global function definition for
     ‘detectCores’
    streamplot,RasterStack: no visible global function definition for
     ‘xyplot.list’
    vectorplot,RasterStack : removeNmsAttr: no visible global function
     definition for ‘xyplot.list’
    xyplot,RasterStackBrick-missing: no visible binding for global variable
     ‘y’
    xyplot,RasterStackBrick-missing: no visible binding for global variable
     ‘group.value’
    Undefined global functions or variables:
     SpatialPointsDataFrame aes coordinates detectCores ggplot group.value
     ind mclapply open3d parLapply surface3d xyplot.list y
Flavor: r-devel-osx-x86_64-clang

Version: 0.35
Check: R code for possible problems
Result: NOTE
    identifyRaster,Raster : .local: warning in panel.identify(subscripts =
     subs, label = lbl, pch = pch, cex = cex, col = col, ...): partial
     argument match of ‘label’ to ‘labels’
    densityplot,RasterStackBrick-missing : .local: no visible binding for
     global variable ‘ind’
    gplot,Raster : .local: no visible global function definition for
     ‘ggplot’
    gplot,Raster : .local: no visible global function definition for ‘aes’
    gplot,Raster : .local: no visible binding for global variable ‘y’
    horizonplot,RasterStackBrick-missing : .local: no visible binding for
     global variable ‘y’
    hovmoller,RasterStackBrick : .local: no visible binding for global
     variable ‘y’
    plot3D,RasterLayer : .local: no visible global function definition for
     ‘open3d’
    plot3D,RasterLayer : .local: no visible global function definition for
     ‘surface3d’
    streamplot,Raster : .local: no visible global function definition for
     ‘detectCores’
    streamplot,Raster : .local: no visible global function definition for
     ‘coordinates’
    streamplot,Raster : .local: no visible global function definition for
     ‘SpatialPointsDataFrame’
    streamplot,Raster : .local: no visible global function definition for
     ‘parLapply’
    streamplot,Raster : .local: no visible global function definition for
     ‘mclapply’
    streamplot,RasterStack : .local: no visible global function definition
     for ‘detectCores’
    streamplot,RasterStack : .local: no visible global function definition
     for ‘xyplot.list’
    vectorplot,RasterStack : .local : removeNmsAttr: no visible global
     function definition for ‘xyplot.list’
    xyplot,RasterStackBrick-missing : .local: no visible binding for global
     variable ‘y’
    xyplot,RasterStackBrick-missing : .local: no visible binding for global
     variable ‘group.value’
Flavors: r-patched-linux-x86_64, r-patched-solaris-sparc, r-patched-solaris-x86, r-release-linux-x86_64, r-release-windows-ix86+x86_64, r-oldrel-windows-ix86+x86_64