CRAN Package Check Results for Package rasterVis

Last updated on 2014-04-23 07:55:06.

Flavor Version Tinstall Tcheck Ttotal Status Flags
r-devel-linux-x86_64-debian-clang 0.28 4.03 55.09 59.12 OK
r-devel-linux-x86_64-debian-gcc 0.28 3.94 54.26 58.20 OK
r-devel-linux-x86_64-fedora-clang 0.28 129.55 OK
r-devel-linux-x86_64-fedora-gcc 0.28 126.34 OK
r-devel-osx-x86_64-clang 0.28 104.72 OK
r-devel-osx-x86_64-gcc 0.28 ERROR
r-devel-windows-ix86+x86_64 0.28 9.00 83.00 92.00 OK
r-patched-linux-x86_64 0.28 3.92 53.73 57.65 OK
r-patched-solaris-sparc 0.28 642.00 OK
r-patched-solaris-x86 0.28 163.00 OK
r-release-linux-ix86 0.28 6.00 85.00 91.00 OK
r-release-linux-x86_64 0.28 4.02 54.30 58.32 OK
r-release-osx-x86_64-mavericks 0.28 WARN
r-release-osx-x86_64-snowleopard 0.28 OK
r-release-windows-ix86+x86_64 0.28 9.00 76.00 85.00 OK
r-oldrel-windows-ix86+x86_64 0.28 11.00 73.00 84.00 OK

Check Details

Version: 0.28
Check: package dependencies
Result: ERROR
    Packages required but not available: ‘raster’ ‘latticeExtra’ ‘zoo’
    
    Package suggested but not available for checking: ‘ggplot2’
    
    See the information on DESCRIPTION files in the chapter ‘Creating R
    packages’ of the ‘Writing R Extensions’ manual.
Flavor: r-devel-osx-x86_64-gcc

Version: 0.28
Check: package dependencies
Result: NOTE
    Package suggested but not available for checking: ‘ggplot2’
Flavor: r-release-osx-x86_64-mavericks

Version: 0.28
Check: Rd cross-references
Result: NOTE
    Package unavailable to check Rd xrefs: ‘ggplot2’
Flavor: r-release-osx-x86_64-mavericks

Version: 0.28
Check: PDF version of manual
Result: WARNING
    LaTeX errors when creating PDF version.
    This typically indicates Rd problems.
    LaTeX errors found:
    ! LaTeX Error: File `upquote.sty' not found.
    
    Type X to quit or <RETURN> to proceed,
    or enter new name. (Default extension: sty)
    
    25113fe/Rd2.tex:8: ==> Fatal error occurred, no output PDF file produced!
Flavor: r-release-osx-x86_64-mavericks