CRAN Package Check Results for Package ratelimitr

Last updated on 2020-09-22 06:47:39 CEST.

Flavor Version Tinstall Tcheck Ttotal Status Flags
r-devel-linux-x86_64-debian-clang 0.4.1 2.07 24.84 26.91 OK
r-devel-linux-x86_64-debian-gcc 0.4.1 0.27 2.15 2.42 ERROR
r-devel-linux-x86_64-fedora-clang 0.4.1 43.65 OK
r-devel-linux-x86_64-fedora-gcc 0.4.1 33.80 OK
r-devel-windows-ix86+x86_64 0.4.1 5.00 53.00 58.00 OK
r-patched-linux-x86_64 0.4.1 1.94 24.71 26.65 OK
r-patched-solaris-x86 0.4.1 48.00 OK
r-release-linux-x86_64 0.4.1 2.18 25.62 27.80 OK
r-release-macos-x86_64 0.4.1 OK
r-release-windows-ix86+x86_64 0.4.1 5.00 62.00 67.00 ERROR
r-oldrel-macos-x86_64 0.4.1 OK
r-oldrel-windows-ix86+x86_64 0.4.1 3.00 47.00 50.00 OK

Check Details

Version: 0.4.1
Check: whether package can be installed
Result: ERROR
    Installation failed.
Flavor: r-devel-linux-x86_64-debian-gcc

Version: 0.4.1
Check: tests
Result: ERROR
     Running 'testthat.R' [15s]
    Running the tests in 'tests/testthat.R' failed.
    Complete output:
     > library(testthat)
     > library(ratelimitr)
     >
     > test_check("ratelimitr")
     -- 1. Failure: rate limits still work in face of errors (@test-function-errors.R
     min(times, na.rm = TRUE) is not strictly more than `period`. Difference: -0.0044
    
     == testthat results ===========================================================
     [ OK: 18 | SKIPPED: 1 | WARNINGS: 0 | FAILED: 1 ]
     1. Failure: rate limits still work in face of errors (@test-function-errors.R#22)
    
     Error: testthat unit tests failed
     Execution halted
Flavor: r-release-windows-ix86+x86_64