CRAN Package Check Results for Package rateratio.test

Last updated on 2022-08-13 20:49:11 CEST.

Flavor Version Tinstall Tcheck Ttotal Status Flags
r-devel-linux-x86_64-debian-clang 1.1 1.76 25.05 26.81 OK
r-devel-linux-x86_64-debian-gcc 1.1 1.49 19.58 21.07 OK
r-devel-linux-x86_64-fedora-clang 1.1 45.64 NOTE
r-devel-linux-x86_64-fedora-gcc 1.1 44.36 OK
r-devel-windows-x86_64 1.1 18.00 57.00 75.00 OK
r-patched-linux-x86_64 1.1 2.03 24.45 26.48 OK
r-release-linux-x86_64 1.1 1.34 24.52 25.86 OK
r-release-macos-arm64 1.1 19.00 OK
r-release-macos-x86_64 1.1 24.00 OK
r-release-windows-x86_64 1.1 20.00 59.00 79.00 OK
r-oldrel-macos-arm64 1.1 16.00 OK
r-oldrel-macos-x86_64 1.1 24.00 OK
r-oldrel-windows-ix86+x86_64 1.1 5.00 42.00 47.00 OK

Check Details

Version: 1.1
Check: Rd cross-references
Result: NOTE
    Undeclared package ‘exactci’ in Rd xrefs
Flavor: r-devel-linux-x86_64-fedora-clang