CRAN Package Check Results for Package rationalfun

Last updated on 2014-11-26 18:48:32.

Flavor Version Tinstall Tcheck Ttotal Status Flags
r-devel-linux-x86_64-debian-clang 0.1-0 0.65 10.60 11.25 NOTE
r-devel-linux-x86_64-debian-gcc 0.1-0 0.60 10.24 10.84 NOTE
r-devel-linux-x86_64-fedora-clang 0.1-0 24.28 NOTE
r-devel-linux-x86_64-fedora-gcc 0.1-0 22.93 NOTE
r-devel-osx-x86_64-clang 0.1-0 25.67 NOTE
r-devel-windows-ix86+x86_64 0.1-0 3.00 18.00 21.00 NOTE
r-patched-linux-x86_64 0.1-0 0.69 10.38 11.07 NOTE
r-patched-solaris-sparc 0.1-0 126.80 NOTE
r-patched-solaris-x86 0.1-0 33.90 NOTE
r-release-linux-ix86 0.1-0 0.90 16.08 16.98 NOTE
r-release-linux-x86_64 0.1-0 0.65 10.35 11.00 NOTE
r-release-osx-x86_64-mavericks 0.1-0 OK
r-release-osx-x86_64-snowleopard 0.1-0 OK
r-release-windows-ix86+x86_64 0.1-0 3.00 25.00 28.00 NOTE
r-oldrel-windows-ix86+x86_64 0.1-0 3.00 19.00 22.00 OK

Check Details

Version: 0.1-0
Check: R code for possible problems
Result: NOTE
    .GCD: no visible global function definition for ‘as.polynomial’
    .LCM: no visible global function definition for ‘as.polynomial’
    rationalfun: no visible global function definition for ‘polynomial’
    rationalfun.poly: no visible global function definition for
     ‘polynomial’
    rationalfun.poly: no visible global function definition for
     ‘is.polynomial’
    rfun: no visible global function definition for ‘polynomial’
    rfun.poly: no visible global function definition for ‘polynomial’
    rfun.poly: no visible global function definition for ‘is.polynomial’
    simplify: no visible global function definition for ‘polynomial’
Flavors: r-devel-linux-x86_64-debian-clang, r-devel-linux-x86_64-debian-gcc, r-devel-linux-x86_64-fedora-clang, r-devel-linux-x86_64-fedora-gcc, r-devel-osx-x86_64-clang, r-devel-windows-ix86+x86_64, r-patched-linux-x86_64, r-patched-solaris-sparc, r-patched-solaris-x86, r-release-linux-ix86, r-release-linux-x86_64, r-release-windows-ix86+x86_64