CRAN Package Check Results for Package rationalfun

Last updated on 2017-03-30 19:48:03.

Flavor Version Tinstall Tcheck Ttotal Status Flags
r-devel-linux-x86_64-debian-clang 0.1-0 0.66 12.18 12.84 NOTE
r-devel-linux-x86_64-debian-gcc 0.1-0 0.61 11.82 12.43 NOTE
r-devel-linux-x86_64-fedora-clang 0.1-0 20.93 NOTE --no-stop-on-test-error
r-devel-linux-x86_64-fedora-gcc 0.1-0 19.87 NOTE --no-stop-on-test-error
r-devel-macos-x86_64-clang 0.1-0 18.69 NOTE --no-stop-on-test-error
r-devel-windows-ix86+x86_64 0.1-0 3.00 45.00 48.00 NOTE
r-patched-linux-x86_64 0.1-0 0.62 11.89 12.51 NOTE
r-patched-solaris-sparc 0.1-0 126.10 NOTE
r-release-linux-x86_64 0.1-0 0.54 9.69 10.23 NOTE
r-release-osx-x86_64-mavericks 0.1-0 NOTE
r-release-windows-ix86+x86_64 0.1-0 4.00 33.00 37.00 NOTE
r-oldrel-windows-ix86+x86_64 0.1-0 4.00 32.00 36.00 NOTE

Check Details

Version: 0.1-0
Check: R code for possible problems
Result: NOTE
    .GCD: no visible global function definition for ‘as.polynomial’
    .LCM: no visible global function definition for ‘as.polynomial’
    .is_zero_polynomial: no visible global function definition for ‘coef’
    .poly2expr: no visible global function definition for ‘coef’
    integral.rationalfun: no visible global function definition for ‘coef’
    integraterf.transcendent: no visible global function definition for
     ‘coef’
    rationalfun: no visible global function definition for ‘polynomial’
    rationalfun.poly: no visible global function definition for
     ‘polynomial’
    rationalfun.poly: no visible global function definition for
     ‘is.polynomial’
    rfun: no visible global function definition for ‘polynomial’
    rfun.poly: no visible global function definition for ‘polynomial’
    rfun.poly: no visible global function definition for ‘is.polynomial’
    simplify: no visible global function definition for ‘coef’
    simplify: no visible global function definition for ‘polynomial’
    Undefined global functions or variables:
     as.polynomial coef is.polynomial polynomial
    Consider adding
     importFrom("stats", "coef")
    to your NAMESPACE file.
Flavors: r-devel-linux-x86_64-debian-clang, r-devel-linux-x86_64-debian-gcc, r-devel-windows-ix86+x86_64, r-patched-linux-x86_64, r-patched-solaris-sparc, r-release-linux-x86_64, r-release-osx-x86_64-mavericks, r-release-windows-ix86+x86_64

Version: 0.1-0
Flags: --no-stop-on-test-error
Check: R code for possible problems
Result: NOTE
    .GCD: no visible global function definition for ‘as.polynomial’
    .LCM: no visible global function definition for ‘as.polynomial’
    .is_zero_polynomial: no visible global function definition for ‘coef’
    .poly2expr: no visible global function definition for ‘coef’
    integral.rationalfun: no visible global function definition for ‘coef’
    integraterf.transcendent: no visible global function definition for
     ‘coef’
    rationalfun: no visible global function definition for ‘polynomial’
    rationalfun.poly: no visible global function definition for
     ‘polynomial’
    rationalfun.poly: no visible global function definition for
     ‘is.polynomial’
    rfun: no visible global function definition for ‘polynomial’
    rfun.poly: no visible global function definition for ‘polynomial’
    rfun.poly: no visible global function definition for ‘is.polynomial’
    simplify: no visible global function definition for ‘coef’
    simplify: no visible global function definition for ‘polynomial’
    Undefined global functions or variables:
     as.polynomial coef is.polynomial polynomial
    Consider adding
     importFrom("stats", "coef")
    to your NAMESPACE file.
Flavors: r-devel-linux-x86_64-fedora-clang, r-devel-linux-x86_64-fedora-gcc, r-devel-macos-x86_64-clang

Version: 0.1-0
Check: R code for possible problems
Result: NOTE
    .GCD: no visible global function definition for 'as.polynomial'
    .LCM: no visible global function definition for 'as.polynomial'
    rationalfun: no visible global function definition for 'polynomial'
    rationalfun.poly: no visible global function definition for
     'polynomial'
    rationalfun.poly: no visible global function definition for
     'is.polynomial'
    rfun: no visible global function definition for 'polynomial'
    rfun.poly: no visible global function definition for 'polynomial'
    rfun.poly: no visible global function definition for 'is.polynomial'
    simplify: no visible global function definition for 'polynomial'
Flavor: r-oldrel-windows-ix86+x86_64