CRAN Package Check Results for Package rationalfun

Last updated on 2016-09-30 11:48:48.

Flavor Version Tinstall Tcheck Ttotal Status Flags
r-devel-linux-x86_64-debian-clang 0.1-0 0.70 11.20 11.90 NOTE
r-devel-linux-x86_64-debian-gcc 0.1-0 0.67 11.13 11.81 NOTE
r-devel-linux-x86_64-fedora-clang 0.1-0 19.17 NOTE
r-devel-linux-x86_64-fedora-gcc 0.1-0 16.89 NOTE
r-devel-macos-x86_64-clang 0.1-0 16.26 NOTE
r-devel-windows-ix86+x86_64 0.1-0 5.00 39.00 44.00 NOTE
r-patched-linux-x86_64 0.1-0 0.58 10.02 10.60 NOTE
r-patched-solaris-sparc 0.1-0 113.60 NOTE
r-patched-solaris-x86 0.1-0 25.50 NOTE
r-release-linux-x86_64 0.1-0 0.58 10.11 10.69 NOTE
r-release-osx-x86_64-mavericks 0.1-0 NOTE
r-release-windows-ix86+x86_64 0.1-0 3.00 27.00 30.00 NOTE
r-oldrel-windows-ix86+x86_64 0.1-0 3.00 20.00 23.00 NOTE

Check Details

Version: 0.1-0
Check: R code for possible problems
Result: NOTE
    .GCD: no visible global function definition for ‘as.polynomial’
    .LCM: no visible global function definition for ‘as.polynomial’
    .is_zero_polynomial: no visible global function definition for ‘coef’
    .poly2expr: no visible global function definition for ‘coef’
    integral.rationalfun: no visible global function definition for ‘coef’
    integraterf.transcendent: no visible global function definition for
     ‘coef’
    rationalfun: no visible global function definition for ‘polynomial’
    rationalfun.poly: no visible global function definition for
     ‘polynomial’
    rationalfun.poly: no visible global function definition for
     ‘is.polynomial’
    rfun: no visible global function definition for ‘polynomial’
    rfun.poly: no visible global function definition for ‘polynomial’
    rfun.poly: no visible global function definition for ‘is.polynomial’
    simplify: no visible global function definition for ‘coef’
    simplify: no visible global function definition for ‘polynomial’
    Undefined global functions or variables:
     as.polynomial coef is.polynomial polynomial
    Consider adding
     importFrom("stats", "coef")
    to your NAMESPACE file.
Flavors: r-devel-linux-x86_64-debian-clang, r-devel-linux-x86_64-debian-gcc, r-devel-linux-x86_64-fedora-clang, r-devel-linux-x86_64-fedora-gcc, r-devel-macos-x86_64-clang, r-devel-windows-ix86+x86_64, r-patched-linux-x86_64, r-patched-solaris-sparc, r-patched-solaris-x86, r-release-linux-x86_64, r-release-osx-x86_64-mavericks, r-release-windows-ix86+x86_64

Version: 0.1-0
Check: R code for possible problems
Result: NOTE
    .GCD: no visible global function definition for 'as.polynomial'
    .LCM: no visible global function definition for 'as.polynomial'
    rationalfun: no visible global function definition for 'polynomial'
    rationalfun.poly: no visible global function definition for
     'polynomial'
    rationalfun.poly: no visible global function definition for
     'is.polynomial'
    rfun: no visible global function definition for 'polynomial'
    rfun.poly: no visible global function definition for 'polynomial'
    rfun.poly: no visible global function definition for 'is.polynomial'
    simplify: no visible global function definition for 'polynomial'
Flavor: r-oldrel-windows-ix86+x86_64