CRAN Package Check Results for Package rationalfun

Last updated on 2015-05-04 11:48:06.

Flavor Version Tinstall Tcheck Ttotal Status Flags
r-devel-linux-x86_64-debian-clang 0.1-0 0.60 9.84 10.44 NOTE
r-devel-linux-x86_64-debian-gcc 0.1-0 0.58 9.59 10.16 NOTE
r-devel-linux-x86_64-fedora-clang 0.1-0 19.91 NOTE
r-devel-linux-x86_64-fedora-gcc 0.1-0 18.87 NOTE
r-devel-osx-x86_64-clang 0.1-0 21.90 NOTE
r-devel-windows-ix86+x86_64 0.1-0 3.00 17.00 20.00 NOTE
r-patched-linux-x86_64 0.1-0 0.60 9.64 10.24 NOTE
r-patched-solaris-sparc 0.1-0 127.40 NOTE
r-patched-solaris-x86 0.1-0 29.10 NOTE
r-release-linux-x86_64 0.1-0 0.58 10.13 10.70 NOTE
r-release-osx-x86_64-mavericks 0.1-0 NOTE
r-release-osx-x86_64-snowleopard 0.1-0 NOTE
r-release-windows-ix86+x86_64 0.1-0 2.00 20.00 22.00 NOTE
r-oldrel-windows-ix86+x86_64 0.1-0 5.00 20.00 25.00 NOTE

Check Details

Version: 0.1-0
Check: R code for possible problems
Result: NOTE
    .GCD: no visible global function definition for ‘as.polynomial’
    .LCM: no visible global function definition for ‘as.polynomial’
    rationalfun: no visible global function definition for ‘polynomial’
    rationalfun.poly: no visible global function definition for
     ‘polynomial’
    rationalfun.poly: no visible global function definition for
     ‘is.polynomial’
    rfun: no visible global function definition for ‘polynomial’
    rfun.poly: no visible global function definition for ‘polynomial’
    rfun.poly: no visible global function definition for ‘is.polynomial’
    simplify: no visible global function definition for ‘polynomial’
Flavors: r-devel-linux-x86_64-debian-clang, r-devel-linux-x86_64-debian-gcc, r-devel-linux-x86_64-fedora-clang, r-devel-linux-x86_64-fedora-gcc, r-devel-osx-x86_64-clang, r-devel-windows-ix86+x86_64, r-patched-linux-x86_64, r-patched-solaris-sparc, r-patched-solaris-x86, r-release-linux-x86_64, r-release-osx-x86_64-mavericks, r-release-osx-x86_64-snowleopard, r-release-windows-ix86+x86_64, r-oldrel-windows-ix86+x86_64