CRAN Package Check Results for Package rationalfun

Last updated on 2015-03-30 17:49:12.

Flavor Version Tinstall Tcheck Ttotal Status Flags
r-devel-linux-x86_64-debian-clang 0.1-0 0.60 9.61 10.20 NOTE
r-devel-linux-x86_64-debian-gcc 0.1-0 0.68 9.75 10.43 NOTE
r-devel-linux-x86_64-fedora-clang 0.1-0 19.87 NOTE
r-devel-linux-x86_64-fedora-gcc 0.1-0 19.96 NOTE
r-devel-osx-x86_64-clang 0.1-0 25.78 NOTE
r-prerel-windows-ix86+x86_64 0.1-0 4.00 17.00 21.00 NOTE
r-prerel-linux-x86_64 0.1-0 0.57 9.70 10.28 NOTE
r-prerel-solaris-sparc 0.1-0 127.40 NOTE
r-prerel-solaris-x86 0.1-0 29.00 NOTE
r-release-linux-x86_64 0.1-0 0.82 10.92 11.74 NOTE
r-release-osx-x86_64-mavericks 0.1-0 NOTE
r-release-osx-x86_64-snowleopard 0.1-0 OK
r-release-windows-ix86+x86_64 0.1-0 5.00 20.00 25.00 NOTE
r-oldrel-windows-ix86+x86_64 0.1-0 3.00 19.00 22.00 OK

Check Details

Version: 0.1-0
Check: R code for possible problems
Result: NOTE
    .GCD: no visible global function definition for ‘as.polynomial’
    .LCM: no visible global function definition for ‘as.polynomial’
    rationalfun: no visible global function definition for ‘polynomial’
    rationalfun.poly: no visible global function definition for
     ‘polynomial’
    rationalfun.poly: no visible global function definition for
     ‘is.polynomial’
    rfun: no visible global function definition for ‘polynomial’
    rfun.poly: no visible global function definition for ‘polynomial’
    rfun.poly: no visible global function definition for ‘is.polynomial’
    simplify: no visible global function definition for ‘polynomial’
Flavors: r-devel-linux-x86_64-debian-clang, r-devel-linux-x86_64-debian-gcc, r-devel-linux-x86_64-fedora-clang, r-devel-linux-x86_64-fedora-gcc, r-devel-osx-x86_64-clang, r-prerel-windows-ix86+x86_64, r-prerel-linux-x86_64, r-prerel-solaris-sparc, r-prerel-solaris-x86, r-release-linux-x86_64, r-release-osx-x86_64-mavericks, r-release-windows-ix86+x86_64