CRAN Package Check Results for Package rationalfun

Last updated on 2014-08-21 22:47:18.

Flavor Version Tinstall Tcheck Ttotal Status Flags
r-devel-linux-x86_64-debian-clang 0.1-0 0.57 9.72 10.29 OK
r-devel-linux-x86_64-debian-gcc 0.1-0 0.57 9.72 10.28 OK
r-devel-linux-x86_64-fedora-clang 0.1-0 21.49 NOTE
r-devel-linux-x86_64-fedora-gcc 0.1-0 19.77 NOTE
r-devel-osx-x86_64-clang 0.1-0 23.05 NOTE
r-devel-windows-ix86+x86_64 0.1-0 3.00 19.00 22.00 OK
r-patched-linux-x86_64 0.1-0 0.72 10.18 10.91 OK
r-patched-solaris-sparc 0.1-0 119.80 OK
r-patched-solaris-x86 0.1-0 31.50 OK
r-release-linux-ix86 0.1-0 0.90 16.20 17.10 OK
r-release-linux-x86_64 0.1-0 0.64 10.70 11.34 OK
r-release-osx-x86_64-mavericks 0.1-0 OK
r-release-osx-x86_64-snowleopard 0.1-0 OK
r-release-windows-ix86+x86_64 0.1-0 3.00 26.00 29.00 OK
r-oldrel-windows-ix86+x86_64 0.1-0 3.00 19.00 22.00 OK

Check Details

Version: 0.1-0
Check: R code for possible problems
Result: NOTE
    .GCD: no visible global function definition for ‘as.polynomial’
    .LCM: no visible global function definition for ‘as.polynomial’
    rationalfun: no visible global function definition for ‘polynomial’
    rationalfun.poly: no visible global function definition for
     ‘polynomial’
    rationalfun.poly: no visible global function definition for
     ‘is.polynomial’
    rfun: no visible global function definition for ‘polynomial’
    rfun.poly: no visible global function definition for ‘polynomial’
    rfun.poly: no visible global function definition for ‘is.polynomial’
    simplify: no visible global function definition for ‘polynomial’
Flavors: r-devel-linux-x86_64-fedora-clang, r-devel-linux-x86_64-fedora-gcc, r-devel-osx-x86_64-clang