CRAN Package Check Results for Package rationalfun

Last updated on 2014-12-20 03:49:39.

Flavor Version Tinstall Tcheck Ttotal Status Flags
r-devel-linux-x86_64-debian-clang 0.1-0 0.63 11.06 11.68 NOTE
r-devel-linux-x86_64-debian-gcc 0.1-0 0.61 10.71 11.32 NOTE
r-devel-linux-x86_64-fedora-clang 0.1-0 24.14 NOTE
r-devel-linux-x86_64-fedora-gcc 0.1-0 22.33 NOTE
r-devel-osx-x86_64-clang 0.1-0 25.51 NOTE
r-devel-windows-ix86+x86_64 0.1-0 3.00 19.00 22.00 NOTE
r-patched-linux-x86_64 0.1-0 0.64 10.41 11.05 NOTE
r-patched-solaris-sparc 0.1-0 126.80 NOTE
r-patched-solaris-x86 0.1-0 33.60 NOTE
r-release-linux-ix86 0.1-0 0.88 15.86 16.73 NOTE
r-release-linux-x86_64 0.1-0 0.64 11.05 11.69 NOTE
r-release-osx-x86_64-mavericks 0.1-0 OK
r-release-osx-x86_64-snowleopard 0.1-0 OK
r-release-windows-ix86+x86_64 0.1-0 3.00 25.00 28.00 NOTE
r-oldrel-windows-ix86+x86_64 0.1-0 3.00 19.00 22.00 OK

Check Details

Version: 0.1-0
Check: R code for possible problems
Result: NOTE
    .GCD: no visible global function definition for ‘as.polynomial’
    .LCM: no visible global function definition for ‘as.polynomial’
    rationalfun: no visible global function definition for ‘polynomial’
    rationalfun.poly: no visible global function definition for
     ‘polynomial’
    rationalfun.poly: no visible global function definition for
     ‘is.polynomial’
    rfun: no visible global function definition for ‘polynomial’
    rfun.poly: no visible global function definition for ‘polynomial’
    rfun.poly: no visible global function definition for ‘is.polynomial’
    simplify: no visible global function definition for ‘polynomial’
Flavors: r-devel-linux-x86_64-debian-clang, r-devel-linux-x86_64-debian-gcc, r-devel-linux-x86_64-fedora-clang, r-devel-linux-x86_64-fedora-gcc, r-devel-osx-x86_64-clang, r-devel-windows-ix86+x86_64, r-patched-linux-x86_64, r-patched-solaris-sparc, r-patched-solaris-x86, r-release-linux-ix86, r-release-linux-x86_64, r-release-windows-ix86+x86_64