CRAN Package Check Results for Package rationalfun

Last updated on 2014-10-25 23:46:50.

Flavor Version Tinstall Tcheck Ttotal Status Flags
r-devel-linux-x86_64-debian-clang 0.1-0 0.64 10.53 11.17 NOTE
r-devel-linux-x86_64-debian-gcc 0.1-0 0.62 10.52 11.14 NOTE
r-devel-linux-x86_64-fedora-clang 0.1-0 23.13 NOTE
r-devel-linux-x86_64-fedora-gcc 0.1-0 20.59 NOTE
r-devel-osx-x86_64-clang 0.1-0 25.05 NOTE
r-devel-windows-ix86+x86_64 0.1-0 3.00 19.00 22.00 NOTE
r-patched-linux-x86_64 0.1-0 0.69 10.50 11.19 NOTE
r-patched-solaris-sparc 0.1-0 126.80 NOTE
r-patched-solaris-x86 0.1-0 33.80 NOTE
r-release-linux-ix86 0.1-0 0.90 15.63 16.54 OK
r-release-linux-x86_64 0.1-0 0.62 10.51 11.13 OK
r-release-osx-x86_64-mavericks 0.1-0 OK
r-release-osx-x86_64-snowleopard 0.1-0 OK
r-release-windows-ix86+x86_64 0.1-0 3.00 26.00 29.00 OK
r-oldrel-windows-ix86+x86_64 0.1-0 3.00 19.00 22.00 OK

Check Details

Version: 0.1-0
Check: R code for possible problems
Result: NOTE
    .GCD: no visible global function definition for ‘as.polynomial’
    .LCM: no visible global function definition for ‘as.polynomial’
    rationalfun: no visible global function definition for ‘polynomial’
    rationalfun.poly: no visible global function definition for
     ‘polynomial’
    rationalfun.poly: no visible global function definition for
     ‘is.polynomial’
    rfun: no visible global function definition for ‘polynomial’
    rfun.poly: no visible global function definition for ‘polynomial’
    rfun.poly: no visible global function definition for ‘is.polynomial’
    simplify: no visible global function definition for ‘polynomial’
Flavors: r-devel-linux-x86_64-debian-clang, r-devel-linux-x86_64-debian-gcc, r-devel-linux-x86_64-fedora-clang, r-devel-linux-x86_64-fedora-gcc, r-devel-osx-x86_64-clang, r-devel-windows-ix86+x86_64, r-patched-linux-x86_64, r-patched-solaris-sparc, r-patched-solaris-x86