CRAN Package Check Results for Package rationalfun

Last updated on 2017-05-27 20:46:29.

Flavor Version Tinstall Tcheck Ttotal Status Flags
r-devel-linux-x86_64-debian-clang 0.1-0 0.75 12.68 13.43 NOTE
r-devel-linux-x86_64-debian-gcc 0.1-0 0.68 12.77 13.45 NOTE
r-devel-linux-x86_64-fedora-clang 0.1-0 20.86 NOTE
r-devel-linux-x86_64-fedora-gcc 0.1-0 20.10 NOTE
r-devel-windows-ix86+x86_64 0.1-0 7.00 27.00 34.00 NOTE
r-patched-linux-x86_64 0.1-0 0.70 12.15 12.85 NOTE
r-patched-solaris-sparc 0.1-0 126.10 NOTE
r-patched-solaris-x86 0.1-0 29.10 NOTE
r-release-linux-x86_64 0.1-0 0.62 12.37 12.99 NOTE
r-release-windows-ix86+x86_64 0.1-0 3.00 28.00 31.00 NOTE
r-release-osx-x86_64 0.1-0 NOTE
r-oldrel-windows-ix86+x86_64 0.1-0 4.00 33.00 37.00 NOTE
r-oldrel-osx-x86_64 0.1-0 NOTE

Check Details

Version: 0.1-0
Check: R code for possible problems
Result: NOTE
    .GCD: no visible global function definition for ‘as.polynomial’
    .LCM: no visible global function definition for ‘as.polynomial’
    .is_zero_polynomial: no visible global function definition for ‘coef’
    .poly2expr: no visible global function definition for ‘coef’
    integral.rationalfun: no visible global function definition for ‘coef’
    integraterf.transcendent: no visible global function definition for
     ‘coef’
    rationalfun: no visible global function definition for ‘polynomial’
    rationalfun.poly: no visible global function definition for
     ‘polynomial’
    rationalfun.poly: no visible global function definition for
     ‘is.polynomial’
    rfun: no visible global function definition for ‘polynomial’
    rfun.poly: no visible global function definition for ‘polynomial’
    rfun.poly: no visible global function definition for ‘is.polynomial’
    simplify: no visible global function definition for ‘coef’
    simplify: no visible global function definition for ‘polynomial’
    Undefined global functions or variables:
     as.polynomial coef is.polynomial polynomial
    Consider adding
     importFrom("stats", "coef")
    to your NAMESPACE file.
Flavors: r-devel-linux-x86_64-debian-clang, r-devel-linux-x86_64-debian-gcc, r-devel-linux-x86_64-fedora-clang, r-devel-linux-x86_64-fedora-gcc, r-devel-windows-ix86+x86_64, r-patched-linux-x86_64, r-patched-solaris-sparc, r-patched-solaris-x86, r-release-linux-x86_64, r-release-windows-ix86+x86_64, r-release-osx-x86_64, r-oldrel-windows-ix86+x86_64, r-oldrel-osx-x86_64