CRAN Package Check Results for Package rationalfun

Last updated on 2015-07-31 22:49:42.

Flavor Version Tinstall Tcheck Ttotal Status Flags
r-devel-linux-x86_64-debian-clang 0.1-0 0.55 9.73 10.28 NOTE
r-devel-linux-x86_64-debian-gcc 0.1-0 0.66 9.33 9.98 NOTE
r-devel-linux-x86_64-fedora-clang 0.1-0 19.02 NOTE
r-devel-linux-x86_64-fedora-gcc 0.1-0 18.45 NOTE
r-devel-osx-x86_64-clang 0.1-0 20.22 NOTE
r-devel-windows-ix86+x86_64 0.1-0 3.00 20.00 23.00 NOTE
r-patched-linux-x86_64 0.1-0 0.60 10.57 11.17 NOTE
r-patched-solaris-sparc 0.1-0 123.30 NOTE
r-patched-solaris-x86 0.1-0 28.90 NOTE
r-release-linux-x86_64 0.1-0 0.62 9.77 10.39 NOTE
r-release-osx-x86_64-mavericks 0.1-0 NOTE
r-release-windows-ix86+x86_64 0.1-0 3.00 19.00 22.00 NOTE
r-oldrel-windows-ix86+x86_64 0.1-0 5.00 20.00 25.00 NOTE

Check Details

Version: 0.1-0
Check: R code for possible problems
Result: NOTE
    .GCD: no visible global function definition for ‘as.polynomial’
    .LCM: no visible global function definition for ‘as.polynomial’
    .is_zero_polynomial: no visible global function definition for ‘coef’
    .poly2expr: no visible global function definition for ‘coef’
    integral.rationalfun: no visible global function definition for ‘coef’
    integraterf.transcendent: no visible global function definition for
     ‘coef’
    rationalfun: no visible global function definition for ‘polynomial’
    rationalfun.poly: no visible global function definition for
     ‘polynomial’
    rationalfun.poly: no visible global function definition for
     ‘is.polynomial’
    rfun: no visible global function definition for ‘polynomial’
    rfun.poly: no visible global function definition for ‘polynomial’
    rfun.poly: no visible global function definition for ‘is.polynomial’
    simplify: no visible global function definition for ‘coef’
    simplify: no visible global function definition for ‘polynomial’
    Undefined global functions or variables:
     as.polynomial coef is.polynomial polynomial
    Consider adding
     importFrom("stats", "coef")
    to your NAMESPACE.
Flavors: r-devel-linux-x86_64-debian-clang, r-devel-linux-x86_64-debian-gcc, r-devel-linux-x86_64-fedora-clang, r-devel-linux-x86_64-fedora-gcc, r-devel-windows-ix86+x86_64

Version: 0.1-0
Check: R code for possible problems
Result: NOTE
    .GCD: no visible global function definition for ‘as.polynomial’
    .LCM: no visible global function definition for ‘as.polynomial’
    rationalfun: no visible global function definition for ‘polynomial’
    rationalfun.poly: no visible global function definition for
     ‘polynomial’
    rationalfun.poly: no visible global function definition for
     ‘is.polynomial’
    rfun: no visible global function definition for ‘polynomial’
    rfun.poly: no visible global function definition for ‘polynomial’
    rfun.poly: no visible global function definition for ‘is.polynomial’
    simplify: no visible global function definition for ‘polynomial’
    Undefined global functions or variables:
     as.polynomial is.polynomial polynomial
Flavor: r-devel-osx-x86_64-clang

Version: 0.1-0
Check: R code for possible problems
Result: NOTE
    .GCD: no visible global function definition for ‘as.polynomial’
    .LCM: no visible global function definition for ‘as.polynomial’
    rationalfun: no visible global function definition for ‘polynomial’
    rationalfun.poly: no visible global function definition for
     ‘polynomial’
    rationalfun.poly: no visible global function definition for
     ‘is.polynomial’
    rfun: no visible global function definition for ‘polynomial’
    rfun.poly: no visible global function definition for ‘polynomial’
    rfun.poly: no visible global function definition for ‘is.polynomial’
    simplify: no visible global function definition for ‘polynomial’
Flavors: r-patched-linux-x86_64, r-patched-solaris-sparc, r-patched-solaris-x86, r-release-linux-x86_64, r-release-osx-x86_64-mavericks, r-release-windows-ix86+x86_64, r-oldrel-windows-ix86+x86_64