CRAN Package Check Results for Package ratios

Last updated on 2022-01-18 03:24:20 CET.

Flavor Version Tinstall Tcheck Ttotal Status Flags
r-devel-linux-x86_64-debian-clang 1.2.0 4.17 41.91 46.08 NOTE
r-devel-linux-x86_64-debian-gcc 1.2.0 3.10 31.50 34.60 NOTE
r-devel-linux-x86_64-fedora-clang 1.2.0 56.60 NOTE
r-devel-linux-x86_64-fedora-gcc 1.2.0 43.83 NOTE
r-devel-windows-x86_64-new-UL 1.2.0 21.00 58.00 79.00 NOTE
r-devel-windows-x86_64-new-TK 1.2.0 NOTE
r-patched-linux-x86_64 1.2.0 3.22 39.80 43.02 NOTE
r-release-linux-x86_64 1.2.0 NOTE
r-release-macos-arm64 1.2.0 NOTE
r-release-macos-x86_64 1.2.0 NOTE
r-release-windows-ix86+x86_64 1.2.0 8.00 53.00 61.00 NOTE
r-oldrel-macos-x86_64 1.2.0 OK
r-oldrel-windows-ix86+x86_64 1.2.0 9.00 50.00 59.00 OK

Check Details

Version: 1.2.0
Check: LazyData
Result: NOTE
     'LazyData' is specified without a 'data' directory
Flavors: r-devel-linux-x86_64-debian-clang, r-devel-linux-x86_64-debian-gcc, r-devel-linux-x86_64-fedora-clang, r-devel-linux-x86_64-fedora-gcc, r-devel-windows-x86_64-new-UL, r-devel-windows-x86_64-new-TK, r-patched-linux-x86_64, r-release-linux-x86_64, r-release-macos-arm64, r-release-macos-x86_64, r-release-windows-ix86+x86_64