CRAN Package Check Results for Package rattle

Last updated on 2015-08-29 15:48:00.

Flavor Version Tinstall Tcheck Ttotal Status Flags
r-devel-linux-x86_64-debian-clang 3.5.0 3.27 47.74 51.01 NOTE
r-devel-linux-x86_64-debian-gcc 3.5.0 3.26 46.10 49.36 NOTE
r-devel-linux-x86_64-fedora-clang 3.5.0 91.57 NOTE
r-devel-linux-x86_64-fedora-gcc 3.5.0 85.03 NOTE
r-devel-osx-x86_64-clang 3.5.0 82.62 NOTE
r-devel-windows-ix86+x86_64 3.5.0 16.00 73.00 89.00 NOTE
r-patched-linux-x86_64 3.5.0 3.52 47.66 51.18 NOTE
r-patched-solaris-sparc 3.5.0 569.10 NOTE --no-examples
r-patched-solaris-x86 3.5.0 135.20 NOTE
r-release-linux-x86_64 3.5.0 4.04 48.01 52.05 NOTE
r-release-osx-x86_64-mavericks 3.5.0 NOTE
r-release-windows-ix86+x86_64 3.5.0 14.00 76.00 90.00 NOTE
r-oldrel-windows-ix86+x86_64 3.5.0 15.00 82.00 97.00 NOTE

Check Details

Version: 3.5.0
Check: installed package size
Result: NOTE
     installed size is 7.9Mb
     sub-directories of 1Mb or more:
     data 2.3Mb
     etc 3.1Mb
     po 1.2Mb
Flavors: r-devel-linux-x86_64-debian-clang, r-devel-linux-x86_64-debian-gcc, r-devel-linux-x86_64-fedora-clang, r-devel-linux-x86_64-fedora-gcc, r-devel-osx-x86_64-clang, r-devel-windows-ix86+x86_64, r-patched-linux-x86_64, r-patched-solaris-x86, r-release-linux-x86_64, r-release-osx-x86_64-mavericks, r-release-windows-ix86+x86_64, r-oldrel-windows-ix86+x86_64

Version: 3.5.0
Check: R code for possible problems
Result: NOTE
    Found an obsolete/platform-specific call in the following functions:
     ‘openMyDevice’ ‘printPlot’ ‘savePlotToFile’
    Found the platform-specific devices:
     ‘win.metafile’ ‘win.print’
    dev.new() is the preferred way to open a new device, in the unlikely
    event one is needed.
Flavors: r-devel-linux-x86_64-debian-clang, r-devel-linux-x86_64-debian-gcc, r-devel-linux-x86_64-fedora-clang, r-devel-linux-x86_64-fedora-gcc, r-devel-osx-x86_64-clang, r-patched-linux-x86_64, r-patched-solaris-x86, r-release-linux-x86_64

Version: 3.5.0
Check: package dependencies
Result: NOTE
    Package suggested but not available for checking: ‘rggobi’
Flavors: r-devel-osx-x86_64-clang, r-patched-solaris-x86

Version: 3.5.0
Flags: --no-examples
Check: package dependencies
Result: NOTE
    Package suggested but not available for checking: ‘rggobi’
Flavor: r-patched-solaris-sparc

Version: 3.5.0
Flags: --no-examples
Check: installed package size
Result: NOTE
     installed size is 9.1Mb
     sub-directories of 1Mb or more:
     data 2.4Mb
     etc 3.7Mb
     po 1.5Mb
Flavor: r-patched-solaris-sparc

Version: 3.5.0
Flags: --no-examples
Check: R code for possible problems
Result: NOTE
    Found an obsolete/platform-specific call in the following functions:
     ‘openMyDevice’ ‘printPlot’ ‘savePlotToFile’
    Found the platform-specific devices:
     ‘win.metafile’ ‘win.print’
    dev.new() is the preferred way to open a new device, in the unlikely
    event one is needed.
Flavor: r-patched-solaris-sparc

Version: 3.5.0
Check: package dependencies
Result: NOTE
    Packages suggested but not available for checking:
     ‘rggobi’ ‘RODBC’ ‘pkgDepTools’
Flavor: r-release-osx-x86_64-mavericks

Version: 3.5.0
Check: dependencies in R code
Result: NOTE
    
    (R:23642): Gtk-WARNING **: gtk_disable_setlocale() must be called before gtk_init()
Flavor: r-release-osx-x86_64-mavericks