CRAN Package Check Results for Package rattle

Last updated on 2016-05-06 08:47:30.

Flavor Version Tinstall Tcheck Ttotal Status Flags
r-devel-linux-x86_64-debian-gcc 4.1.0 3.32 49.83 53.16 NOTE
r-devel-linux-x86_64-fedora-clang 4.1.0 93.69 NOTE
r-devel-linux-x86_64-fedora-gcc 4.1.0 86.97 NOTE
r-devel-osx-x86_64-clang 4.1.0 108.50 NOTE
r-devel-windows-ix86+x86_64 4.1.0 9.00 88.00 97.00 NOTE
r-patched-linux-x86_64 4.1.0 3.28 48.88 52.16 NOTE
r-patched-solaris-sparc 4.1.0 562.70 NOTE --no-examples
r-patched-solaris-x86 4.1.0 120.30 NOTE
r-release-linux-x86_64 4.1.0 3.36 49.33 52.69 NOTE
r-release-osx-x86_64-mavericks 4.1.0 NOTE
r-release-windows-ix86+x86_64 4.1.0 9.00 88.00 97.00 NOTE
r-oldrel-windows-ix86+x86_64 4.1.0 15.00 115.00 130.00 NOTE

Check Details

Version: 4.1.0
Check: installed package size
Result: NOTE
     installed size is 6.9Mb
     sub-directories of 1Mb or more:
     data 2.5Mb
     etc 1.9Mb
     po 1.2Mb
Flavors: r-devel-linux-x86_64-debian-gcc, r-devel-linux-x86_64-fedora-clang, r-devel-linux-x86_64-fedora-gcc, r-devel-osx-x86_64-clang, r-devel-windows-ix86+x86_64, r-patched-linux-x86_64, r-patched-solaris-x86, r-release-linux-x86_64, r-release-osx-x86_64-mavericks, r-release-windows-ix86+x86_64, r-oldrel-windows-ix86+x86_64

Version: 4.1.0
Check: package dependencies
Result: NOTE
    Package suggested but not available for checking: ‘rggobi’
Flavors: r-devel-osx-x86_64-clang, r-patched-solaris-x86

Version: 4.1.0
Flags: --no-examples
Check: package dependencies
Result: NOTE
    Package suggested but not available for checking: ‘rggobi’
Flavor: r-patched-solaris-sparc

Version: 4.1.0
Flags: --no-examples
Check: installed package size
Result: NOTE
     installed size is 7.9Mb
     sub-directories of 1Mb or more:
     data 2.6Mb
     etc 2.2Mb
     po 1.5Mb
Flavor: r-patched-solaris-sparc

Version: 4.1.0
Check: package dependencies
Result: NOTE
    Packages suggested but not available for checking:
     ‘rggobi’ ‘RODBC’ ‘pkgDepTools’
Flavor: r-release-osx-x86_64-mavericks