Last updated on 2023-12-10 11:51:30 CET.
Flavor | Version | Tinstall | Tcheck | Ttotal | Status | Flags |
---|---|---|---|---|---|---|
r-devel-linux-x86_64-debian-clang | 5.5.1 | 21.96 | 121.14 | 143.10 | NOTE | |
r-devel-linux-x86_64-debian-gcc | 5.5.1 | 19.04 | 90.64 | 109.68 | NOTE | |
r-devel-linux-x86_64-fedora-clang | 5.5.1 | 186.76 | NOTE | |||
r-devel-linux-x86_64-fedora-gcc | 5.5.1 | 196.92 | NOTE | |||
r-devel-windows-x86_64 | 5.5.1 | 23.00 | 108.00 | 131.00 | NOTE | |
r-patched-linux-x86_64 | 5.5.1 | 23.67 | 117.22 | 140.89 | NOTE | |
r-release-linux-x86_64 | 5.5.1 | 17.37 | 115.83 | 133.20 | NOTE | |
r-release-macos-arm64 | 5.5.1 | 54.00 | NOTE | |||
r-release-macos-x86_64 | 5.5.1 | 95.00 | NOTE | |||
r-release-windows-x86_64 | 5.5.1 | 32.00 | 124.00 | 156.00 | NOTE | |
r-oldrel-macos-arm64 | 5.5.1 | 46.00 | NOTE | |||
r-oldrel-macos-x86_64 | 5.5.1 | 79.00 | NOTE | |||
r-oldrel-windows-x86_64 | 5.5.1 | 31.00 | 125.00 | 156.00 | NOTE |
Version: 5.5.1
Check: package dependencies
Result: NOTE
Packages suggested but not available for checking: 'cairoDevice', 'RGtk2'
Flavors: r-devel-linux-x86_64-debian-clang, r-devel-linux-x86_64-debian-gcc, r-devel-linux-x86_64-fedora-clang, r-devel-linux-x86_64-fedora-gcc, r-devel-windows-x86_64, r-patched-linux-x86_64, r-release-linux-x86_64, r-release-macos-arm64, r-release-macos-x86_64, r-release-windows-x86_64, r-oldrel-macos-arm64, r-oldrel-macos-x86_64, r-oldrel-windows-x86_64
Version: 5.5.1
Check: Rd files
Result: NOTE
checkRd: (-1) acquireAuditData.Rd:24: Escaped LaTeX specials: \_
checkRd: (-1) rattle.Rd:44: Escaped LaTeX specials: \_
Flavors: r-devel-linux-x86_64-debian-clang, r-devel-linux-x86_64-debian-gcc, r-devel-linux-x86_64-fedora-clang, r-devel-linux-x86_64-fedora-gcc, r-devel-windows-x86_64, r-patched-linux-x86_64, r-release-linux-x86_64, r-release-macos-arm64, r-release-macos-x86_64, r-release-windows-x86_64
Version: 5.5.1
Check: installed package size
Result: NOTE
installed size is 9.5Mb
sub-directories of 1Mb or more:
data 4.5Mb
etc 1.9Mb
po 1.2Mb
Flavors: r-devel-linux-x86_64-fedora-clang, r-devel-windows-x86_64, r-release-macos-arm64, r-release-macos-x86_64, r-release-windows-x86_64, r-oldrel-macos-arm64, r-oldrel-macos-x86_64, r-oldrel-windows-x86_64