CRAN Package Check Results for Package rattle

Last updated on 2015-01-26 22:47:40.

Flavor Version Tinstall Tcheck Ttotal Status Flags
r-devel-linux-x86_64-debian-clang 3.4.1 2.68 42.77 45.45 NOTE
r-devel-linux-x86_64-debian-gcc 3.4.1 2.60 41.24 43.85 NOTE
r-devel-linux-x86_64-fedora-clang 3.4.1 88.87 NOTE
r-devel-linux-x86_64-fedora-gcc 3.4.1 82.68 NOTE
r-devel-osx-x86_64-clang 3.4.1 85.19 NOTE
r-devel-windows-ix86+x86_64 3.4.1 12.00 61.00 73.00 NOTE
r-patched-linux-x86_64 3.4.1 2.77 45.04 47.80 NOTE
r-patched-solaris-sparc 3.4.1 464.70 NOTE --no-examples
r-patched-solaris-x86 3.4.1 108.50 NOTE
r-release-linux-ix86 3.4.1 4.01 55.28 59.29 NOTE
r-release-linux-x86_64 3.4.1 2.78 46.09 48.87 NOTE
r-release-osx-x86_64-mavericks 3.4.1 NOTE
r-release-osx-x86_64-snowleopard 3.4.1 NOTE
r-release-windows-ix86+x86_64 3.4.1 10.00 68.00 78.00 NOTE
r-oldrel-windows-ix86+x86_64 3.4.1 13.00 133.00 146.00 NOTE

Check Details

Version: 3.4.1
Check: installed package size
Result: NOTE
     installed size is 7.0Mb
     sub-directories of 1Mb or more:
     data 2.1Mb
     etc 2.5Mb
     po 1.2Mb
Flavors: r-devel-linux-x86_64-debian-clang, r-devel-linux-x86_64-debian-gcc, r-devel-linux-x86_64-fedora-clang, r-devel-linux-x86_64-fedora-gcc, r-devel-osx-x86_64-clang, r-devel-windows-ix86+x86_64, r-patched-linux-x86_64, r-patched-solaris-x86, r-release-linux-ix86, r-release-linux-x86_64, r-release-osx-x86_64-mavericks, r-release-osx-x86_64-snowleopard, r-release-windows-ix86+x86_64, r-oldrel-windows-ix86+x86_64

Version: 3.4.1
Check: dependencies in R code
Result: NOTE
    'library' or 'require' calls in package code:
     ‘Hmisc’ ‘RBGL’ ‘RGtk2’ ‘RGtk2Extras’ ‘ROCR’ ‘RODBC’ ‘Rgraphviz’ ‘XML’
     ‘ada’ ‘arules’ ‘bitops’ ‘cairoDevice’ ‘colorspace’ ‘e1071’ ‘fBasics’
     ‘foreign’ ‘fpc’ ‘graph’ ‘grid’ ‘kernlab’ ‘methods’ ‘nnet’
     ‘pkgDepTools’ ‘pmml’ ‘randomForest’ ‘reshape’ ‘rggobi’ ‘rpart’
     ‘stats’ ‘survival’ ‘utils’
     Please use :: or requireNamespace() instead.
     See section 'Suggested packages' in the 'Writing R Extensions' manual.
Flavors: r-devel-linux-x86_64-debian-clang, r-devel-linux-x86_64-debian-gcc, r-devel-linux-x86_64-fedora-clang, r-devel-linux-x86_64-fedora-gcc, r-devel-osx-x86_64-clang, r-devel-windows-ix86+x86_64

Version: 3.4.1
Check: R code for possible problems
Result: NOTE
    Found an obsolete/platform-specific call in the following functions:
     ‘openMyDevice’ ‘printPlot’ ‘savePlotToFile’
    Found the platform-specific devices:
     ‘win.metafile’ ‘win.print’
    dev.new() is the preferred way to open a new device, in the unlikely
    event one is needed.
Flavors: r-devel-linux-x86_64-debian-clang, r-devel-linux-x86_64-debian-gcc, r-devel-linux-x86_64-fedora-clang, r-devel-linux-x86_64-fedora-gcc, r-devel-osx-x86_64-clang, r-patched-linux-x86_64, r-patched-solaris-x86, r-release-linux-ix86, r-release-linux-x86_64

Version: 3.4.1
Check: S3 generic/method consistency
Result: NOTE
    Found the following apparent S3 methods exported but not registered:
     print.summary.nnet predict.hclust predict.kmeans
    See section ‘Registering S3 methods’ in the ‘Writing R Extensions’
    manual.
Flavors: r-devel-linux-x86_64-fedora-clang, r-devel-linux-x86_64-fedora-gcc, r-devel-osx-x86_64-clang

Version: 3.4.1
Flags: --no-examples
Check: package dependencies
Result: NOTE
    Package suggested but not available for checking: ‘rggobi’
Flavor: r-patched-solaris-sparc

Version: 3.4.1
Flags: --no-examples
Check: installed package size
Result: NOTE
     installed size is 8.1Mb
     sub-directories of 1Mb or more:
     data 2.3Mb
     etc 3.0Mb
     po 1.5Mb
Flavor: r-patched-solaris-sparc

Version: 3.4.1
Flags: --no-examples
Check: R code for possible problems
Result: NOTE
    Found an obsolete/platform-specific call in the following functions:
     ‘openMyDevice’ ‘printPlot’ ‘savePlotToFile’
    Found the platform-specific devices:
     ‘win.metafile’ ‘win.print’
    dev.new() is the preferred way to open a new device, in the unlikely
    event one is needed.
Flavor: r-patched-solaris-sparc

Version: 3.4.1
Check: package dependencies
Result: NOTE
    Package suggested but not available for checking: ‘rggobi’
Flavor: r-patched-solaris-x86

Version: 3.4.1
Check: package dependencies
Result: NOTE
    Packages suggested but not available for checking:
     ‘RGtk2’ ‘cairoDevice’ ‘gWidgetsRGtk2’ ‘playwith’ ‘rggobi’
     ‘RGtk2Extras’ ‘RODBC’ ‘pkgDepTools’
Flavor: r-release-osx-x86_64-mavericks

Version: 3.4.1
Check: package dependencies
Result: NOTE
    Packages suggested but not available for checking: ‘rggobi’ ‘pkgDepTools’
Flavor: r-release-osx-x86_64-snowleopard