CRAN Package Check Results for Package rattle

Last updated on 2017-09-21 04:47:34.

Flavor Version Tinstall Tcheck Ttotal Status Flags
r-devel-linux-x86_64-debian-clang 5.1.0 1.86 51.07 52.93 OK
r-devel-linux-x86_64-debian-gcc 5.1.0 2.12 50.44 52.56 OK
r-devel-linux-x86_64-fedora-clang 5.1.0 97.16 OK
r-devel-linux-x86_64-fedora-gcc 5.1.0 93.60 OK
r-devel-windows-ix86+x86_64 5.1.0 6.00 126.00 132.00 OK
r-patched-linux-x86_64 5.1.0 1.89 51.50 53.39 OK
r-patched-solaris-x86 5.1.0 120.40 NOTE
r-release-linux-x86_64 5.1.0 2.02 52.16 54.18 OK
r-release-windows-ix86+x86_64 5.1.0 7.00 95.00 102.00 OK
r-release-osx-x86_64 5.1.0 ERROR
r-oldrel-windows-ix86+x86_64 5.1.0 6.00 83.00 89.00 OK
r-oldrel-osx-x86_64 5.1.0 NOTE

Check Details

Version: 5.1.0
Check: package dependencies
Result: NOTE
    Package suggested but not available for checking: ‘rggobi’
Flavor: r-patched-solaris-x86

Version: 5.1.0
Check: package dependencies
Result: ERROR
    Packages required but not available: ‘RGtk2’ ‘cairoDevice’
    
    Packages suggested but not available for checking:
     ‘gWidgetsRGtk2’ ‘playwith’ ‘rggobi’ ‘RGtk2Extras’
    
    See section ‘The DESCRIPTION file’ in the ‘Writing R Extensions’
    manual.
Flavor: r-release-osx-x86_64

Version: 5.1.0
Check: package dependencies
Result: NOTE
    Packages suggested but not available for checking: ‘rggobi’ ‘RODBC’
Flavor: r-oldrel-osx-x86_64