CRAN Package Check Results for Package rattle

Last updated on 2017-11-25 04:49:31 CET.

Flavor Version Tinstall Tcheck Ttotal Status Flags
r-devel-linux-x86_64-debian-clang 5.1.0 2.57 118.61 121.18 OK
r-devel-linux-x86_64-debian-gcc 5.1.0 2.33 103.03 105.36 OK
r-devel-linux-x86_64-fedora-clang 5.1.0 90.45 OK
r-devel-linux-x86_64-fedora-gcc 5.1.0 87.41 OK
r-devel-windows-ix86+x86_64 5.1.0 24.00 4.00 28.00 ERROR
r-patched-linux-x86_64 5.1.0 3.19 124.98 128.17 OK
r-patched-solaris-x86 5.1.0 120.40 NOTE
r-release-linux-x86_64 5.1.0 2.86 124.05 126.90 OK
r-release-windows-ix86+x86_64 5.1.0 25.00 4.00 29.00 ERROR
r-release-osx-x86_64 5.1.0 ERROR
r-oldrel-windows-ix86+x86_64 5.1.0 24.00 5.00 29.00 ERROR
r-oldrel-osx-x86_64 5.1.0 NOTE

Check Details

Version: 5.1.0
Check: whether package can be installed
Result: ERROR
    Installation failed.
Flavors: r-devel-windows-ix86+x86_64, r-release-windows-ix86+x86_64, r-oldrel-windows-ix86+x86_64

Version: 5.1.0
Check: package dependencies
Result: NOTE
    Package suggested but not available for checking: ‘rggobi’
Flavor: r-patched-solaris-x86

Version: 5.1.0
Check: package dependencies
Result: ERROR
    Packages required but not available: ‘RGtk2’ ‘cairoDevice’
    
    Packages suggested but not available for checking:
     ‘gWidgetsRGtk2’ ‘playwith’ ‘rggobi’ ‘RGtk2Extras’
    
    See section ‘The DESCRIPTION file’ in the ‘Writing R Extensions’
    manual.
Flavor: r-release-osx-x86_64

Version: 5.1.0
Check: package dependencies
Result: NOTE
    Packages suggested but not available for checking: ‘rggobi’ ‘RODBC’
Flavor: r-oldrel-osx-x86_64