CRAN Package Check Results for Package rattle

Last updated on 2015-05-22 21:46:39.

Flavor Version Tinstall Tcheck Ttotal Status Flags
r-devel-linux-x86_64-debian-clang 3.4.1 2.60 42.06 44.66 NOTE
r-devel-linux-x86_64-debian-gcc 3.4.1 2.47 41.85 44.32 NOTE
r-devel-linux-x86_64-fedora-clang 3.4.1 81.10 NOTE
r-devel-linux-x86_64-fedora-gcc 3.4.1 75.23 NOTE
r-devel-osx-x86_64-clang 3.4.1 71.93 NOTE
r-devel-windows-ix86+x86_64 3.4.1 10.00 57.00 67.00 NOTE
r-patched-linux-x86_64 3.4.1 2.51 41.04 43.54 NOTE
r-patched-solaris-sparc 3.4.1 478.70 NOTE --no-examples
r-patched-solaris-x86 3.4.1 96.00 NOTE
r-release-linux-x86_64 3.4.1 2.52 41.98 44.50 NOTE
r-release-osx-x86_64-mavericks 3.4.1 NOTE
r-release-osx-x86_64-snowleopard 3.4.1 ERROR
r-release-windows-ix86+x86_64 3.4.1 8.00 55.00 63.00 NOTE
r-oldrel-windows-ix86+x86_64 3.4.1 7.00 61.00 68.00 NOTE

Check Details

Version: 3.4.1
Check: installed package size
Result: NOTE
     installed size is 7.0Mb
     sub-directories of 1Mb or more:
     data 2.1Mb
     etc 2.5Mb
     po 1.2Mb
Flavors: r-devel-linux-x86_64-debian-clang, r-devel-linux-x86_64-debian-gcc, r-devel-linux-x86_64-fedora-clang, r-devel-linux-x86_64-fedora-gcc, r-devel-osx-x86_64-clang, r-devel-windows-ix86+x86_64, r-patched-linux-x86_64, r-patched-solaris-x86, r-release-linux-x86_64, r-release-osx-x86_64-mavericks, r-release-osx-x86_64-snowleopard, r-release-windows-ix86+x86_64, r-oldrel-windows-ix86+x86_64

Version: 3.4.1
Check: dependencies in R code
Result: NOTE
    'library' or 'require' calls in package code:
     ‘Hmisc’ ‘RBGL’ ‘RGtk2’ ‘RGtk2Extras’ ‘ROCR’ ‘RODBC’ ‘Rgraphviz’ ‘XML’
     ‘ada’ ‘arules’ ‘bitops’ ‘cairoDevice’ ‘colorspace’ ‘e1071’ ‘fBasics’
     ‘foreign’ ‘fpc’ ‘graph’ ‘grid’ ‘kernlab’ ‘methods’ ‘nnet’
     ‘pkgDepTools’ ‘pmml’ ‘randomForest’ ‘reshape’ ‘rggobi’ ‘rpart’
     ‘stats’ ‘survival’ ‘utils’
     Please use :: or requireNamespace() instead.
     See section 'Suggested packages' in the 'Writing R Extensions' manual.
Flavors: r-devel-linux-x86_64-debian-clang, r-devel-linux-x86_64-debian-gcc, r-devel-linux-x86_64-fedora-clang, r-devel-linux-x86_64-fedora-gcc, r-devel-osx-x86_64-clang, r-devel-windows-ix86+x86_64, r-patched-linux-x86_64, r-patched-solaris-x86, r-release-linux-x86_64, r-release-osx-x86_64-mavericks, r-release-osx-x86_64-snowleopard, r-release-windows-ix86+x86_64, r-oldrel-windows-ix86+x86_64

Version: 3.4.1
Check: S3 generic/method consistency
Result: NOTE
    Found the following apparent S3 methods exported but not registered:
     predict.hclust predict.kmeans print.summary.nnet
    See section ‘Registering S3 methods’ in the ‘Writing R Extensions’
    manual.
Flavors: r-devel-linux-x86_64-debian-clang, r-devel-linux-x86_64-debian-gcc, r-devel-linux-x86_64-fedora-clang, r-devel-linux-x86_64-fedora-gcc, r-devel-osx-x86_64-clang, r-patched-linux-x86_64, r-patched-solaris-x86, r-release-linux-x86_64

Version: 3.4.1
Check: R code for possible problems
Result: NOTE
    Found an obsolete/platform-specific call in the following functions:
     ‘openMyDevice’ ‘printPlot’ ‘savePlotToFile’
    Found the platform-specific devices:
     ‘win.metafile’ ‘win.print’
    dev.new() is the preferred way to open a new device, in the unlikely
    event one is needed.
Flavors: r-devel-linux-x86_64-debian-clang, r-devel-linux-x86_64-debian-gcc, r-devel-linux-x86_64-fedora-clang, r-devel-linux-x86_64-fedora-gcc, r-devel-osx-x86_64-clang, r-patched-linux-x86_64, r-patched-solaris-x86, r-release-linux-x86_64

Version: 3.4.1
Flags: --no-examples
Check: package dependencies
Result: NOTE
    Package suggested but not available for checking: ‘rggobi’
Flavor: r-patched-solaris-sparc

Version: 3.4.1
Flags: --no-examples
Check: installed package size
Result: NOTE
     installed size is 8.1Mb
     sub-directories of 1Mb or more:
     data 2.3Mb
     etc 3.0Mb
     po 1.5Mb
Flavor: r-patched-solaris-sparc

Version: 3.4.1
Flags: --no-examples
Check: dependencies in R code
Result: NOTE
    'library' or 'require' calls in package code:
     ‘Hmisc’ ‘RBGL’ ‘RGtk2’ ‘RGtk2Extras’ ‘ROCR’ ‘RODBC’ ‘Rgraphviz’ ‘XML’
     ‘ada’ ‘arules’ ‘bitops’ ‘cairoDevice’ ‘colorspace’ ‘e1071’ ‘fBasics’
     ‘foreign’ ‘fpc’ ‘graph’ ‘grid’ ‘kernlab’ ‘methods’ ‘nnet’
     ‘pkgDepTools’ ‘pmml’ ‘randomForest’ ‘reshape’ ‘rggobi’ ‘rpart’
     ‘stats’ ‘survival’ ‘utils’
     Please use :: or requireNamespace() instead.
     See section 'Suggested packages' in the 'Writing R Extensions' manual.
Flavor: r-patched-solaris-sparc

Version: 3.4.1
Flags: --no-examples
Check: S3 generic/method consistency
Result: NOTE
    Found the following apparent S3 methods exported but not registered:
     predict.hclust predict.kmeans print.summary.nnet
    See section ‘Registering S3 methods’ in the ‘Writing R Extensions’
    manual.
Flavor: r-patched-solaris-sparc

Version: 3.4.1
Flags: --no-examples
Check: R code for possible problems
Result: NOTE
    Found an obsolete/platform-specific call in the following functions:
     ‘openMyDevice’ ‘printPlot’ ‘savePlotToFile’
    Found the platform-specific devices:
     ‘win.metafile’ ‘win.print’
    dev.new() is the preferred way to open a new device, in the unlikely
    event one is needed.
Flavor: r-patched-solaris-sparc

Version: 3.4.1
Check: package dependencies
Result: NOTE
    Package suggested but not available for checking: ‘rggobi’
Flavor: r-patched-solaris-x86

Version: 3.4.1
Check: package dependencies
Result: NOTE
    Packages suggested but not available for checking:
     ‘RGtk2’ ‘cairoDevice’ ‘gWidgetsRGtk2’ ‘playwith’ ‘rggobi’
     ‘RGtk2Extras’ ‘RODBC’ ‘pkgDepTools’
Flavor: r-release-osx-x86_64-mavericks

Version: 3.4.1
Check: package dependencies
Result: NOTE
    Packages suggested but not available for checking:
     ‘pmml’ ‘arules’ ‘arulesViz’ ‘cba’ ‘dplyr’ ‘fpc’ ‘ggdendro’ ‘ggplot2’
     ‘graph’ ‘Hmisc’ ‘odfWeave’ ‘party’ ‘RBGL’ ‘rggobi’ ‘tm’
     ‘verification’ ‘weightedKmeans’ ‘XML’ ‘pkgDepTools’ ‘Rgraphviz’
Flavor: r-release-osx-x86_64-snowleopard

Version: 3.4.1
Check: examples
Result: ERROR
    Running examples in ‘rattle-Ex.R’ failed
    The error most likely occurred in:
    
    > ### Name: riskchart
    > ### Title: Plot a risk chart
    > ### Aliases: riskchart
    > ### Keywords: hplot
    >
    > ### ** Examples
    >
    > ## Use rpart to build a decision tree.
    >
    > library(rpart)
    >
    > ## Set up the data for modelling.
    >
    > set.seed(42)
    > ds <- weather
    > target <- "RainTomorrow"
    > risk <- "RISK_MM"
    > ignore <- c("Date", "Location", risk)
    > vars <- setdiff(names(ds), ignore)
    > nobs <- nrow(ds)
    > form <- formula(paste(target, "~ ."))
    > train <- sample(nobs, 0.7*nobs)
    > test <- setdiff(seq_len(nobs), train)
    > actual <- ds[test, target]
    > risks <- ds[test, risk]
    >
    > # Build the model.
    >
    > model <- rpart(form, data=ds[train, vars])
    >
    > ## Obtain predictions.
    >
    > predicted <- predict(model, ds[test, vars], type="prob")[,2]
    >
    > ## Plot the Risk Chart.
    >
    > riskchart(predicted, actual, risks)
    Loading required namespace: ggplot2
    Failed with error: ‘there is no package called ‘ggplot2’’
    Error in riskchart(predicted, actual, risks) :
     riskchart requires the ggplot2 package
    Execution halted
Flavor: r-release-osx-x86_64-snowleopard