CRAN Package Check Results for Package rattle

Last updated on 2014-08-22 19:47:55.

Flavor Version Tinstall Tcheck Ttotal Status Flags
r-devel-linux-x86_64-debian-clang 3.1.0 2.57 42.27 44.84 NOTE
r-devel-linux-x86_64-debian-gcc 3.1.0 2.52 61.81 64.33 NOTE
r-devel-linux-x86_64-fedora-clang 3.1.0 85.98 NOTE
r-devel-linux-x86_64-fedora-gcc 3.1.0 82.96 NOTE
r-devel-osx-x86_64-clang 3.1.0 77.29 NOTE
r-devel-windows-ix86+x86_64 3.1.0 7.00 63.00 70.00 NOTE
r-patched-linux-x86_64 3.1.0 2.56 65.01 67.57 NOTE
r-patched-solaris-sparc 3.1.0 729.70 NOTE --no-examples
r-patched-solaris-x86 3.1.0 167.10 NOTE
r-release-linux-ix86 3.1.0 3.86 91.14 95.00 NOTE
r-release-linux-x86_64 3.1.0 2.60 66.54 69.14 NOTE
r-release-osx-x86_64-mavericks 3.1.0 NOTE
r-release-osx-x86_64-snowleopard 3.1.0 NOTE
r-release-windows-ix86+x86_64 3.1.0 7.00 97.00 104.00 NOTE
r-oldrel-windows-ix86+x86_64 3.1.0 7.00 91.00 98.00 NOTE

Check Details

Version: 3.1.0
Check: installed package size
Result: NOTE
     installed size is 6.2Mb
     sub-directories of 1Mb or more:
     data 2.0Mb
     etc 1.9Mb
     po 1.2Mb
Flavors: r-devel-linux-x86_64-debian-clang, r-devel-linux-x86_64-debian-gcc, r-devel-linux-x86_64-fedora-clang, r-devel-linux-x86_64-fedora-gcc, r-devel-osx-x86_64-clang, r-devel-windows-ix86+x86_64, r-patched-linux-x86_64, r-patched-solaris-x86, r-release-linux-ix86, r-release-linux-x86_64, r-release-osx-x86_64-mavericks, r-release-osx-x86_64-snowleopard, r-release-windows-ix86+x86_64, r-oldrel-windows-ix86+x86_64

Version: 3.1.0
Check: dependencies in R code
Result: NOTE
    Unexported objects imported by ':::' calls:
     ‘pkgDepTools:::cleanPkgField’ ‘pkgDepTools:::getDownloadSizesBatched’
     ‘pkgDepTools:::makePkgUrl’
     See the note in ?`:::` about the use of this operator.
    See the information on DESCRIPTION files in the chapter ‘Creating R
    packages’ of the ‘Writing R Extensions’ manual.
Flavors: r-devel-linux-x86_64-debian-clang, r-devel-linux-x86_64-debian-gcc, r-devel-linux-x86_64-fedora-clang, r-devel-linux-x86_64-fedora-gcc, r-devel-osx-x86_64-clang, r-devel-windows-ix86+x86_64, r-patched-linux-x86_64, r-patched-solaris-x86, r-release-linux-ix86, r-release-linux-x86_64, r-release-windows-ix86+x86_64, r-oldrel-windows-ix86+x86_64

Version: 3.1.0
Check: R code for possible problems
Result: NOTE
    Found an obsolete/platform-specific call in the following functions:
     ‘openMyDevice’ ‘printPlot’ ‘savePlotToFile’
    Found the platform-specific devices:
     ‘win.metafile’ ‘win.print’
    dev.new() is the preferred way to open a new device, in the unlikely
    event one is needed.
    acquireAuditData: no visible global function definition for
     ‘write.arff’
    asRules.rpart: no visible global function definition for ‘path.rpart’
    binning: no visible global function definition for ‘wtd.quantile’
    cat_toggled: no visible global function definition for ‘checkPtrType’
    cat_toggled: no visible global function definition for
     ‘gtkTreePathNewFromString’
    con_toggled: no visible global function definition for ‘checkPtrType’
    con_toggled: no visible global function definition for
     ‘gtkTreePathNewFromString’
    configureGUI: no visible global function definition for
     ‘gdkPixbufNewFromFile’
    copyPlotToClipboard: no visible global function definition for
     ‘gdkPixbufNewFromFile’
    copyPlotToClipboard: no visible global function definition for
     ‘gtkClipboardGet’
    createVariablesModel: no visible global function definition for
     ‘gtkListStoreNew’
    createVariablesModel: no visible global function definition for
     ‘gtkComboBoxNewWithModel’
    debugDialog: no visible global function definition for
     ‘gtkMessageDialogNew’
    debugDialog: no visible global function definition for ‘connectSignal’
    debugDialog: no visible binding for global variable ‘gtkWidgetDestroy’
    digitDistr: no visible global function definition for ‘ddply’
    digitDistr: no visible global function definition for ‘.’
    displayClusterStatsKMeans: no visible global function definition for
     ‘gtkEventsPending’
    displayClusterStatsKMeans: no visible global function definition for
     ‘gtkMainIteration’
    errorDialog: no visible global function definition for
     ‘gtkMessageDialogNew’
    errorDialog: no visible global function definition for ‘connectSignal’
    errorDialog: no visible binding for global variable ‘gtkWidgetDestroy’
    executeClusterHClust: no visible global function definition for
     ‘pangoFontDescriptionFromString’
    executeDataCSV: no visible global function definition for
     ‘gtkEventsPending’
    executeDataCSV: no visible global function definition for
     ‘gtkMainIterationDo’
    executeDataODBC: no visible global function definition for ‘sqlQuery’
    executeEvaluateCostCurve: no visible global function definition for
     ‘rainbow_hcl’
    executeEvaluateHand: no visible global function definition for
     ‘HMeasure’
    executeEvaluateHand: no visible global function definition for
     ‘plotROC’
    executeEvaluateScore: no visible global function definition for
     ‘dfedit’
    executeEvaluateScore: no visible global function definition for
     ‘gSignalConnect’
    executeEvaluateScore: no visible global function definition for
     ‘gtkFileChooserDialog’
    executeEvaluateScore: no visible binding for global variable
     ‘GtkResponseType’
    executeEvaluateScore: no visible global function definition for
     ‘gtkFileFilterNew’
    executeExplorePlot: no visible global function definition for
     ‘rainbow_hcl’
    executeExplorePlot2: no visible global function definition for
     ‘rainbow_hcl’
    exportAssociateTab: no visible global function definition for
     ‘gtkFileChooserDialog’
    exportAssociateTab: no visible binding for global variable
     ‘GtkResponseType’
    exportAssociateTab: no visible global function definition for
     ‘gtkFileFilterNew’
    exportAssociateTab: no visible global function definition for ‘saveXML’
    exportDataTab: no visible global function definition for
     ‘gtkFileChooserDialog’
    exportDataTab: no visible binding for global variable ‘GtkResponseType’
    exportDataTab: no visible global function definition for
     ‘gtkFileFilterNew’
    exportEwkmTab: no visible global function definition for ‘saveXML’
    exportHClustTab: no visible global function definition for ‘saveXML’
    exportKMeansTab: no visible global function definition for ‘saveXML’
    exportLogTab: no visible global function definition for
     ‘gtkFileChooserDialog’
    exportLogTab: no visible binding for global variable ‘GtkResponseType’
    exportLogTab: no visible global function definition for
     ‘gtkFileFilterNew’
    exportNNetModel: no visible global function definition for ‘saveXML’
    exportRandomForestModel: no visible global function definition for
     ‘saveXML’
    exportRegressionModel: no visible global function definition for
     ‘saveXML’
    exportRpartModel: no visible global function definition for ‘saveXML’
    exportSVMModel: no visible global function definition for
     ‘gtkFileChooserDialog’
    exportSVMModel: no visible binding for global variable
     ‘GtkResponseType’
    exportSVMModel: no visible global function definition for
     ‘gtkFileFilterNew’
    exportSVMModel: no visible global function definition for ‘saveXML’
    exportSurvivalModel: no visible global function definition for
     ‘saveXML’
    fancyRpartPlot: no visible global function definition for ‘brewer.pal’
    fancyRpartPlot: no visible global function definition for ‘prp’
    fixGtkBuilderAdjustments: no visible global function definition for
     ‘gtkAdjustmentNew’
    fixMacAndGtkBuilderTypes: no visible global function definition for
     ‘gtkAboutDialogGetType’
    fixMacAndGtkBuilderTypes: no visible global function definition for
     ‘gtkAlignmentGetType’
    fixMacAndGtkBuilderTypes: no visible global function definition for
     ‘gtkButtonGetType’
    fixMacAndGtkBuilderTypes: no visible global function definition for
     ‘gtkCheckButtonGetType’
    fixMacAndGtkBuilderTypes: no visible global function definition for
     ‘gtkCheckMenuItemGetType’
    fixMacAndGtkBuilderTypes: no visible global function definition for
     ‘gtkComboBoxEntryGetType’
    fixMacAndGtkBuilderTypes: no visible global function definition for
     ‘gtkComboBoxGetType’
    fixMacAndGtkBuilderTypes: no visible global function definition for
     ‘gtkDrawingAreaGetType’
    fixMacAndGtkBuilderTypes: no visible global function definition for
     ‘gtkEntryGetType’
    fixMacAndGtkBuilderTypes: no visible global function definition for
     ‘gtkFileChooserButtonGetType’
    fixMacAndGtkBuilderTypes: no visible global function definition for
     ‘gtkFileChooserDialogGetType’
    fixMacAndGtkBuilderTypes: no visible global function definition for
     ‘gtkFrameGetType’
    fixMacAndGtkBuilderTypes: no visible global function definition for
     ‘gtkHBoxGetType’
    fixMacAndGtkBuilderTypes: no visible global function definition for
     ‘gtkHButtonBoxGetType’
    fixMacAndGtkBuilderTypes: no visible global function definition for
     ‘gtkHSeparatorGetType’
    fixMacAndGtkBuilderTypes: no visible global function definition for
     ‘gtkHandleBoxGetType’
    fixMacAndGtkBuilderTypes: no visible global function definition for
     ‘gtkImageGetType’
    fixMacAndGtkBuilderTypes: no visible global function definition for
     ‘gtkImageMenuItemGetType’
    fixMacAndGtkBuilderTypes: no visible global function definition for
     ‘gtkLabelGetType’
    fixMacAndGtkBuilderTypes: no visible global function definition for
     ‘gtkListStoreGetType’
    fixMacAndGtkBuilderTypes: no visible global function definition for
     ‘gtkMenuBarGetType’
    fixMacAndGtkBuilderTypes: no visible global function definition for
     ‘gtkMenuGetType’
    fixMacAndGtkBuilderTypes: no visible global function definition for
     ‘gtkMenuItemGetType’
    fixMacAndGtkBuilderTypes: no visible global function definition for
     ‘gtkMiscGetType’
    fixMacAndGtkBuilderTypes: no visible global function definition for
     ‘gtkNotebookGetType’
    fixMacAndGtkBuilderTypes: no visible global function definition for
     ‘gtkRadioButtonGetType’
    fixMacAndGtkBuilderTypes: no visible global function definition for
     ‘gtkScrolledWindowGetType’
    fixMacAndGtkBuilderTypes: no visible global function definition for
     ‘gtkSeparatorMenuItemGetType’
    fixMacAndGtkBuilderTypes: no visible global function definition for
     ‘gtkSeparatorToolItemGetType’
    fixMacAndGtkBuilderTypes: no visible global function definition for
     ‘gtkSpinButtonGetType’
    fixMacAndGtkBuilderTypes: no visible global function definition for
     ‘gtkStatusbarGetType’
    fixMacAndGtkBuilderTypes: no visible global function definition for
     ‘gtkTableGetType’
    fixMacAndGtkBuilderTypes: no visible global function definition for
     ‘gtkTextViewGetType’
    fixMacAndGtkBuilderTypes: no visible global function definition for
     ‘gtkToolButtonGetType’
    fixMacAndGtkBuilderTypes: no visible global function definition for
     ‘gtkToolItemGetType’
    fixMacAndGtkBuilderTypes: no visible global function definition for
     ‘gtkToolbarGetType’
    fixMacAndGtkBuilderTypes: no visible global function definition for
     ‘gtkTreeViewGetType’
    fixMacAndGtkBuilderTypes: no visible global function definition for
     ‘gtkVBoxGetType’
    fixMacAndGtkBuilderTypes: no visible global function definition for
     ‘gtkVSeparatorGetType’
    fixMacAndGtkBuilderTypes: no visible global function definition for
     ‘gtkWidgetGetType’
    fixMacAndGtkBuilderTypes: no visible global function definition for
     ‘gtkWindowGetType’
    fixTranslations: no visible global function definition for
     ‘gtkChildren’
    getExportSaveName: no visible global function definition for
     ‘gtkBuilderNew’
    getExportSaveName: no visible global function definition for
     ‘gtkFileFilterNew’
    getExportSaveName: no visible binding for global variable
     ‘GtkResponseType’
    getRFRuleSet: no visible global function definition for ‘getTree’
    gtkmain_handler: no visible global function definition for ‘gtkMain’
    gtkmainquit_handler: no visible global function definition for
     ‘gtkMainQuit’
    infoDialog: no visible global function definition for
     ‘gtkMessageDialogNew’
    infoDialog: no visible global function definition for ‘connectSignal’
    infoDialog: no visible binding for global variable ‘gtkWidgetDestroy’
    initialiseVariableViews: no visible global function definition for
     ‘gtkListStoreNew’
    initialiseVariableViews: no visible global function definition for
     ‘gtkCellRendererTextNew’
    initialiseVariableViews: no visible global function definition for
     ‘gtkCellRendererToggleNew’
    initialiseVariableViews: no visible global function definition for
     ‘connectSignal’
    initiateLog: no visible global function definition for
     ‘pangoFontDescriptionFromString’
    item.toggled: no visible global function definition for ‘checkPtrType’
    item.toggled: no visible global function definition for
     ‘gtkTreePathNewFromString’
    loadProject: no visible global function definition for
     ‘gtkFileChooserDialog’
    loadProject: no visible binding for global variable ‘GtkResponseType’
    loadProject: no visible global function definition for
     ‘gtkFileFilterNew’
    loadTooltips: no visible global function definition for ‘xmlTreeParse’
    loadTooltips: no visible global function definition for ‘getNodeSet’
    loadTooltips: no visible global function definition for ‘xmlValue’
    loadTooltips: no visible global function definition for ‘xmlGetAttr’
    newPlot: no visible global function definition for ‘gtkBuilderNew’
    newPlot: no visible global function definition for ‘asCairoDevice’
    normVarNames: no visible global function definition for
     ‘str_replace_all’
    normVarNames: no visible global function definition for ‘perl’
    normVarNames: no visible global function definition for ‘str_replace’
    on_about_menu_activate: no visible global function definition for
     ‘gtkBuilderNew’
    on_aboutdialog_response: no visible global function definition for
     ‘checkPtrType’
    on_aboutdialog_response: no visible global function definition for
     ‘.RGtkCall’
    on_tooltips_activate: no visible binding for global variable
     ‘GdkEventMask’
    on_tooltips_activate: no visible global function definition for
     ‘gSignalConnect’
    openODBCSetTables: no visible global function definition for
     ‘odbcCloseAll’
    plotDigitFreq: no visible global function definition for ‘melt’
    plotDigitFreq: no visible global function definition for ‘ggplot’
    plotDigitFreq: no visible global function definition for ‘aes’
    plotDigitFreq: no visible binding for global variable ‘value’
    plotDigitFreq: no visible global function definition for ‘geom_line’
    plotDigitFreq: no visible global function definition for ‘geom_point’
    plotDigitFreq: no visible global function definition for
     ‘scale_x_continuous’
    plotDigitFreq: no visible global function definition for ‘ylab’
    plotDigitFreq: no visible global function definition for ‘xlab’
    plotDigitFreq: no visible global function definition for ‘theme’
    plotDigitFreq: no visible global function definition for
     ‘element_blank’
    printRandomForest: no visible global function definition for ‘getTree’
    psfchart : doAggregate: no visible global function definition for
     ‘rescaler’
    psfchart: no visible global function definition for ‘ggplot’
    psfchart: no visible global function definition for ‘aes’
    psfchart: no visible global function definition for ‘geom_line’
    psfchart: no visible global function definition for ‘ggtitle’
    psfchart: no visible global function definition for
     ‘scale_y_continuous’
    psfchart: no visible global function definition for
     ‘scale_x_continuous’
    psfchart: no visible global function definition for ‘geom_text’
    psfchart: no visible global function definition for ‘geom_vline’
    psfchart: no visible global function definition for ‘theme’
    questionDialog: no visible global function definition for
     ‘gtkMessageDialogNew’
    questionDialog: no visible binding for global variable
     ‘GtkResponseType’
    rattle: no visible global function definition for ‘gtkBuilderNew’
    rattle: no visible global function definition for
     ‘gtkWindowSetDefaultIcon’
    rattle: no visible global function definition for ‘gtkEventsPending’
    rattle: no visible global function definition for ‘gtkMainIterationDo’
    rattleInfo : makeDepGraph: no visible global function definition for
     ‘nodeDataDefaults<-’
    rattleInfo : makeDepGraph: no visible global function definition for
     ‘nodes’
    rattleInfo : makeDepGraph: no visible global function definition for
     ‘addNode’
    rattleInfo : makeDepGraph: no visible global function definition for
     ‘addEdge’
    rattleInfo : makeDepGraph: no visible global function definition for
     ‘nodeData<-’
    rattleInfo: no visible global function definition for ‘acc’
    reportTreeModel: no visible global function definition for ‘odfWeave’
    reportTreeModel: no visible global function definition for
     ‘odfWeaveControl’
    resetTextview: no visible global function definition for
     ‘pangoFontDescriptionFromString’
    resetTextviews: no visible global function definition for
     ‘xmlTreeParse’
    resetTextviews: no visible global function definition for ‘getNodeSet’
    resetTextviews : <anonymous>: no visible global function definition for
     ‘xmlGetAttr’
    resetTextviews : <anonymous>: no visible global function definition for
     ‘xmlValue’
    riskchart: no visible global function definition for ‘ggplot’
    riskchart: no visible global function definition for ‘aes’
    riskchart: no visible global function definition for
     ‘scale_colour_manual’
    riskchart: no visible global function definition for
     ‘scale_linetype_manual’
    riskchart: no visible global function definition for ‘geom_line’
    riskchart: no visible global function definition for ‘geom_text’
    riskchart: no visible global function definition for ‘ggtitle’
    riskchart: no visible global function definition for ‘xlab’
    riskchart: no visible global function definition for ‘ylab’
    riskchart: no visible global function definition for ‘theme’
    riskchart: no visible global function definition for ‘element_blank’
    riskchart: no visible global function definition for ‘element_text’
    riskchart: no visible global function definition for ‘guides’
    riskchart: no visible global function definition for ‘guide_legend’
    riskchart: no visible global function definition for
     ‘scale_x_continuous’
    riskchart: no visible global function definition for
     ‘scale_y_continuous’
    riskchart: no visible binding for global variable ‘label’
    riskchart: no visible global function definition for ‘geom_vline’
    riskchart: no visible global function definition for ‘element_rect’
    ruleset.randomForest: no visible global function definition for
     ‘getTree’
    savePlotToFile: no visible binding for global variable ‘Cairo_pdf’
    savePlotToFileGui: no visible global function definition for
     ‘gtkFileChooserDialog’
    savePlotToFileGui: no visible binding for global variable
     ‘GtkResponseType’
    savePlotToFileGui: no visible global function definition for
     ‘gtkFileFilterNew’
    saveProject: no visible global function definition for
     ‘gtkFileChooserDialog’
    saveProject: no visible binding for global variable ‘GtkResponseType’
    saveProject: no visible global function definition for
     ‘gtkFileFilterNew’
    set.cursor: no visible global function definition for ‘gdkCursorNew’
    setStatusBar: no visible global function definition for
     ‘gtkEventsPending’
    setStatusBar: no visible global function definition for
     ‘gtkMainIterationDo’
    summarySearch: no visible global function definition for
     ‘gtkEventsPending’
    summarySearch: no visible global function definition for
     ‘gtkMainIterationDo’
    treeset.randomForest: no visible global function definition for
     ‘getTree’
    updateFilenameFilters: no visible global function definition for
     ‘gtkFileFilterNew’
    updateFilenameFilters: no visible global function definition for
     ‘gtkEventsPending’
    updateFilenameFilters: no visible global function definition for
     ‘gtkMainIterationDo’
    viewData: no visible global function definition for
     ‘pangoFontDescriptionFromString’
    warnDialog: no visible global function definition for
     ‘gtkMessageDialogNew’
    warnDialog: no visible global function definition for ‘connectSignal’
    warnDialog: no visible binding for global variable ‘gtkWidgetDestroy’
Flavors: r-devel-linux-x86_64-debian-clang, r-devel-linux-x86_64-fedora-clang, r-devel-linux-x86_64-fedora-gcc, r-devel-osx-x86_64-clang

Version: 3.1.0
Check: R code for possible problems
Result: NOTE
    Found an obsolete/platform-specific call in the following functions:
     ‘openMyDevice’ ‘printPlot’ ‘savePlotToFile’
    Found the platform-specific devices:
     ‘win.metafile’ ‘win.print’
    dev.new() is the preferred way to open a new device, in the unlikely
    event one is needed.
Flavors: r-devel-linux-x86_64-debian-gcc, r-patched-linux-x86_64, r-patched-solaris-x86, r-release-linux-ix86, r-release-linux-x86_64

Version: 3.1.0
Check: R code for possible problems
Result: NOTE
    acquireAuditData: no visible global function definition for
     'write.arff'
    asRules.rpart: no visible global function definition for 'path.rpart'
    binning: no visible global function definition for 'wtd.quantile'
    cat_toggled: no visible global function definition for 'checkPtrType'
    cat_toggled: no visible global function definition for
     'gtkTreePathNewFromString'
    con_toggled: no visible global function definition for 'checkPtrType'
    con_toggled: no visible global function definition for
     'gtkTreePathNewFromString'
    configureGUI: no visible global function definition for
     'gdkPixbufNewFromFile'
    copyPlotToClipboard: no visible global function definition for
     'gdkPixbufNewFromFile'
    copyPlotToClipboard: no visible global function definition for
     'gtkClipboardGet'
    createVariablesModel: no visible global function definition for
     'gtkListStoreNew'
    createVariablesModel: no visible global function definition for
     'gtkComboBoxNewWithModel'
    debugDialog: no visible global function definition for
     'gtkMessageDialogNew'
    debugDialog: no visible global function definition for 'connectSignal'
    debugDialog: no visible binding for global variable 'gtkWidgetDestroy'
    digitDistr: no visible global function definition for 'ddply'
    digitDistr: no visible global function definition for '.'
    displayClusterStatsKMeans: no visible global function definition for
     'gtkEventsPending'
    displayClusterStatsKMeans: no visible global function definition for
     'gtkMainIteration'
    errorDialog: no visible global function definition for
     'gtkMessageDialogNew'
    errorDialog: no visible global function definition for 'connectSignal'
    errorDialog: no visible binding for global variable 'gtkWidgetDestroy'
    executeClusterHClust: no visible global function definition for
     'pangoFontDescriptionFromString'
    executeDataCSV: no visible global function definition for
     'gtkEventsPending'
    executeDataCSV: no visible global function definition for
     'gtkMainIterationDo'
    executeDataODBC: no visible global function definition for 'sqlQuery'
    executeEvaluateCostCurve: no visible global function definition for
     'rainbow_hcl'
    executeEvaluateHand: no visible global function definition for
     'HMeasure'
    executeEvaluateHand: no visible global function definition for
     'plotROC'
    executeEvaluateScore: no visible global function definition for
     'dfedit'
    executeEvaluateScore: no visible global function definition for
     'gSignalConnect'
    executeEvaluateScore: no visible global function definition for
     'gtkFileChooserDialog'
    executeEvaluateScore: no visible binding for global variable
     'GtkResponseType'
    executeEvaluateScore: no visible global function definition for
     'gtkFileFilterNew'
    executeExplorePlot: no visible global function definition for
     'rainbow_hcl'
    executeExplorePlot2: no visible global function definition for
     'rainbow_hcl'
    exportAssociateTab: no visible global function definition for
     'gtkFileChooserDialog'
    exportAssociateTab: no visible binding for global variable
     'GtkResponseType'
    exportAssociateTab: no visible global function definition for
     'gtkFileFilterNew'
    exportAssociateTab: no visible global function definition for 'saveXML'
    exportDataTab: no visible global function definition for
     'gtkFileChooserDialog'
    exportDataTab: no visible binding for global variable 'GtkResponseType'
    exportDataTab: no visible global function definition for
     'gtkFileFilterNew'
    exportEwkmTab: no visible global function definition for 'saveXML'
    exportHClustTab: no visible global function definition for 'saveXML'
    exportKMeansTab: no visible global function definition for 'saveXML'
    exportLogTab: no visible global function definition for
     'gtkFileChooserDialog'
    exportLogTab: no visible binding for global variable 'GtkResponseType'
    exportLogTab: no visible global function definition for
     'gtkFileFilterNew'
    exportNNetModel: no visible global function definition for 'saveXML'
    exportRandomForestModel: no visible global function definition for
     'saveXML'
    exportRegressionModel: no visible global function definition for
     'saveXML'
    exportRpartModel: no visible global function definition for 'saveXML'
    exportSVMModel: no visible global function definition for
     'gtkFileChooserDialog'
    exportSVMModel: no visible binding for global variable
     'GtkResponseType'
    exportSVMModel: no visible global function definition for
     'gtkFileFilterNew'
    exportSVMModel: no visible global function definition for 'saveXML'
    exportSurvivalModel: no visible global function definition for
     'saveXML'
    fancyRpartPlot: no visible global function definition for 'brewer.pal'
    fancyRpartPlot: no visible global function definition for 'prp'
    fixGtkBuilderAdjustments: no visible global function definition for
     'gtkAdjustmentNew'
    fixMacAndGtkBuilderTypes: no visible global function definition for
     'gtkAboutDialogGetType'
    fixMacAndGtkBuilderTypes: no visible global function definition for
     'gtkAlignmentGetType'
    fixMacAndGtkBuilderTypes: no visible global function definition for
     'gtkButtonGetType'
    fixMacAndGtkBuilderTypes: no visible global function definition for
     'gtkCheckButtonGetType'
    fixMacAndGtkBuilderTypes: no visible global function definition for
     'gtkCheckMenuItemGetType'
    fixMacAndGtkBuilderTypes: no visible global function definition for
     'gtkComboBoxEntryGetType'
    fixMacAndGtkBuilderTypes: no visible global function definition for
     'gtkComboBoxGetType'
    fixMacAndGtkBuilderTypes: no visible global function definition for
     'gtkDrawingAreaGetType'
    fixMacAndGtkBuilderTypes: no visible global function definition for
     'gtkEntryGetType'
    fixMacAndGtkBuilderTypes: no visible global function definition for
     'gtkFileChooserButtonGetType'
    fixMacAndGtkBuilderTypes: no visible global function definition for
     'gtkFileChooserDialogGetType'
    fixMacAndGtkBuilderTypes: no visible global function definition for
     'gtkFrameGetType'
    fixMacAndGtkBuilderTypes: no visible global function definition for
     'gtkHBoxGetType'
    fixMacAndGtkBuilderTypes: no visible global function definition for
     'gtkHButtonBoxGetType'
    fixMacAndGtkBuilderTypes: no visible global function definition for
     'gtkHSeparatorGetType'
    fixMacAndGtkBuilderTypes: no visible global function definition for
     'gtkHandleBoxGetType'
    fixMacAndGtkBuilderTypes: no visible global function definition for
     'gtkImageGetType'
    fixMacAndGtkBuilderTypes: no visible global function definition for
     'gtkImageMenuItemGetType'
    fixMacAndGtkBuilderTypes: no visible global function definition for
     'gtkLabelGetType'
    fixMacAndGtkBuilderTypes: no visible global function definition for
     'gtkListStoreGetType'
    fixMacAndGtkBuilderTypes: no visible global function definition for
     'gtkMenuBarGetType'
    fixMacAndGtkBuilderTypes: no visible global function definition for
     'gtkMenuGetType'
    fixMacAndGtkBuilderTypes: no visible global function definition for
     'gtkMenuItemGetType'
    fixMacAndGtkBuilderTypes: no visible global function definition for
     'gtkMiscGetType'
    fixMacAndGtkBuilderTypes: no visible global function definition for
     'gtkNotebookGetType'
    fixMacAndGtkBuilderTypes: no visible global function definition for
     'gtkRadioButtonGetType'
    fixMacAndGtkBuilderTypes: no visible global function definition for
     'gtkScrolledWindowGetType'
    fixMacAndGtkBuilderTypes: no visible global function definition for
     'gtkSeparatorMenuItemGetType'
    fixMacAndGtkBuilderTypes: no visible global function definition for
     'gtkSeparatorToolItemGetType'
    fixMacAndGtkBuilderTypes: no visible global function definition for
     'gtkSpinButtonGetType'
    fixMacAndGtkBuilderTypes: no visible global function definition for
     'gtkStatusbarGetType'
    fixMacAndGtkBuilderTypes: no visible global function definition for
     'gtkTableGetType'
    fixMacAndGtkBuilderTypes: no visible global function definition for
     'gtkTextViewGetType'
    fixMacAndGtkBuilderTypes: no visible global function definition for
     'gtkToolButtonGetType'
    fixMacAndGtkBuilderTypes: no visible global function definition for
     'gtkToolItemGetType'
    fixMacAndGtkBuilderTypes: no visible global function definition for
     'gtkToolbarGetType'
    fixMacAndGtkBuilderTypes: no visible global function definition for
     'gtkTreeViewGetType'
    fixMacAndGtkBuilderTypes: no visible global function definition for
     'gtkVBoxGetType'
    fixMacAndGtkBuilderTypes: no visible global function definition for
     'gtkVSeparatorGetType'
    fixMacAndGtkBuilderTypes: no visible global function definition for
     'gtkWidgetGetType'
    fixMacAndGtkBuilderTypes: no visible global function definition for
     'gtkWindowGetType'
    fixTranslations: no visible global function definition for
     'gtkChildren'
    getExportSaveName: no visible global function definition for
     'gtkBuilderNew'
    getExportSaveName: no visible global function definition for
     'gtkFileFilterNew'
    getExportSaveName: no visible binding for global variable
     'GtkResponseType'
    getRFRuleSet: no visible global function definition for 'getTree'
    gtkmain_handler: no visible global function definition for 'gtkMain'
    gtkmainquit_handler: no visible global function definition for
     'gtkMainQuit'
    infoDialog: no visible global function definition for
     'gtkMessageDialogNew'
    infoDialog: no visible global function definition for 'connectSignal'
    infoDialog: no visible binding for global variable 'gtkWidgetDestroy'
    initialiseVariableViews: no visible global function definition for
     'gtkListStoreNew'
    initialiseVariableViews: no visible global function definition for
     'gtkCellRendererTextNew'
    initialiseVariableViews: no visible global function definition for
     'gtkCellRendererToggleNew'
    initialiseVariableViews: no visible global function definition for
     'connectSignal'
    initiateLog: no visible global function definition for
     'pangoFontDescriptionFromString'
    item.toggled: no visible global function definition for 'checkPtrType'
    item.toggled: no visible global function definition for
     'gtkTreePathNewFromString'
    loadProject: no visible global function definition for
     'gtkFileChooserDialog'
    loadProject: no visible binding for global variable 'GtkResponseType'
    loadProject: no visible global function definition for
     'gtkFileFilterNew'
    loadTooltips: no visible global function definition for 'xmlTreeParse'
    loadTooltips: no visible global function definition for 'getNodeSet'
    loadTooltips: no visible global function definition for 'xmlValue'
    loadTooltips: no visible global function definition for 'xmlGetAttr'
    newPlot: no visible global function definition for 'gtkBuilderNew'
    newPlot: no visible global function definition for 'asCairoDevice'
    normVarNames: no visible global function definition for
     'str_replace_all'
    normVarNames: no visible global function definition for 'perl'
    normVarNames: no visible global function definition for 'str_replace'
    on_about_menu_activate: no visible global function definition for
     'gtkBuilderNew'
    on_aboutdialog_response: no visible global function definition for
     'checkPtrType'
    on_aboutdialog_response: no visible global function definition for
     '.RGtkCall'
    on_tooltips_activate: no visible binding for global variable
     'GdkEventMask'
    on_tooltips_activate: no visible global function definition for
     'gSignalConnect'
    openODBCSetTables: no visible global function definition for
     'odbcCloseAll'
    plotDigitFreq: no visible global function definition for 'melt'
    plotDigitFreq: no visible global function definition for 'ggplot'
    plotDigitFreq: no visible global function definition for 'aes'
    plotDigitFreq: no visible binding for global variable 'value'
    plotDigitFreq: no visible global function definition for 'geom_line'
    plotDigitFreq: no visible global function definition for 'geom_point'
    plotDigitFreq: no visible global function definition for
     'scale_x_continuous'
    plotDigitFreq: no visible global function definition for 'ylab'
    plotDigitFreq: no visible global function definition for 'xlab'
    plotDigitFreq: no visible global function definition for 'theme'
    plotDigitFreq: no visible global function definition for
     'element_blank'
    printRandomForest: no visible global function definition for 'getTree'
    psfchart : doAggregate: no visible global function definition for
     'rescaler'
    psfchart: no visible global function definition for 'ggplot'
    psfchart: no visible global function definition for 'aes'
    psfchart: no visible global function definition for 'geom_line'
    psfchart: no visible global function definition for 'ggtitle'
    psfchart: no visible global function definition for
     'scale_y_continuous'
    psfchart: no visible global function definition for
     'scale_x_continuous'
    psfchart: no visible global function definition for 'geom_text'
    psfchart: no visible global function definition for 'geom_vline'
    psfchart: no visible global function definition for 'theme'
    questionDialog: no visible global function definition for
     'gtkMessageDialogNew'
    questionDialog: no visible binding for global variable
     'GtkResponseType'
    rattle: no visible global function definition for 'gtkBuilderNew'
    rattle: no visible global function definition for
     'gtkWindowSetDefaultIcon'
    rattle: no visible global function definition for 'gtkEventsPending'
    rattle: no visible global function definition for 'gtkMainIterationDo'
    rattleInfo : makeDepGraph: no visible global function definition for
     'nodeDataDefaults<-'
    rattleInfo : makeDepGraph: no visible global function definition for
     'nodes'
    rattleInfo : makeDepGraph: no visible global function definition for
     'addNode'
    rattleInfo : makeDepGraph: no visible global function definition for
     'addEdge'
    rattleInfo : makeDepGraph: no visible global function definition for
     'nodeData<-'
    rattleInfo: no visible global function definition for 'acc'
    reportTreeModel: no visible global function definition for 'odfWeave'
    reportTreeModel: no visible global function definition for
     'odfWeaveControl'
    resetTextview: no visible global function definition for
     'pangoFontDescriptionFromString'
    resetTextviews: no visible global function definition for
     'xmlTreeParse'
    resetTextviews: no visible global function definition for 'getNodeSet'
    resetTextviews : <anonymous>: no visible global function definition for
     'xmlGetAttr'
    resetTextviews : <anonymous>: no visible global function definition for
     'xmlValue'
    riskchart: no visible global function definition for 'ggplot'
    riskchart: no visible global function definition for 'aes'
    riskchart: no visible global function definition for
     'scale_colour_manual'
    riskchart: no visible global function definition for
     'scale_linetype_manual'
    riskchart: no visible global function definition for 'geom_line'
    riskchart: no visible global function definition for 'geom_text'
    riskchart: no visible global function definition for 'ggtitle'
    riskchart: no visible global function definition for 'xlab'
    riskchart: no visible global function definition for 'ylab'
    riskchart: no visible global function definition for 'theme'
    riskchart: no visible global function definition for 'element_blank'
    riskchart: no visible global function definition for 'element_text'
    riskchart: no visible global function definition for 'guides'
    riskchart: no visible global function definition for 'guide_legend'
    riskchart: no visible global function definition for
     'scale_x_continuous'
    riskchart: no visible global function definition for
     'scale_y_continuous'
    riskchart: no visible binding for global variable 'label'
    riskchart: no visible global function definition for 'geom_vline'
    riskchart: no visible global function definition for 'element_rect'
    ruleset.randomForest: no visible global function definition for
     'getTree'
    savePlotToFile: no visible binding for global variable 'Cairo_pdf'
    savePlotToFileGui: no visible global function definition for
     'gtkFileChooserDialog'
    savePlotToFileGui: no visible binding for global variable
     'GtkResponseType'
    savePlotToFileGui: no visible global function definition for
     'gtkFileFilterNew'
    saveProject: no visible global function definition for
     'gtkFileChooserDialog'
    saveProject: no visible binding for global variable 'GtkResponseType'
    saveProject: no visible global function definition for
     'gtkFileFilterNew'
    set.cursor: no visible global function definition for 'gdkCursorNew'
    setStatusBar: no visible global function definition for
     'gtkEventsPending'
    setStatusBar: no visible global function definition for
     'gtkMainIterationDo'
    summarySearch: no visible global function definition for
     'gtkEventsPending'
    summarySearch: no visible global function definition for
     'gtkMainIterationDo'
    treeset.randomForest: no visible global function definition for
     'getTree'
    updateFilenameFilters: no visible global function definition for
     'gtkFileFilterNew'
    updateFilenameFilters: no visible global function definition for
     'gtkEventsPending'
    updateFilenameFilters: no visible global function definition for
     'gtkMainIterationDo'
    viewData: no visible global function definition for
     'pangoFontDescriptionFromString'
    warnDialog: no visible global function definition for
     'gtkMessageDialogNew'
    warnDialog: no visible global function definition for 'connectSignal'
    warnDialog: no visible binding for global variable 'gtkWidgetDestroy'
Flavor: r-devel-windows-ix86+x86_64

Version: 3.1.0
Flags: --no-examples
Check: package dependencies
Result: NOTE
    Package suggested but not available for checking: ‘rggobi’
Flavor: r-patched-solaris-sparc

Version: 3.1.0
Flags: --no-examples
Check: installed package size
Result: NOTE
     installed size is 7.1Mb
     sub-directories of 1Mb or more:
     data 2.0Mb
     etc 2.2Mb
     po 1.5Mb
Flavor: r-patched-solaris-sparc

Version: 3.1.0
Flags: --no-examples
Check: dependencies in R code
Result: NOTE
    Unexported objects imported by ':::' calls:
     ‘pkgDepTools:::cleanPkgField’ ‘pkgDepTools:::getDownloadSizesBatched’
     ‘pkgDepTools:::makePkgUrl’
     See the note in ?`:::` about the use of this operator.
    See the information on DESCRIPTION files in the chapter ‘Creating R
    packages’ of the ‘Writing R Extensions’ manual.
Flavor: r-patched-solaris-sparc

Version: 3.1.0
Flags: --no-examples
Check: R code for possible problems
Result: NOTE
    Found an obsolete/platform-specific call in the following functions:
     ‘openMyDevice’ ‘printPlot’ ‘savePlotToFile’
    Found the platform-specific devices:
     ‘win.metafile’ ‘win.print’
    dev.new() is the preferred way to open a new device, in the unlikely
    event one is needed.
Flavor: r-patched-solaris-sparc

Version: 3.1.0
Check: package dependencies
Result: NOTE
    Package suggested but not available for checking: ‘rggobi’
Flavor: r-patched-solaris-x86

Version: 3.1.0
Check: package dependencies
Result: NOTE
    Packages suggested but not available for checking:
     ‘RGtk2’ ‘cairoDevice’ ‘gWidgetsRGtk2’ ‘playwith’ ‘rggobi’
     ‘RGtk2Extras’ ‘RODBC’ ‘pkgDepTools’
Flavor: r-release-osx-x86_64-mavericks

Version: 3.1.0
Check: dependencies in R code
Result: NOTE
    Unavailable namespace imported from by a ':::' call: ‘pkgDepTools’
     See the note in ?`:::` about the use of this operator.
    See the information on DESCRIPTION files in the chapter ‘Creating R
    packages’ of the ‘Writing R Extensions’ manual.
Flavors: r-release-osx-x86_64-mavericks, r-release-osx-x86_64-snowleopard

Version: 3.1.0
Check: R code for possible problems
Result: NOTE
    cat_toggled: no visible global function definition for ‘checkPtrType’
    cat_toggled: no visible global function definition for
     ‘gtkTreePathNewFromString’
    con_toggled: no visible global function definition for ‘checkPtrType’
    con_toggled: no visible global function definition for
     ‘gtkTreePathNewFromString’
    configureGUI: no visible global function definition for
     ‘gdkPixbufNewFromFile’
    copyPlotToClipboard: no visible global function definition for
     ‘gdkPixbufNewFromFile’
    copyPlotToClipboard: no visible global function definition for
     ‘gtkClipboardGet’
    createVariablesModel: no visible global function definition for
     ‘gtkListStoreNew’
    createVariablesModel: no visible global function definition for
     ‘gtkComboBoxNewWithModel’
    debugDialog: no visible global function definition for
     ‘gtkMessageDialogNew’
    debugDialog: no visible global function definition for ‘connectSignal’
    debugDialog: no visible binding for global variable ‘gtkWidgetDestroy’
    displayClusterStatsKMeans: no visible global function definition for
     ‘gtkEventsPending’
    displayClusterStatsKMeans: no visible global function definition for
     ‘gtkMainIteration’
    errorDialog: no visible global function definition for
     ‘gtkMessageDialogNew’
    errorDialog: no visible global function definition for ‘connectSignal’
    errorDialog: no visible binding for global variable ‘gtkWidgetDestroy’
    executeClusterHClust: no visible global function definition for
     ‘pangoFontDescriptionFromString’
    executeDataCSV: no visible global function definition for
     ‘gtkEventsPending’
    executeDataCSV: no visible global function definition for
     ‘gtkMainIterationDo’
    executeDataODBC: no visible global function definition for ‘sqlQuery’
    executeEvaluateScore: no visible global function definition for
     ‘dfedit’
    executeEvaluateScore: no visible global function definition for
     ‘gSignalConnect’
    executeEvaluateScore: no visible global function definition for
     ‘gtkFileChooserDialog’
    executeEvaluateScore: no visible binding for global variable
     ‘GtkResponseType’
    executeEvaluateScore: no visible global function definition for
     ‘gtkFileFilterNew’
    exportAssociateTab: no visible global function definition for
     ‘gtkFileChooserDialog’
    exportAssociateTab: no visible binding for global variable
     ‘GtkResponseType’
    exportAssociateTab: no visible global function definition for
     ‘gtkFileFilterNew’
    exportDataTab: no visible global function definition for
     ‘gtkFileChooserDialog’
    exportDataTab: no visible binding for global variable ‘GtkResponseType’
    exportDataTab: no visible global function definition for
     ‘gtkFileFilterNew’
    exportLogTab: no visible global function definition for
     ‘gtkFileChooserDialog’
    exportLogTab: no visible binding for global variable ‘GtkResponseType’
    exportLogTab: no visible global function definition for
     ‘gtkFileFilterNew’
    exportSVMModel: no visible global function definition for
     ‘gtkFileChooserDialog’
    exportSVMModel: no visible binding for global variable
     ‘GtkResponseType’
    exportSVMModel: no visible global function definition for
     ‘gtkFileFilterNew’
    fixGtkBuilderAdjustments: no visible global function definition for
     ‘gtkAdjustmentNew’
    fixMacAndGtkBuilderTypes: no visible global function definition for
     ‘gtkAboutDialogGetType’
    fixMacAndGtkBuilderTypes: no visible global function definition for
     ‘gtkAlignmentGetType’
    fixMacAndGtkBuilderTypes: no visible global function definition for
     ‘gtkButtonGetType’
    fixMacAndGtkBuilderTypes: no visible global function definition for
     ‘gtkCheckButtonGetType’
    fixMacAndGtkBuilderTypes: no visible global function definition for
     ‘gtkCheckMenuItemGetType’
    fixMacAndGtkBuilderTypes: no visible global function definition for
     ‘gtkComboBoxEntryGetType’
    fixMacAndGtkBuilderTypes: no visible global function definition for
     ‘gtkComboBoxGetType’
    fixMacAndGtkBuilderTypes: no visible global function definition for
     ‘gtkDrawingAreaGetType’
    fixMacAndGtkBuilderTypes: no visible global function definition for
     ‘gtkEntryGetType’
    fixMacAndGtkBuilderTypes: no visible global function definition for
     ‘gtkFileChooserButtonGetType’
    fixMacAndGtkBuilderTypes: no visible global function definition for
     ‘gtkFileChooserDialogGetType’
    fixMacAndGtkBuilderTypes: no visible global function definition for
     ‘gtkFrameGetType’
    fixMacAndGtkBuilderTypes: no visible global function definition for
     ‘gtkHBoxGetType’
    fixMacAndGtkBuilderTypes: no visible global function definition for
     ‘gtkHButtonBoxGetType’
    fixMacAndGtkBuilderTypes: no visible global function definition for
     ‘gtkHSeparatorGetType’
    fixMacAndGtkBuilderTypes: no visible global function definition for
     ‘gtkHandleBoxGetType’
    fixMacAndGtkBuilderTypes: no visible global function definition for
     ‘gtkImageGetType’
    fixMacAndGtkBuilderTypes: no visible global function definition for
     ‘gtkImageMenuItemGetType’
    fixMacAndGtkBuilderTypes: no visible global function definition for
     ‘gtkLabelGetType’
    fixMacAndGtkBuilderTypes: no visible global function definition for
     ‘gtkListStoreGetType’
    fixMacAndGtkBuilderTypes: no visible global function definition for
     ‘gtkMenuBarGetType’
    fixMacAndGtkBuilderTypes: no visible global function definition for
     ‘gtkMenuGetType’
    fixMacAndGtkBuilderTypes: no visible global function definition for
     ‘gtkMenuItemGetType’
    fixMacAndGtkBuilderTypes: no visible global function definition for
     ‘gtkMiscGetType’
    fixMacAndGtkBuilderTypes: no visible global function definition for
     ‘gtkNotebookGetType’
    fixMacAndGtkBuilderTypes: no visible global function definition for
     ‘gtkRadioButtonGetType’
    fixMacAndGtkBuilderTypes: no visible global function definition for
     ‘gtkScrolledWindowGetType’
    fixMacAndGtkBuilderTypes: no visible global function definition for
     ‘gtkSeparatorMenuItemGetType’
    fixMacAndGtkBuilderTypes: no visible global function definition for
     ‘gtkSeparatorToolItemGetType’
    fixMacAndGtkBuilderTypes: no visible global function definition for
     ‘gtkSpinButtonGetType’
    fixMacAndGtkBuilderTypes: no visible global function definition for
     ‘gtkStatusbarGetType’
    fixMacAndGtkBuilderTypes: no visible global function definition for
     ‘gtkTableGetType’
    fixMacAndGtkBuilderTypes: no visible global function definition for
     ‘gtkTextViewGetType’
    fixMacAndGtkBuilderTypes: no visible global function definition for
     ‘gtkToolButtonGetType’
    fixMacAndGtkBuilderTypes: no visible global function definition for
     ‘gtkToolItemGetType’
    fixMacAndGtkBuilderTypes: no visible global function definition for
     ‘gtkToolbarGetType’
    fixMacAndGtkBuilderTypes: no visible global function definition for
     ‘gtkTreeViewGetType’
    fixMacAndGtkBuilderTypes: no visible global function definition for
     ‘gtkVBoxGetType’
    fixMacAndGtkBuilderTypes: no visible global function definition for
     ‘gtkVSeparatorGetType’
    fixMacAndGtkBuilderTypes: no visible global function definition for
     ‘gtkWidgetGetType’
    fixMacAndGtkBuilderTypes: no visible global function definition for
     ‘gtkWindowGetType’
    fixTranslations: no visible global function definition for
     ‘gtkChildren’
    getExportSaveName: no visible global function definition for
     ‘gtkBuilderNew’
    getExportSaveName: no visible global function definition for
     ‘gtkFileFilterNew’
    getExportSaveName: no visible binding for global variable
     ‘GtkResponseType’
    gtkmain_handler: no visible global function definition for ‘gtkMain’
    gtkmainquit_handler: no visible global function definition for
     ‘gtkMainQuit’
    infoDialog: no visible global function definition for
     ‘gtkMessageDialogNew’
    infoDialog: no visible global function definition for ‘connectSignal’
    infoDialog: no visible binding for global variable ‘gtkWidgetDestroy’
    initialiseVariableViews: no visible global function definition for
     ‘gtkListStoreNew’
    initialiseVariableViews: no visible global function definition for
     ‘gtkCellRendererTextNew’
    initialiseVariableViews: no visible global function definition for
     ‘gtkCellRendererToggleNew’
    initialiseVariableViews: no visible global function definition for
     ‘connectSignal’
    initiateLog: no visible global function definition for
     ‘pangoFontDescriptionFromString’
    item.toggled: no visible global function definition for ‘checkPtrType’
    item.toggled: no visible global function definition for
     ‘gtkTreePathNewFromString’
    loadProject: no visible global function definition for
     ‘gtkFileChooserDialog’
    loadProject: no visible binding for global variable ‘GtkResponseType’
    loadProject: no visible global function definition for
     ‘gtkFileFilterNew’
    newPlot: no visible global function definition for ‘gtkBuilderNew’
    newPlot: no visible global function definition for ‘asCairoDevice’
    on_about_menu_activate: no visible global function definition for
     ‘gtkBuilderNew’
    on_aboutdialog_response: no visible global function definition for
     ‘checkPtrType’
    on_aboutdialog_response: no visible global function definition for
     ‘.RGtkCall’
    on_tooltips_activate: no visible binding for global variable
     ‘GdkEventMask’
    on_tooltips_activate: no visible global function definition for
     ‘gSignalConnect’
    openODBCSetTables: no visible global function definition for
     ‘odbcCloseAll’
    questionDialog: no visible global function definition for
     ‘gtkMessageDialogNew’
    questionDialog: no visible binding for global variable
     ‘GtkResponseType’
    rattle: no visible global function definition for ‘gtkBuilderNew’
    rattle: no visible global function definition for
     ‘gtkWindowSetDefaultIcon’
    rattle: no visible global function definition for ‘gtkEventsPending’
    rattle: no visible global function definition for ‘gtkMainIterationDo’
    resetTextview: no visible global function definition for
     ‘pangoFontDescriptionFromString’
    savePlotToFile: no visible binding for global variable ‘Cairo_pdf’
    savePlotToFileGui: no visible global function definition for
     ‘gtkFileChooserDialog’
    savePlotToFileGui: no visible binding for global variable
     ‘GtkResponseType’
    savePlotToFileGui: no visible global function definition for
     ‘gtkFileFilterNew’
    saveProject: no visible global function definition for
     ‘gtkFileChooserDialog’
    saveProject: no visible binding for global variable ‘GtkResponseType’
    saveProject: no visible global function definition for
     ‘gtkFileFilterNew’
    set.cursor: no visible global function definition for ‘gdkCursorNew’
    setStatusBar: no visible global function definition for
     ‘gtkEventsPending’
    setStatusBar: no visible global function definition for
     ‘gtkMainIterationDo’
    summarySearch: no visible global function definition for
     ‘gtkEventsPending’
    summarySearch: no visible global function definition for
     ‘gtkMainIterationDo’
    updateFilenameFilters: no visible global function definition for
     ‘gtkFileFilterNew’
    updateFilenameFilters: no visible global function definition for
     ‘gtkEventsPending’
    updateFilenameFilters: no visible global function definition for
     ‘gtkMainIterationDo’
    viewData: no visible global function definition for
     ‘pangoFontDescriptionFromString’
    warnDialog: no visible global function definition for
     ‘gtkMessageDialogNew’
    warnDialog: no visible global function definition for ‘connectSignal’
    warnDialog: no visible binding for global variable ‘gtkWidgetDestroy’
Flavor: r-release-osx-x86_64-mavericks

Version: 3.1.0
Check: re-building of vignette outputs
Result: NOTE
    Error in re-building vignettes:
     ...
    Error in texi2dvi(file = file, pdf = TRUE, clean = clean, quiet = quiet, :
     Running 'texi2dvi' on 'rattle.tex' failed.
    LaTeX errors:
    ! LaTeX Error: File `lastpage.sty' not found.
    
    Type X to quit or <RETURN> to proceed,
    or enter new name. (Default extension: sty)
    
    test/rattle/vignettes/rattle.tex:13: ==> Fatal error occurred, no output PDF f
    ile produced!
    Calls: buildVignettes -> texi2pdf -> texi2dvi
    Execution halted
Flavor: r-release-osx-x86_64-mavericks

Version: 3.1.0
Check: package dependencies
Result: NOTE
    Packages suggested but not available for checking: ‘rggobi’ ‘pkgDepTools’
Flavor: r-release-osx-x86_64-snowleopard