CRAN Package Check Results for Package rattle

Last updated on 2014-04-17 10:47:54.

Flavor Version Tinstall Tcheck Ttotal Status Flags
r-devel-linux-x86_64-debian-clang 3.0.2 2.84 70.92 73.76 NOTE
r-devel-linux-x86_64-debian-gcc 3.0.2 2.60 71.34 73.94 NOTE
r-devel-linux-x86_64-fedora-clang 3.0.2 144.38 NOTE
r-devel-linux-x86_64-fedora-gcc 3.0.2 135.69 NOTE
r-devel-macosx-x86_64-clang 3.0.2 118.99 NOTE
r-devel-macosx-x86_64-gcc 3.0.2 ERROR
r-devel-windows-ix86+x86_64 3.0.2 6.00 93.00 99.00 NOTE
r-patched-linux-x86_64 3.0.2 2.61 71.84 74.45 NOTE
r-patched-solaris-sparc 3.0.2 743.10 NOTE --no-examples
r-patched-solaris-x86 3.0.2 167.40 NOTE
r-release-linux-ix86 3.0.2 8.00 111.00 119.00 NOTE
r-release-linux-x86_64 3.0.2 2.58 70.56 73.14 NOTE
r-release-macosx-x86_64 3.0.2 NOTE
r-release-windows-ix86+x86_64 3.0.2 6.00 96.00 102.00 NOTE
r-oldrel-windows-ix86+x86_64 3.0.2 6.00 93.00 99.00 NOTE

Check Details

Version: 3.0.2
Check: installed package size
Result: NOTE
     installed size is 6.0Mb
     sub-directories of 1Mb or more:
     data 1.8Mb
     etc 1.9Mb
     po 1.2Mb
Flavors: r-devel-linux-x86_64-debian-clang, r-devel-linux-x86_64-debian-gcc, r-devel-linux-x86_64-fedora-clang, r-devel-linux-x86_64-fedora-gcc, r-devel-macosx-x86_64-clang, r-devel-macosx-x86_64-gcc, r-devel-windows-ix86+x86_64, r-patched-linux-x86_64, r-patched-solaris-x86, r-release-linux-ix86, r-release-linux-x86_64, r-release-macosx-x86_64, r-release-windows-ix86+x86_64, r-oldrel-windows-ix86+x86_64

Version: 3.0.2
Check: dependencies in R code
Result: NOTE
    Unexported objects imported by ':::' calls:
     ‘pkgDepTools:::cleanPkgField’ ‘pkgDepTools:::getDownloadSizesBatched’
     ‘pkgDepTools:::makePkgUrl’
     See the note in ?`:::` about the use of this operator.
    See the information on DESCRIPTION files in the chapter ‘Creating R
    packages’ of the ‘Writing R Extensions’ manual.
Flavors: r-devel-linux-x86_64-debian-clang, r-devel-linux-x86_64-debian-gcc, r-devel-windows-ix86+x86_64, r-patched-linux-x86_64, r-patched-solaris-x86, r-release-linux-ix86, r-release-linux-x86_64, r-release-windows-ix86+x86_64, r-oldrel-windows-ix86+x86_64

Version: 3.0.2
Check: R code for possible problems
Result: NOTE
    Found an obsolete/platform-specific call in the following functions:
     ‘openMyDevice’ ‘printPlot’ ‘savePlotToFile’
    Found the platform-specific devices:
     ‘win.metafile’ ‘win.print’
    dev.new() is the preferred way to open a new device, in the unlikely
    event one is needed.
Flavors: r-devel-linux-x86_64-debian-clang, r-devel-linux-x86_64-debian-gcc, r-devel-linux-x86_64-fedora-clang, r-devel-linux-x86_64-fedora-gcc, r-devel-macosx-x86_64-clang, r-patched-linux-x86_64, r-patched-solaris-x86, r-release-linux-ix86, r-release-linux-x86_64

Version: 3.0.2
Check: package dependencies
Result: NOTE
    Package suggested but not available for checking: ‘pkgDepTools’
Flavors: r-devel-linux-x86_64-fedora-clang, r-devel-linux-x86_64-fedora-gcc, r-devel-macosx-x86_64-clang

Version: 3.0.2
Check: dependencies in R code
Result: NOTE
    Unavailable namespace imported from by a ':::' call: ‘pkgDepTools’
     See the note in ?`:::` about the use of this operator.
    See the information on DESCRIPTION files in the chapter ‘Creating R
    packages’ of the ‘Writing R Extensions’ manual.
Flavors: r-devel-linux-x86_64-fedora-clang, r-devel-linux-x86_64-fedora-gcc, r-devel-macosx-x86_64-clang, r-devel-macosx-x86_64-gcc, r-release-macosx-x86_64

Version: 3.0.2
Check: package dependencies
Result: NOTE
    Packages suggested but not available for checking:
     ‘pmml’ ‘arules’ ‘arulesViz’ ‘cba’ ‘fpc’ ‘ggdendro’ ‘ggplot2’ ‘graph’
     ‘Hmisc’ ‘latticist’ ‘odfWeave’ ‘party’ ‘RBGL’ ‘rggobi’ ‘tm’
     ‘verification’ ‘weightedKmeans’ ‘XML’ ‘pkgDepTools’ ‘Rgraphviz’
Flavor: r-devel-macosx-x86_64-gcc

Version: 3.0.2
Check: R code for possible problems
Result: NOTE
    binning: no visible global function definition for ‘wtd.quantile’
    exportAssociateTab: no visible global function definition for ‘saveXML’
    exportEwkmTab: no visible global function definition for ‘saveXML’
    exportHClustTab: no visible global function definition for ‘saveXML’
    exportKMeansTab: no visible global function definition for ‘saveXML’
    exportNNetModel: no visible global function definition for ‘saveXML’
    exportRandomForestModel: no visible global function definition for
     ‘saveXML’
    exportRegressionModel: no visible global function definition for
     ‘saveXML’
    exportRpartModel: no visible global function definition for ‘saveXML’
    exportSVMModel: no visible global function definition for ‘saveXML’
    exportSurvivalModel: no visible global function definition for
     ‘saveXML’
    loadTooltips: no visible global function definition for ‘xmlTreeParse’
    loadTooltips: no visible global function definition for ‘getNodeSet’
    loadTooltips: no visible global function definition for ‘xmlValue’
    loadTooltips: no visible global function definition for ‘xmlGetAttr’
    plotDigitFreq: no visible global function definition for ‘ggplot’
    plotDigitFreq: no visible global function definition for ‘aes’
    plotDigitFreq: no visible binding for global variable ‘value’
    plotDigitFreq: no visible global function definition for ‘geom_line’
    plotDigitFreq: no visible global function definition for ‘geom_point’
    plotDigitFreq: no visible global function definition for
     ‘scale_x_continuous’
    plotDigitFreq: no visible global function definition for ‘ylab’
    plotDigitFreq: no visible global function definition for ‘xlab’
    plotDigitFreq: no visible global function definition for ‘theme’
    plotDigitFreq: no visible global function definition for
     ‘element_blank’
    psfchart: no visible global function definition for ‘ggplot’
    psfchart: no visible global function definition for ‘aes’
    psfchart: no visible global function definition for ‘geom_line’
    psfchart: no visible global function definition for ‘ggtitle’
    psfchart: no visible global function definition for
     ‘scale_y_continuous’
    psfchart: no visible global function definition for
     ‘scale_x_continuous’
    psfchart: no visible global function definition for ‘geom_text’
    psfchart: no visible global function definition for ‘geom_vline’
    psfchart: no visible global function definition for ‘theme’
    rattleInfo : makeDepGraph: no visible global function definition for
     ‘nodeDataDefaults<-’
    rattleInfo : makeDepGraph: no visible global function definition for
     ‘nodes’
    rattleInfo : makeDepGraph: no visible global function definition for
     ‘addNode’
    rattleInfo : makeDepGraph: no visible global function definition for
     ‘addEdge’
    rattleInfo : makeDepGraph: no visible global function definition for
     ‘nodeData<-’
    rattleInfo: no visible global function definition for ‘acc’
    reportTreeModel: no visible global function definition for ‘odfWeave’
    reportTreeModel: no visible global function definition for
     ‘odfWeaveControl’
    resetTextviews: no visible global function definition for
     ‘xmlTreeParse’
    resetTextviews: no visible global function definition for ‘getNodeSet’
    resetTextviews : <anonymous>: no visible global function definition for
     ‘xmlGetAttr’
    resetTextviews : <anonymous>: no visible global function definition for
     ‘xmlValue’
    riskchart: no visible global function definition for ‘ggplot’
    riskchart: no visible global function definition for ‘aes’
    riskchart: no visible global function definition for
     ‘scale_colour_manual’
    riskchart: no visible global function definition for
     ‘scale_linetype_manual’
    riskchart: no visible global function definition for ‘geom_line’
    riskchart: no visible global function definition for ‘geom_text’
    riskchart: no visible global function definition for ‘annotate’
    riskchart: no visible global function definition for ‘ggtitle’
    riskchart: no visible global function definition for ‘xlab’
    riskchart: no visible global function definition for ‘ylab’
    riskchart: no visible global function definition for ‘theme’
    riskchart: no visible global function definition for ‘element_blank’
    riskchart: no visible global function definition for ‘guides’
    riskchart: no visible global function definition for ‘guide_legend’
    riskchart: no visible global function definition for
     ‘scale_x_continuous’
    riskchart: no visible global function definition for
     ‘scale_y_continuous’
    riskchart: no visible binding for global variable ‘label’
    riskchart: no visible global function definition for ‘geom_vline’
    riskchart: no visible global function definition for ‘element_rect’
Flavor: r-devel-macosx-x86_64-gcc

Version: 3.0.2
Check: examples
Result: ERROR
    Running examples in ‘rattle-Ex.R’ failed
    The error most likely occurred in:
    
    > ### Name: riskchart
    > ### Title: Plot a risk chart
    > ### Aliases: riskchart
    > ### Keywords: hplot
    >
    > ### ** Examples
    >
    > ## Use rpart to build a decision tree.
    >
    > library(rpart)
    >
    > ## Set up the data for modelling.
    >
    > set.seed(42)
    > ds <- weather
    > target <- "RainTomorrow"
    > risk <- "RISK_MM"
    > ignore <- c("Date", "Location", risk)
    > vars <- setdiff(names(ds), ignore)
    > nobs <- nrow(ds)
    > form <- formula(paste(target, "~ ."))
    > train <- sample(nobs, 0.7*nobs)
    > test <- setdiff(seq_len(nobs), train)
    > actual <- ds[test, target]
    > risks <- ds[test, risk]
    >
    > # Build the model.
    >
    > model <- rpart(form, data=ds[train, vars])
    >
    > ## Obtain predictions.
    >
    > predicted <- predict(model, ds[test, vars], type="prob")[,2]
    >
    > ## Plot the Risk Chart.
    >
    > riskchart(predicted, actual, risks)
    Loading required package: ggplot2
    Warning in library(package, lib.loc = lib.loc, character.only = TRUE, logical.return = TRUE, :
     there is no package called ‘ggplot2’
    Error in riskchart(predicted, actual, risks) :
     could not find function "ggplot"
    Execution halted
Flavor: r-devel-macosx-x86_64-gcc

Version: 3.0.2
Flags: --no-examples
Check: package dependencies
Result: NOTE
    Package suggested but not available for checking: ‘rggobi’
Flavor: r-patched-solaris-sparc

Version: 3.0.2
Flags: --no-examples
Check: installed package size
Result: NOTE
     installed size is 7.0Mb
     sub-directories of 1Mb or more:
     data 1.9Mb
     etc 2.2Mb
     po 1.5Mb
Flavor: r-patched-solaris-sparc

Version: 3.0.2
Flags: --no-examples
Check: dependencies in R code
Result: NOTE
    Unexported objects imported by ':::' calls:
     ‘pkgDepTools:::cleanPkgField’ ‘pkgDepTools:::getDownloadSizesBatched’
     ‘pkgDepTools:::makePkgUrl’
     See the note in ?`:::` about the use of this operator.
    See the information on DESCRIPTION files in the chapter ‘Creating R
    packages’ of the ‘Writing R Extensions’ manual.
Flavor: r-patched-solaris-sparc

Version: 3.0.2
Flags: --no-examples
Check: R code for possible problems
Result: NOTE
    Found an obsolete/platform-specific call in the following functions:
     ‘openMyDevice’ ‘printPlot’ ‘savePlotToFile’
    Found the platform-specific devices:
     ‘win.metafile’ ‘win.print’
    dev.new() is the preferred way to open a new device, in the unlikely
    event one is needed.
Flavor: r-patched-solaris-sparc

Version: 3.0.2
Check: package dependencies
Result: NOTE
    Package suggested but not available for checking: ‘rggobi’
Flavor: r-patched-solaris-x86

Version: 3.0.2
Check: package dependencies
Result: NOTE
    Packages suggested but not available for checking:
     ‘graph’ ‘RBGL’ ‘rggobi’ ‘pkgDepTools’ ‘Rgraphviz’
Flavor: r-release-macosx-x86_64

Version: 3.0.2
Check: R code for possible problems
Result: NOTE
    rattleInfo : makeDepGraph: no visible global function definition for
     ‘nodeDataDefaults<-’
    rattleInfo : makeDepGraph: no visible global function definition for
     ‘addEdge’
    rattleInfo : makeDepGraph: no visible global function definition for
     ‘nodeData<-’
    rattleInfo: no visible global function definition for ‘acc’
Flavor: r-release-macosx-x86_64