CRAN Package Check Results for Package rattle

Last updated on 2016-08-29 19:48:30.

Flavor Version Tinstall Tcheck Ttotal Status Flags
r-devel-linux-x86_64-debian-clang 4.1.0 3.29 52.54 55.83 NOTE
r-devel-linux-x86_64-debian-gcc 4.1.0 3.32 50.62 53.94 NOTE
r-devel-linux-x86_64-fedora-clang 4.1.0 94.55 NOTE
r-devel-linux-x86_64-fedora-gcc 4.1.0 89.53 NOTE
r-devel-osx-x86_64-clang 4.1.0 79.83 NOTE
r-devel-windows-ix86+x86_64 4.1.0 20.00 107.00 127.00 NOTE
r-patched-linux-x86_64 4.1.0 3.32 50.88 54.19 NOTE
r-patched-solaris-sparc 4.1.0 575.70 NOTE --no-examples
r-patched-solaris-x86 4.1.0 118.00 NOTE
r-release-linux-x86_64 4.1.0 3.15 50.94 54.09 NOTE
r-release-osx-x86_64-mavericks 4.1.0 WARN
r-release-windows-ix86+x86_64 4.1.0 9.00 74.00 83.00 NOTE
r-oldrel-windows-ix86+x86_64 4.1.0 16.00 107.00 123.00 NOTE

Check Details

Version: 4.1.0
Check: package dependencies
Result: NOTE
    Packages suggested but not available for checking: ‘RBGL’ ‘pkgDepTools’
Flavor: r-devel-linux-x86_64-debian-clang

Version: 4.1.0
Check: installed package size
Result: NOTE
     installed size is 6.9Mb
     sub-directories of 1Mb or more:
     data 2.5Mb
     etc 1.9Mb
     po 1.2Mb
Flavors: r-devel-linux-x86_64-debian-clang, r-devel-linux-x86_64-debian-gcc, r-devel-linux-x86_64-fedora-clang, r-devel-linux-x86_64-fedora-gcc, r-devel-osx-x86_64-clang, r-devel-windows-ix86+x86_64, r-patched-linux-x86_64, r-patched-solaris-x86, r-release-linux-x86_64, r-release-osx-x86_64-mavericks, r-release-windows-ix86+x86_64, r-oldrel-windows-ix86+x86_64

Version: 4.1.0
Check: package dependencies
Result: NOTE
    Package suggested but not available for checking: ‘rggobi’
Flavors: r-devel-osx-x86_64-clang, r-patched-solaris-x86

Version: 4.1.0
Flags: --no-examples
Check: package dependencies
Result: NOTE
    Package suggested but not available for checking: ‘rggobi’
Flavor: r-patched-solaris-sparc

Version: 4.1.0
Flags: --no-examples
Check: installed package size
Result: NOTE
     installed size is 7.9Mb
     sub-directories of 1Mb or more:
     data 2.6Mb
     etc 2.2Mb
     po 1.5Mb
Flavor: r-patched-solaris-sparc

Version: 4.1.0
Check: package dependencies
Result: NOTE
    Packages suggested but not available for checking: ‘rggobi’ ‘RODBC’
Flavor: r-release-osx-x86_64-mavericks

Version: 4.1.0
Check: dependencies in R code
Result: NOTE
    Invalid MIT-MAGIC-COOKIE-1 key
    (R:2730): Gtk-WARNING **: gtk_disable_setlocale() must be called before gtk_init()
    Invalid MIT-MAGIC-COOKIE-1 key
Flavor: r-release-osx-x86_64-mavericks

Version: 4.1.0
Check: S3 generic/method consistency
Result: WARN
    Invalid MIT-MAGIC-COOKIE-1 key
    See section ‘Generic functions and methods’ in the ‘Writing R
    Extensions’ manual.
Flavor: r-release-osx-x86_64-mavericks

Version: 4.1.0
Check: replacement functions
Result: WARN
    Invalid MIT-MAGIC-COOKIE-1 key
    The argument of a replacement function which corresponds to the right
    hand side must be named ‘value’.
Flavor: r-release-osx-x86_64-mavericks

Version: 4.1.0
Check: foreign function calls
Result: NOTE
    Invalid MIT-MAGIC-COOKIE-1 key
    See chapter ‘System and foreign language interfaces’ in the ‘Writing R
    Extensions’ manual.
Flavor: r-release-osx-x86_64-mavericks

Version: 4.1.0
Check: R code for possible problems
Result: NOTE
    Invalid MIT-MAGIC-COOKIE-1 key
Flavor: r-release-osx-x86_64-mavericks

Version: 4.1.0
Check: for missing documentation entries
Result: WARN
    Invalid MIT-MAGIC-COOKIE-1 key
    All user-level objects in a package should have documentation entries.
    See chapter ‘Writing R documentation files’ in the ‘Writing R
    Extensions’ manual.
Flavor: r-release-osx-x86_64-mavericks

Version: 4.1.0
Check: for code/documentation mismatches
Result: WARN
    Invalid MIT-MAGIC-COOKIE-1 key
    Invalid MIT-MAGIC-COOKIE-1 key
    Invalid MIT-MAGIC-COOKIE-1 key
Flavor: r-release-osx-x86_64-mavericks

Version: 4.1.0
Check: Rd \usage sections
Result: NOTE
    Invalid MIT-MAGIC-COOKIE-1 key
    The \usage entries for S3 methods should use the \method markup and not
    their full name.
    See chapter ‘Writing R documentation files’ in the ‘Writing R
    Extensions’ manual.
Flavor: r-release-osx-x86_64-mavericks