CRAN Package Check Results for Package rattle

Last updated on 2016-02-11 23:47:38.

Flavor Version Tinstall Tcheck Ttotal Status Flags
r-devel-linux-x86_64-debian-gcc 4.1.0 3.46 47.72 51.18 NOTE
r-devel-linux-x86_64-fedora-clang 4.1.0 91.80 NOTE
r-devel-linux-x86_64-fedora-gcc 4.1.0 87.32 NOTE
r-devel-osx-x86_64-clang 4.1.0 103.08 NOTE
r-devel-windows-ix86+x86_64 4.1.0 13.00 63.00 76.00 NOTE
r-patched-linux-x86_64 4.1.0 3.42 51.20 54.63 NOTE
r-patched-solaris-sparc 4.1.0 547.30 NOTE --no-examples
r-patched-solaris-x86 4.1.0 122.40 NOTE
r-release-linux-x86_64 4.1.0 3.71 49.26 52.97 NOTE
r-release-osx-x86_64-mavericks 4.1.0 NOTE
r-release-windows-ix86+x86_64 4.1.0 14.00 66.00 80.00 NOTE
r-oldrel-windows-ix86+x86_64 4.1.0 16.00 126.00 142.00 NOTE

Check Details

Version: 4.1.0
Check: installed package size
Result: NOTE
     installed size is 6.9Mb
     sub-directories of 1Mb or more:
     data 2.5Mb
     etc 1.9Mb
     po 1.2Mb
Flavors: r-devel-linux-x86_64-debian-gcc, r-devel-linux-x86_64-fedora-clang, r-devel-linux-x86_64-fedora-gcc, r-devel-osx-x86_64-clang, r-devel-windows-ix86+x86_64, r-patched-linux-x86_64, r-patched-solaris-x86, r-release-linux-x86_64, r-release-osx-x86_64-mavericks, r-release-windows-ix86+x86_64, r-oldrel-windows-ix86+x86_64

Version: 4.1.0
Check: package dependencies
Result: NOTE
    Package suggested but not available for checking: ‘rggobi’
Flavors: r-devel-osx-x86_64-clang, r-patched-solaris-x86

Version: 4.1.0
Flags: --no-examples
Check: package dependencies
Result: NOTE
    Package suggested but not available for checking: ‘rggobi’
Flavor: r-patched-solaris-sparc

Version: 4.1.0
Flags: --no-examples
Check: installed package size
Result: NOTE
     installed size is 7.9Mb
     sub-directories of 1Mb or more:
     data 2.6Mb
     etc 2.2Mb
     po 1.5Mb
Flavor: r-patched-solaris-sparc

Version: 4.1.0
Check: package dependencies
Result: NOTE
    Packages suggested but not available for checking:
     ‘rggobi’ ‘RODBC’ ‘pkgDepTools’
Flavor: r-release-osx-x86_64-mavericks