Last updated on 2023-03-24 00:51:39 CET.
Flavor | Version | Tinstall | Tcheck | Ttotal | Status | Flags |
---|---|---|---|---|---|---|
r-devel-linux-x86_64-debian-clang | 5.5.1 | 27.01 | 124.63 | 151.64 | NOTE | |
r-devel-linux-x86_64-debian-gcc | 5.5.1 | 22.29 | 90.65 | 112.94 | NOTE | |
r-devel-linux-x86_64-fedora-clang | 5.5.1 | 196.26 | NOTE | |||
r-devel-linux-x86_64-fedora-gcc | 5.5.1 | 207.05 | NOTE | |||
r-patched-linux-x86_64 | 5.5.1 | 19.76 | 112.50 | 132.26 | NOTE | |
r-release-linux-x86_64 | 5.5.1 | 18.22 | 115.92 | 134.14 | NOTE | |
r-release-macos-arm64 | 5.5.1 | 46.00 | NOTE | |||
r-release-macos-x86_64 | 5.5.1 | 79.00 | NOTE | |||
r-release-windows-x86_64 | 5.5.1 | 38.00 | 163.00 | 201.00 | NOTE | |
r-oldrel-macos-arm64 | 5.5.1 | 47.00 | NOTE | |||
r-oldrel-macos-x86_64 | 5.5.1 | 64.00 | NOTE | |||
r-oldrel-windows-ix86+x86_64 | 5.5.1 | 42.00 | 138.00 | 180.00 | NOTE |
Version: 5.5.1
Check: package dependencies
Result: NOTE
Packages suggested but not available for checking: 'cairoDevice', 'RGtk2'
Flavors: r-devel-linux-x86_64-debian-clang, r-devel-linux-x86_64-debian-gcc, r-devel-linux-x86_64-fedora-clang, r-devel-linux-x86_64-fedora-gcc, r-patched-linux-x86_64, r-release-linux-x86_64, r-release-macos-arm64, r-release-macos-x86_64, r-oldrel-macos-arm64
Version: 5.5.1
Check: Rd files
Result: NOTE
checkRd: (-1) acquireAuditData.Rd:24: Escaped LaTeX specials: \_
checkRd: (-1) rattle.Rd:44: Escaped LaTeX specials: \_
Flavors: r-devel-linux-x86_64-debian-clang, r-devel-linux-x86_64-debian-gcc, r-devel-linux-x86_64-fedora-clang, r-devel-linux-x86_64-fedora-gcc
Version: 5.5.1
Check: installed package size
Result: NOTE
installed size is 9.7Mb
sub-directories of 1Mb or more:
data 4.7Mb
etc 1.9Mb
po 1.2Mb
Flavors: r-devel-linux-x86_64-fedora-clang, r-release-macos-arm64, r-release-macos-x86_64, r-release-windows-x86_64, r-oldrel-macos-arm64, r-oldrel-macos-x86_64, r-oldrel-windows-ix86+x86_64