CRAN Package Check Results for Package rattle

Last updated on 2014-10-31 06:47:26.

Flavor Version Tinstall Tcheck Ttotal Status Flags
r-devel-linux-x86_64-debian-clang 3.3.0 2.76 44.55 47.31 NOTE
r-devel-linux-x86_64-debian-gcc 3.3.0 2.81 42.72 45.53 NOTE
r-devel-linux-x86_64-fedora-clang 3.3.0 89.28 NOTE
r-devel-linux-x86_64-fedora-gcc 3.3.0 82.23 NOTE
r-devel-osx-x86_64-clang 3.3.0 82.18 NOTE
r-devel-windows-ix86+x86_64 3.3.0 6.00 52.00 58.00 NOTE
r-patched-linux-x86_64 3.3.0 3.84 44.73 48.57 NOTE
r-patched-solaris-sparc 3.3.0 488.80 NOTE --no-examples
r-patched-solaris-x86 3.3.0 106.80 NOTE
r-release-linux-ix86 3.3.0 4.12 86.48 90.60 NOTE
r-release-linux-x86_64 3.3.0 2.74 69.32 72.06 NOTE
r-release-osx-x86_64-mavericks 3.3.0 NOTE
r-release-osx-x86_64-snowleopard 3.3.0 NOTE
r-release-windows-ix86+x86_64 3.3.0 6.00 95.00 101.00 NOTE
r-oldrel-windows-ix86+x86_64 3.3.0 7.00 94.00 101.00 NOTE

Check Details

Version: 3.3.0
Check: package dependencies
Result: NOTE
    Package suggested but not available for checking: ‘latticist’
Flavors: r-devel-linux-x86_64-debian-clang, r-devel-linux-x86_64-debian-gcc, r-devel-linux-x86_64-fedora-clang, r-devel-linux-x86_64-fedora-gcc, r-devel-osx-x86_64-clang, r-patched-linux-x86_64, r-release-linux-ix86, r-release-linux-x86_64

Version: 3.3.0
Check: installed package size
Result: NOTE
     installed size is 6.9Mb
     sub-directories of 1Mb or more:
     data 2.0Mb
     etc 2.5Mb
     po 1.2Mb
Flavors: r-devel-linux-x86_64-debian-clang, r-devel-linux-x86_64-debian-gcc, r-devel-linux-x86_64-fedora-clang, r-devel-linux-x86_64-fedora-gcc, r-devel-osx-x86_64-clang, r-devel-windows-ix86+x86_64, r-patched-linux-x86_64, r-patched-solaris-x86, r-release-linux-ix86, r-release-linux-x86_64, r-release-osx-x86_64-mavericks, r-release-osx-x86_64-snowleopard, r-release-windows-ix86+x86_64, r-oldrel-windows-ix86+x86_64

Version: 3.3.0
Check: dependencies in R code
Result: NOTE
    Unexported objects imported by ':::' calls:
     ‘pkgDepTools:::cleanPkgField’ ‘pkgDepTools:::getDownloadSizesBatched’
     ‘pkgDepTools:::makePkgUrl’
     See the note in ?`:::` about the use of this operator.
    See the information on DESCRIPTION files in the chapter ‘Creating R
    packages’ of the ‘Writing R Extensions’ manual.
Flavors: r-devel-linux-x86_64-debian-clang, r-devel-linux-x86_64-debian-gcc, r-devel-linux-x86_64-fedora-clang, r-devel-linux-x86_64-fedora-gcc, r-devel-osx-x86_64-clang, r-devel-windows-ix86+x86_64, r-patched-linux-x86_64, r-patched-solaris-x86, r-release-linux-ix86, r-release-linux-x86_64, r-release-windows-ix86+x86_64, r-oldrel-windows-ix86+x86_64

Version: 3.3.0
Check: R code for possible problems
Result: NOTE
    Found an obsolete/platform-specific call in the following functions:
     ‘openMyDevice’ ‘printPlot’ ‘savePlotToFile’
    Found the platform-specific devices:
     ‘win.metafile’ ‘win.print’
    dev.new() is the preferred way to open a new device, in the unlikely
    event one is needed.
Flavors: r-devel-linux-x86_64-debian-clang, r-devel-linux-x86_64-debian-gcc, r-devel-linux-x86_64-fedora-clang, r-devel-linux-x86_64-fedora-gcc, r-devel-osx-x86_64-clang, r-patched-linux-x86_64, r-patched-solaris-x86, r-release-linux-ix86, r-release-linux-x86_64

Version: 3.3.0
Flags: --no-examples
Check: package dependencies
Result: NOTE
    Packages suggested but not available for checking: ‘latticist’ ‘rggobi’
Flavor: r-patched-solaris-sparc

Version: 3.3.0
Flags: --no-examples
Check: installed package size
Result: NOTE
     installed size is 8.0Mb
     sub-directories of 1Mb or more:
     data 2.1Mb
     etc 3.0Mb
     po 1.5Mb
Flavor: r-patched-solaris-sparc

Version: 3.3.0
Flags: --no-examples
Check: dependencies in R code
Result: NOTE
    Unexported objects imported by ':::' calls:
     ‘pkgDepTools:::cleanPkgField’ ‘pkgDepTools:::getDownloadSizesBatched’
     ‘pkgDepTools:::makePkgUrl’
     See the note in ?`:::` about the use of this operator.
    See the information on DESCRIPTION files in the chapter ‘Creating R
    packages’ of the ‘Writing R Extensions’ manual.
Flavor: r-patched-solaris-sparc

Version: 3.3.0
Flags: --no-examples
Check: R code for possible problems
Result: NOTE
    Found an obsolete/platform-specific call in the following functions:
     ‘openMyDevice’ ‘printPlot’ ‘savePlotToFile’
    Found the platform-specific devices:
     ‘win.metafile’ ‘win.print’
    dev.new() is the preferred way to open a new device, in the unlikely
    event one is needed.
Flavor: r-patched-solaris-sparc

Version: 3.3.0
Check: package dependencies
Result: NOTE
    Packages suggested but not available for checking: ‘latticist’ ‘rggobi’
Flavor: r-patched-solaris-x86

Version: 3.3.0
Check: package dependencies
Result: NOTE
    Packages suggested but not available for checking:
     ‘RGtk2’ ‘cairoDevice’ ‘gWidgetsRGtk2’ ‘playwith’ ‘rggobi’
     ‘RGtk2Extras’ ‘RODBC’ ‘pkgDepTools’
Flavor: r-release-osx-x86_64-mavericks

Version: 3.3.0
Check: dependencies in R code
Result: NOTE
    Unavailable namespace imported from by a ':::' call: ‘pkgDepTools’
     See the note in ?`:::` about the use of this operator.
    See the information on DESCRIPTION files in the chapter ‘Creating R
    packages’ of the ‘Writing R Extensions’ manual.
Flavors: r-release-osx-x86_64-mavericks, r-release-osx-x86_64-snowleopard

Version: 3.3.0
Check: re-building of vignette outputs
Result: NOTE
    Error in re-building vignettes:
     ...
    Error in texi2dvi(file = file, pdf = TRUE, clean = clean, quiet = quiet, :
     Running 'texi2dvi' on 'rattle.tex' failed.
    LaTeX errors:
    ! LaTeX Error: File `lastpage.sty' not found.
    
    Type X to quit or <RETURN> to proceed,
    or enter new name. (Default extension: sty)
    
    test/rattle/vignettes/rattle.tex:13: ==> Fatal error occurred, no output PDF f
    ile produced!
    Calls: buildVignettes -> texi2pdf -> texi2dvi
    Execution halted
Flavor: r-release-osx-x86_64-mavericks

Version: 3.3.0
Check: package dependencies
Result: NOTE
    Packages suggested but not available for checking: ‘rggobi’ ‘pkgDepTools’
Flavor: r-release-osx-x86_64-snowleopard