CRAN Package Check Results for Package rattle

Last updated on 2014-07-24 17:49:06.

Flavor Version Tinstall Tcheck Ttotal Status Flags
r-devel-linux-x86_64-debian-clang 3.1.0 2.61 66.04 68.65 NOTE
r-devel-linux-x86_64-debian-gcc 3.1.0 2.70 64.94 67.64 NOTE
r-devel-linux-x86_64-fedora-clang 3.1.0 73.20 NOTE
r-devel-linux-x86_64-fedora-gcc 3.1.0 69.48 NOTE
r-devel-osx-x86_64-clang 3.1.0 117.24 NOTE
r-devel-windows-ix86+x86_64 3.1.0 6.00 93.00 99.00 NOTE
r-patched-linux-x86_64 3.1.0 2.57 65.90 68.48 NOTE
r-patched-solaris-sparc 3.1.0 668.10 NOTE --no-examples
r-patched-solaris-x86 3.1.0 165.70 NOTE
r-release-linux-ix86 3.1.0 3.88 87.40 91.28 NOTE
r-release-linux-x86_64 3.1.0 2.60 67.11 69.71 NOTE
r-release-osx-x86_64-mavericks 3.1.0 NOTE
r-release-osx-x86_64-snowleopard 3.1.0 NOTE
r-release-windows-ix86+x86_64 3.1.0 6.00 98.00 104.00 NOTE
r-oldrel-windows-ix86+x86_64 3.1.0 7.00 101.00 108.00 NOTE

Check Details

Version: 3.1.0
Check: installed package size
Result: NOTE
     installed size is 6.2Mb
     sub-directories of 1Mb or more:
     data 2.0Mb
     etc 1.9Mb
     po 1.2Mb
Flavors: r-devel-linux-x86_64-debian-clang, r-devel-linux-x86_64-debian-gcc, r-devel-linux-x86_64-fedora-clang, r-devel-linux-x86_64-fedora-gcc, r-devel-osx-x86_64-clang, r-devel-windows-ix86+x86_64, r-patched-linux-x86_64, r-patched-solaris-x86, r-release-linux-ix86, r-release-linux-x86_64, r-release-osx-x86_64-mavericks, r-release-osx-x86_64-snowleopard, r-release-windows-ix86+x86_64, r-oldrel-windows-ix86+x86_64

Version: 3.1.0
Check: dependencies in R code
Result: NOTE
    Unexported objects imported by ':::' calls:
     ‘pkgDepTools:::cleanPkgField’ ‘pkgDepTools:::getDownloadSizesBatched’
     ‘pkgDepTools:::makePkgUrl’
     See the note in ?`:::` about the use of this operator.
    See the information on DESCRIPTION files in the chapter ‘Creating R
    packages’ of the ‘Writing R Extensions’ manual.
Flavors: r-devel-linux-x86_64-debian-clang, r-devel-linux-x86_64-debian-gcc, r-devel-linux-x86_64-fedora-clang, r-devel-linux-x86_64-fedora-gcc, r-devel-osx-x86_64-clang, r-devel-windows-ix86+x86_64, r-patched-linux-x86_64, r-patched-solaris-x86, r-release-linux-ix86, r-release-linux-x86_64, r-release-windows-ix86+x86_64, r-oldrel-windows-ix86+x86_64

Version: 3.1.0
Check: R code for possible problems
Result: NOTE
    Found an obsolete/platform-specific call in the following functions:
     ‘openMyDevice’ ‘printPlot’ ‘savePlotToFile’
    Found the platform-specific devices:
     ‘win.metafile’ ‘win.print’
    dev.new() is the preferred way to open a new device, in the unlikely
    event one is needed.
Flavors: r-devel-linux-x86_64-debian-clang, r-devel-linux-x86_64-debian-gcc, r-devel-linux-x86_64-fedora-clang, r-devel-linux-x86_64-fedora-gcc, r-devel-osx-x86_64-clang, r-patched-linux-x86_64, r-patched-solaris-x86, r-release-linux-ix86, r-release-linux-x86_64

Version: 3.1.0
Flags: --no-examples
Check: package dependencies
Result: NOTE
    Package suggested but not available for checking: ‘rggobi’
Flavor: r-patched-solaris-sparc

Version: 3.1.0
Flags: --no-examples
Check: installed package size
Result: NOTE
     installed size is 7.1Mb
     sub-directories of 1Mb or more:
     data 2.0Mb
     etc 2.2Mb
     po 1.5Mb
Flavor: r-patched-solaris-sparc

Version: 3.1.0
Flags: --no-examples
Check: dependencies in R code
Result: NOTE
    Unexported objects imported by ':::' calls:
     ‘pkgDepTools:::cleanPkgField’ ‘pkgDepTools:::getDownloadSizesBatched’
     ‘pkgDepTools:::makePkgUrl’
     See the note in ?`:::` about the use of this operator.
    See the information on DESCRIPTION files in the chapter ‘Creating R
    packages’ of the ‘Writing R Extensions’ manual.
Flavor: r-patched-solaris-sparc

Version: 3.1.0
Flags: --no-examples
Check: R code for possible problems
Result: NOTE
    Found an obsolete/platform-specific call in the following functions:
     ‘openMyDevice’ ‘printPlot’ ‘savePlotToFile’
    Found the platform-specific devices:
     ‘win.metafile’ ‘win.print’
    dev.new() is the preferred way to open a new device, in the unlikely
    event one is needed.
Flavor: r-patched-solaris-sparc

Version: 3.1.0
Check: package dependencies
Result: NOTE
    Package suggested but not available for checking: ‘rggobi’
Flavor: r-patched-solaris-x86

Version: 3.1.0
Check: package dependencies
Result: NOTE
    Packages suggested but not available for checking:
     ‘RGtk2’ ‘cairoDevice’ ‘gWidgetsRGtk2’ ‘playwith’ ‘rggobi’
     ‘RGtk2Extras’ ‘RODBC’ ‘pkgDepTools’
Flavor: r-release-osx-x86_64-mavericks

Version: 3.1.0
Check: dependencies in R code
Result: NOTE
    Unavailable namespace imported from by a ':::' call: ‘pkgDepTools’
     See the note in ?`:::` about the use of this operator.
    See the information on DESCRIPTION files in the chapter ‘Creating R
    packages’ of the ‘Writing R Extensions’ manual.
Flavors: r-release-osx-x86_64-mavericks, r-release-osx-x86_64-snowleopard

Version: 3.1.0
Check: R code for possible problems
Result: NOTE
    cat_toggled: no visible global function definition for ‘checkPtrType’
    cat_toggled: no visible global function definition for
     ‘gtkTreePathNewFromString’
    con_toggled: no visible global function definition for ‘checkPtrType’
    con_toggled: no visible global function definition for
     ‘gtkTreePathNewFromString’
    configureGUI: no visible global function definition for
     ‘gdkPixbufNewFromFile’
    copyPlotToClipboard: no visible global function definition for
     ‘gdkPixbufNewFromFile’
    copyPlotToClipboard: no visible global function definition for
     ‘gtkClipboardGet’
    createVariablesModel: no visible global function definition for
     ‘gtkListStoreNew’
    createVariablesModel: no visible global function definition for
     ‘gtkComboBoxNewWithModel’
    debugDialog: no visible global function definition for
     ‘gtkMessageDialogNew’
    debugDialog: no visible global function definition for ‘connectSignal’
    debugDialog: no visible binding for global variable ‘gtkWidgetDestroy’
    displayClusterStatsKMeans: no visible global function definition for
     ‘gtkEventsPending’
    displayClusterStatsKMeans: no visible global function definition for
     ‘gtkMainIteration’
    errorDialog: no visible global function definition for
     ‘gtkMessageDialogNew’
    errorDialog: no visible global function definition for ‘connectSignal’
    errorDialog: no visible binding for global variable ‘gtkWidgetDestroy’
    executeClusterHClust: no visible global function definition for
     ‘pangoFontDescriptionFromString’
    executeDataCSV: no visible global function definition for
     ‘gtkEventsPending’
    executeDataCSV: no visible global function definition for
     ‘gtkMainIterationDo’
    executeDataODBC: no visible global function definition for ‘sqlQuery’
    executeEvaluateScore: no visible global function definition for
     ‘dfedit’
    executeEvaluateScore: no visible global function definition for
     ‘gSignalConnect’
    executeEvaluateScore: no visible global function definition for
     ‘gtkFileChooserDialog’
    executeEvaluateScore: no visible binding for global variable
     ‘GtkResponseType’
    executeEvaluateScore: no visible global function definition for
     ‘gtkFileFilterNew’
    exportAssociateTab: no visible global function definition for
     ‘gtkFileChooserDialog’
    exportAssociateTab: no visible binding for global variable
     ‘GtkResponseType’
    exportAssociateTab: no visible global function definition for
     ‘gtkFileFilterNew’
    exportDataTab: no visible global function definition for
     ‘gtkFileChooserDialog’
    exportDataTab: no visible binding for global variable ‘GtkResponseType’
    exportDataTab: no visible global function definition for
     ‘gtkFileFilterNew’
    exportLogTab: no visible global function definition for
     ‘gtkFileChooserDialog’
    exportLogTab: no visible binding for global variable ‘GtkResponseType’
    exportLogTab: no visible global function definition for
     ‘gtkFileFilterNew’
    exportSVMModel: no visible global function definition for
     ‘gtkFileChooserDialog’
    exportSVMModel: no visible binding for global variable
     ‘GtkResponseType’
    exportSVMModel: no visible global function definition for
     ‘gtkFileFilterNew’
    fixGtkBuilderAdjustments: no visible global function definition for
     ‘gtkAdjustmentNew’
    fixMacAndGtkBuilderTypes: no visible global function definition for
     ‘gtkAboutDialogGetType’
    fixMacAndGtkBuilderTypes: no visible global function definition for
     ‘gtkAlignmentGetType’
    fixMacAndGtkBuilderTypes: no visible global function definition for
     ‘gtkButtonGetType’
    fixMacAndGtkBuilderTypes: no visible global function definition for
     ‘gtkCheckButtonGetType’
    fixMacAndGtkBuilderTypes: no visible global function definition for
     ‘gtkCheckMenuItemGetType’
    fixMacAndGtkBuilderTypes: no visible global function definition for
     ‘gtkComboBoxEntryGetType’
    fixMacAndGtkBuilderTypes: no visible global function definition for
     ‘gtkComboBoxGetType’
    fixMacAndGtkBuilderTypes: no visible global function definition for
     ‘gtkDrawingAreaGetType’
    fixMacAndGtkBuilderTypes: no visible global function definition for
     ‘gtkEntryGetType’
    fixMacAndGtkBuilderTypes: no visible global function definition for
     ‘gtkFileChooserButtonGetType’
    fixMacAndGtkBuilderTypes: no visible global function definition for
     ‘gtkFileChooserDialogGetType’
    fixMacAndGtkBuilderTypes: no visible global function definition for
     ‘gtkFrameGetType’
    fixMacAndGtkBuilderTypes: no visible global function definition for
     ‘gtkHBoxGetType’
    fixMacAndGtkBuilderTypes: no visible global function definition for
     ‘gtkHButtonBoxGetType’
    fixMacAndGtkBuilderTypes: no visible global function definition for
     ‘gtkHSeparatorGetType’
    fixMacAndGtkBuilderTypes: no visible global function definition for
     ‘gtkHandleBoxGetType’
    fixMacAndGtkBuilderTypes: no visible global function definition for
     ‘gtkImageGetType’
    fixMacAndGtkBuilderTypes: no visible global function definition for
     ‘gtkImageMenuItemGetType’
    fixMacAndGtkBuilderTypes: no visible global function definition for
     ‘gtkLabelGetType’
    fixMacAndGtkBuilderTypes: no visible global function definition for
     ‘gtkListStoreGetType’
    fixMacAndGtkBuilderTypes: no visible global function definition for
     ‘gtkMenuBarGetType’
    fixMacAndGtkBuilderTypes: no visible global function definition for
     ‘gtkMenuGetType’
    fixMacAndGtkBuilderTypes: no visible global function definition for
     ‘gtkMenuItemGetType’
    fixMacAndGtkBuilderTypes: no visible global function definition for
     ‘gtkMiscGetType’
    fixMacAndGtkBuilderTypes: no visible global function definition for
     ‘gtkNotebookGetType’
    fixMacAndGtkBuilderTypes: no visible global function definition for
     ‘gtkRadioButtonGetType’
    fixMacAndGtkBuilderTypes: no visible global function definition for
     ‘gtkScrolledWindowGetType’
    fixMacAndGtkBuilderTypes: no visible global function definition for
     ‘gtkSeparatorMenuItemGetType’
    fixMacAndGtkBuilderTypes: no visible global function definition for
     ‘gtkSeparatorToolItemGetType’
    fixMacAndGtkBuilderTypes: no visible global function definition for
     ‘gtkSpinButtonGetType’
    fixMacAndGtkBuilderTypes: no visible global function definition for
     ‘gtkStatusbarGetType’
    fixMacAndGtkBuilderTypes: no visible global function definition for
     ‘gtkTableGetType’
    fixMacAndGtkBuilderTypes: no visible global function definition for
     ‘gtkTextViewGetType’
    fixMacAndGtkBuilderTypes: no visible global function definition for
     ‘gtkToolButtonGetType’
    fixMacAndGtkBuilderTypes: no visible global function definition for
     ‘gtkToolItemGetType’
    fixMacAndGtkBuilderTypes: no visible global function definition for
     ‘gtkToolbarGetType’
    fixMacAndGtkBuilderTypes: no visible global function definition for
     ‘gtkTreeViewGetType’
    fixMacAndGtkBuilderTypes: no visible global function definition for
     ‘gtkVBoxGetType’
    fixMacAndGtkBuilderTypes: no visible global function definition for
     ‘gtkVSeparatorGetType’
    fixMacAndGtkBuilderTypes: no visible global function definition for
     ‘gtkWidgetGetType’
    fixMacAndGtkBuilderTypes: no visible global function definition for
     ‘gtkWindowGetType’
    fixTranslations: no visible global function definition for
     ‘gtkChildren’
    getExportSaveName: no visible global function definition for
     ‘gtkBuilderNew’
    getExportSaveName: no visible global function definition for
     ‘gtkFileFilterNew’
    getExportSaveName: no visible binding for global variable
     ‘GtkResponseType’
    gtkmain_handler: no visible global function definition for ‘gtkMain’
    gtkmainquit_handler: no visible global function definition for
     ‘gtkMainQuit’
    infoDialog: no visible global function definition for
     ‘gtkMessageDialogNew’
    infoDialog: no visible global function definition for ‘connectSignal’
    infoDialog: no visible binding for global variable ‘gtkWidgetDestroy’
    initialiseVariableViews: no visible global function definition for
     ‘gtkListStoreNew’
    initialiseVariableViews: no visible global function definition for
     ‘gtkCellRendererTextNew’
    initialiseVariableViews: no visible global function definition for
     ‘gtkCellRendererToggleNew’
    initialiseVariableViews: no visible global function definition for
     ‘connectSignal’
    initiateLog: no visible global function definition for
     ‘pangoFontDescriptionFromString’
    item.toggled: no visible global function definition for ‘checkPtrType’
    item.toggled: no visible global function definition for
     ‘gtkTreePathNewFromString’
    loadProject: no visible global function definition for
     ‘gtkFileChooserDialog’
    loadProject: no visible binding for global variable ‘GtkResponseType’
    loadProject: no visible global function definition for
     ‘gtkFileFilterNew’
    newPlot: no visible global function definition for ‘gtkBuilderNew’
    newPlot: no visible global function definition for ‘asCairoDevice’
    on_about_menu_activate: no visible global function definition for
     ‘gtkBuilderNew’
    on_aboutdialog_response: no visible global function definition for
     ‘checkPtrType’
    on_aboutdialog_response: no visible global function definition for
     ‘.RGtkCall’
    on_tooltips_activate: no visible binding for global variable
     ‘GdkEventMask’
    on_tooltips_activate: no visible global function definition for
     ‘gSignalConnect’
    openODBCSetTables: no visible global function definition for
     ‘odbcCloseAll’
    questionDialog: no visible global function definition for
     ‘gtkMessageDialogNew’
    questionDialog: no visible binding for global variable
     ‘GtkResponseType’
    rattle: no visible global function definition for ‘gtkBuilderNew’
    rattle: no visible global function definition for
     ‘gtkWindowSetDefaultIcon’
    rattle: no visible global function definition for ‘gtkEventsPending’
    rattle: no visible global function definition for ‘gtkMainIterationDo’
    resetTextview: no visible global function definition for
     ‘pangoFontDescriptionFromString’
    savePlotToFile: no visible binding for global variable ‘Cairo_pdf’
    savePlotToFileGui: no visible global function definition for
     ‘gtkFileChooserDialog’
    savePlotToFileGui: no visible binding for global variable
     ‘GtkResponseType’
    savePlotToFileGui: no visible global function definition for
     ‘gtkFileFilterNew’
    saveProject: no visible global function definition for
     ‘gtkFileChooserDialog’
    saveProject: no visible binding for global variable ‘GtkResponseType’
    saveProject: no visible global function definition for
     ‘gtkFileFilterNew’
    set.cursor: no visible global function definition for ‘gdkCursorNew’
    setStatusBar: no visible global function definition for
     ‘gtkEventsPending’
    setStatusBar: no visible global function definition for
     ‘gtkMainIterationDo’
    summarySearch: no visible global function definition for
     ‘gtkEventsPending’
    summarySearch: no visible global function definition for
     ‘gtkMainIterationDo’
    updateFilenameFilters: no visible global function definition for
     ‘gtkFileFilterNew’
    updateFilenameFilters: no visible global function definition for
     ‘gtkEventsPending’
    updateFilenameFilters: no visible global function definition for
     ‘gtkMainIterationDo’
    viewData: no visible global function definition for
     ‘pangoFontDescriptionFromString’
    warnDialog: no visible global function definition for
     ‘gtkMessageDialogNew’
    warnDialog: no visible global function definition for ‘connectSignal’
    warnDialog: no visible binding for global variable ‘gtkWidgetDestroy’
Flavor: r-release-osx-x86_64-mavericks

Version: 3.1.0
Check: re-building of vignette outputs
Result: NOTE
    Error in re-building vignettes:
     ...
    Error in texi2dvi(file = file, pdf = TRUE, clean = clean, quiet = quiet, :
     Running 'texi2dvi' on 'rattle.tex' failed.
    LaTeX errors:
    ! LaTeX Error: File `lastpage.sty' not found.
    
    Type X to quit or <RETURN> to proceed,
    or enter new name. (Default extension: sty)
    
    test/rattle/vignettes/rattle.tex:13: ==> Fatal error occurred, no output PDF f
    ile produced!
    Calls: buildVignettes -> texi2pdf -> texi2dvi
    Execution halted
Flavor: r-release-osx-x86_64-mavericks

Version: 3.1.0
Check: package dependencies
Result: NOTE
    Packages suggested but not available for checking: ‘rggobi’ ‘pkgDepTools’
Flavor: r-release-osx-x86_64-snowleopard