CRAN Package Check Results for Package rattle

Last updated on 2015-07-07 17:47:49.

Flavor Version Tinstall Tcheck Ttotal Status Flags
r-devel-linux-x86_64-debian-clang 3.4.1 2.49 40.87 43.36 NOTE
r-devel-linux-x86_64-debian-gcc 3.4.1 3.26 41.71 44.97 NOTE
r-devel-linux-x86_64-fedora-clang 3.4.1 79.02 NOTE
r-devel-linux-x86_64-fedora-gcc 3.4.1 72.55 NOTE
r-devel-osx-x86_64-clang 3.4.1 73.52 NOTE
r-devel-windows-ix86+x86_64 3.4.1 11.00 64.00 75.00 NOTE
r-patched-linux-x86_64 3.4.1 2.54 40.77 43.31 NOTE
r-patched-solaris-sparc 3.4.1 478.70 NOTE --no-examples
r-patched-solaris-x86 3.4.1 96.30 NOTE
r-release-linux-x86_64 3.4.1 2.49 40.67 43.16 NOTE
r-release-osx-x86_64-mavericks 3.4.1 NOTE
r-release-windows-ix86+x86_64 3.4.1 13.00 56.00 69.00 NOTE
r-oldrel-windows-ix86+x86_64 3.4.1 8.00 68.00 76.00 NOTE

Check Details

Version: 3.4.1
Check: installed package size
Result: NOTE
     installed size is 7.0Mb
     sub-directories of 1Mb or more:
     data 2.1Mb
     etc 2.5Mb
     po 1.2Mb
Flavors: r-devel-linux-x86_64-debian-clang, r-devel-linux-x86_64-debian-gcc, r-devel-linux-x86_64-fedora-clang, r-devel-linux-x86_64-fedora-gcc, r-devel-osx-x86_64-clang, r-devel-windows-ix86+x86_64, r-patched-linux-x86_64, r-patched-solaris-x86, r-release-linux-x86_64, r-release-osx-x86_64-mavericks, r-release-windows-ix86+x86_64, r-oldrel-windows-ix86+x86_64

Version: 3.4.1
Check: dependencies in R code
Result: NOTE
    'library' or 'require' calls in package code:
     ‘Hmisc’ ‘RBGL’ ‘RGtk2’ ‘RGtk2Extras’ ‘ROCR’ ‘RODBC’ ‘Rgraphviz’ ‘XML’
     ‘ada’ ‘arules’ ‘bitops’ ‘cairoDevice’ ‘colorspace’ ‘e1071’ ‘fBasics’
     ‘foreign’ ‘fpc’ ‘graph’ ‘grid’ ‘kernlab’ ‘methods’ ‘nnet’
     ‘pkgDepTools’ ‘pmml’ ‘randomForest’ ‘reshape’ ‘rggobi’ ‘rpart’
     ‘stats’ ‘survival’ ‘utils’
     Please use :: or requireNamespace() instead.
     See section 'Suggested packages' in the 'Writing R Extensions' manual.
Flavors: r-devel-linux-x86_64-debian-clang, r-devel-linux-x86_64-debian-gcc, r-devel-linux-x86_64-fedora-clang, r-devel-linux-x86_64-fedora-gcc, r-devel-osx-x86_64-clang, r-devel-windows-ix86+x86_64, r-patched-linux-x86_64, r-patched-solaris-x86, r-release-linux-x86_64, r-release-osx-x86_64-mavericks, r-release-windows-ix86+x86_64, r-oldrel-windows-ix86+x86_64

Version: 3.4.1
Check: S3 generic/method consistency
Result: NOTE
    Found the following apparent S3 methods exported but not registered:
     predict.hclust predict.kmeans print.summary.nnet
    See section ‘Registering S3 methods’ in the ‘Writing R Extensions’
    manual.
Flavors: r-devel-linux-x86_64-debian-clang, r-devel-linux-x86_64-debian-gcc, r-devel-linux-x86_64-fedora-clang, r-devel-linux-x86_64-fedora-gcc, r-devel-osx-x86_64-clang, r-patched-linux-x86_64, r-patched-solaris-x86, r-release-linux-x86_64

Version: 3.4.1
Check: R code for possible problems
Result: NOTE
    Found an obsolete/platform-specific call in the following functions:
     ‘openMyDevice’ ‘printPlot’ ‘savePlotToFile’
    Found the platform-specific devices:
     ‘win.metafile’ ‘win.print’
    dev.new() is the preferred way to open a new device, in the unlikely
    event one is needed.
    acquireAuditData: no visible global function definition for
     ‘download.file’
    acquireAuditData: no visible global function definition for ‘read.csv’
    acquireAuditData: no visible global function definition for
     ‘write.table’
    acquireAuditData: no visible global function definition for ‘rnorm’
    acquireAuditData: no visible global function definition for ‘runif’
    binning : varkmeans: no visible global function definition for ‘kmeans’
    binning : varkmeans: no visible global function definition for ‘dist’
    binning: no visible global function definition for ‘quantile’
    binning: no visible global function definition for ‘na.omit’
    centers.hclust: no visible global function definition for ‘cutree’
    centers.hclust: no visible binding for global variable ‘median’
    collectOutput: no visible global function definition for
     ‘capture.output’
    copyPlotToClipboard: no visible global function definition for
     ‘dev.cur’
    createVariablesModel: no visible global function definition for ‘sd’
    createVariablesModel: no visible global function definition for
     ‘na.omit’
    createVariablesModel: no visible global function definition for
     ‘median’
    dataNeedsLoading: no visible global function definition for ‘URLdecode’
    drawTreeNodes: no visible global function definition for ‘par’
    drawTreeNodes: no visible global function definition for ‘plot.new’
    drawTreeNodes: no visible global function definition for ‘rainbow’
    drawTreeNodes: no visible global function definition for ‘gray’
    drawTreeNodes: no visible global function definition for ‘text.default’
    drawTreeNodes: no visible global function definition for ‘lines’
    executeAssociateTab: no visible global function definition for
     ‘capture.output’
    executeClusterKMeans: no visible global function definition for ‘plot’
    executeClusterKMeans: no visible global function definition for
     ‘points’
    executeClusterKMeans: no visible global function definition for
     ‘legend’
    executeDataARFF: no visible global function definition for ‘URLdecode’
    executeDataCSV: no visible global function definition for ‘URLdecode’
    executeEvaluateCostCurve: no visible global function definition for
     ‘par’
    executeEvaluateLift: no visible global function definition for
     ‘rainbow’
    executeEvaluatePrecision: no visible global function definition for
     ‘rainbow’
    executeEvaluatePvOplot: no visible global function definition for ‘par’
    executeEvaluatePvOplot: no visible global function definition for
     ‘na.omit’
    executeEvaluatePvOplot: no visible global function definition for
     ‘legend’
    executeEvaluateROC: no visible global function definition for ‘rainbow’
    executeEvaluateROC: no visible global function definition for ‘lines’
    executeEvaluateRisk: no visible global function definition for ‘par’
    executeEvaluateRisk: no visible global function definition for
     ‘dev.cur’
    executeEvaluateScore: no visible global function definition for ‘edit’
    executeEvaluateSensitivity: no visible global function definition for
     ‘rainbow’
    executeExplorePlot: no visible global function definition for ‘hist’
    executeExplorePlot: no visible global function definition for ‘density’
    executeExplorePlot: no visible global function definition for
     ‘nclass.FD’
    executeExplorePlot: no visible global function definition for ‘na.omit’
    executeExplorePlot: no visible global function definition for ‘rainbow’
    executeExplorePlot: no visible global function definition for ‘par’
    executeExplorePlot2: no visible global function definition for ‘hist’
    executeExplorePlot2: no visible global function definition for
     ‘density’
    executeExplorePlot2: no visible global function definition for
     ‘nclass.FD’
    executeExplorePlot2: no visible global function definition for
     ‘na.omit’
    executeExplorePlot2: no visible global function definition for
     ‘rainbow’
    executeExplorePlot2: no visible global function definition for ‘par’
    executeModelGLM: no visible global function definition for ‘coef’
    executeTestTab: no visible global function definition for ‘na.omit’
    executeTransformCleanupPerform: no visible global function definition
     for ‘complete.cases’
    executeTransformImputePerform: no visible global function definition
     for ‘median’
    executeTransformNormalisePerform: no visible global function definition
     for ‘sd’
    executeTransformNormalisePerform: no visible global function definition
     for ‘median’
    executeTransformNormalisePerform: no visible global function definition
     for ‘mad’
    exportRegressionModel: no visible global function definition for
     ‘capture.output’
    exportSVMModel: no visible global function definition for
     ‘capture.output’
    fancyRpartPlot: no visible global function definition for ‘title’
    getSelectedVariables: no visible global function definition for
     ‘localeToCharset’
    grid.plot: no visible global function definition for ‘par’
    grid.plot: no visible global function definition for ‘abline’
    listAssociateRules: no visible global function definition for
     ‘capture.output’
    listVersions: no visible global function definition for ‘write.csv’
    newPlot: no visible global function definition for ‘dev.cur’
    newPlot: no visible global function definition for ‘layout’
    on_kmeans_seed_button_clicked: no visible global function definition
     for ‘runif’
    on_plot_close_button_clicked: no visible global function definition for
     ‘dev.off’
    on_rattle_menu_activate: no visible global function definition for
     ‘browseURL’
    on_sample_seed_button_clicked: no visible global function definition
     for ‘runif’
    openMyDevice: no visible global function definition for ‘png’
    openMyDevice: no visible global function definition for ‘pdf’
    packageIsAvailable: no visible global function definition for
     ‘install.packages’
    plotOptimalLine: no visible global function definition for ‘lines’
    plotOptimalLine: no visible global function definition for ‘text’
    plotRisk: no visible global function definition for ‘par’
    plotRisk: no visible global function definition for ‘plot’
    plotRisk: no visible global function definition for ‘points’
    plotRisk: no visible global function definition for ‘text’
    plotRisk: no visible global function definition for ‘axis’
    plotRisk: no visible global function definition for ‘mtext’
    plotRisk: no visible global function definition for ‘dev.off’
    print.summary.nnet: no visible global function definition for ‘coef’
    printPlot: no visible global function definition for ‘dev.cur’
    printPlot: no visible global function definition for ‘dev.set’
    printPlot: no visible global function definition for ‘dev.print’
    psfchart : doAggregate: no visible global function definition for
     ‘aggregate’
    psfchart: no visible global function definition for ‘plot’
    psfchart: no visible global function definition for ‘title’
    psfchart: no visible global function definition for ‘abline’
    psfchart: no visible global function definition for ‘text’
    psfchart: no visible global function definition for ‘axis’
    psfchart: no visible global function definition for ‘par’
    rattleInfo: no visible global function definition for
     ‘available.packages’
    rattleInfo: no visible global function definition for ‘contrib.url’
    rattleInfo: no visible global function definition for ‘compareVersion’
    riskchart: no visible binding for global variable ‘text’
    savePlotToFile: no visible global function definition for ‘dev.cur’
    savePlotToFile: no visible global function definition for ‘dev.set’
    savePlotToFile: no visible global function definition for ‘dev.copy’
    savePlotToFile: no visible binding for global variable ‘png’
    savePlotToFile: no visible binding for global variable ‘jpeg’
    savePlotToFile: no visible global function definition for ‘dev.off’
    savePlotToFileGui: no visible global function definition for ‘dev.cur’
    savePlotToFileGui: no visible global function definition for ‘dev.list’
    setupDataset: no visible binding for global variable ‘data’
    setupDataset: no visible global function definition for ‘as.formula’
    setupDataset: no visible global function definition for ‘na.omit’
    toga: no visible global function definition for ‘browseURL’
    updateDataLibrary: Error while checking: invalid ‘envir’ argument
    writeCSV: no visible global function definition for ‘write.csv’
    Undefined global functions or variables:
     URLdecode abline aggregate as.formula available.packages axis
     browseURL capture.output coef compareVersion complete.cases
     contrib.url cutree data density dev.copy dev.cur dev.list dev.off
     dev.print dev.set dist download.file edit gray hist install.packages
     jpeg kmeans layout legend lines localeToCharset mad median mtext
     na.omit nclass.FD par pdf plot plot.new png points quantile rainbow
     read.csv rnorm runif sd text text.default title write.csv write.table
Flavors: r-devel-linux-x86_64-debian-clang, r-devel-linux-x86_64-debian-gcc, r-devel-linux-x86_64-fedora-clang, r-devel-linux-x86_64-fedora-gcc

Version: 3.4.1
Check: R code for possible problems
Result: NOTE
    Found an obsolete/platform-specific call in the following functions:
     ‘openMyDevice’ ‘printPlot’ ‘savePlotToFile’
    Found the platform-specific devices:
     ‘win.metafile’ ‘win.print’
    dev.new() is the preferred way to open a new device, in the unlikely
    event one is needed.
Flavors: r-devel-osx-x86_64-clang, r-patched-linux-x86_64, r-patched-solaris-x86, r-release-linux-x86_64

Version: 3.4.1
Check: R code for possible problems
Result: NOTE
    acquireAuditData: no visible global function definition for
     'download.file'
    acquireAuditData: no visible global function definition for 'read.csv'
    acquireAuditData: no visible global function definition for
     'write.table'
    acquireAuditData: no visible global function definition for 'rnorm'
    acquireAuditData: no visible global function definition for 'runif'
    binning : varkmeans: no visible global function definition for 'kmeans'
    binning : varkmeans: no visible global function definition for 'dist'
    binning: no visible global function definition for 'quantile'
    binning: no visible global function definition for 'na.omit'
    centers.hclust: no visible global function definition for 'cutree'
    centers.hclust: no visible binding for global variable 'median'
    collectOutput: no visible global function definition for
     'capture.output'
    copyPlotToClipboard: no visible global function definition for
     'dev.cur'
    createVariablesModel: no visible global function definition for 'sd'
    createVariablesModel: no visible global function definition for
     'na.omit'
    createVariablesModel: no visible global function definition for
     'median'
    dataNeedsLoading: no visible global function definition for 'URLdecode'
    drawTreeNodes: no visible global function definition for 'par'
    drawTreeNodes: no visible global function definition for 'plot.new'
    drawTreeNodes: no visible global function definition for 'rainbow'
    drawTreeNodes: no visible global function definition for 'gray'
    drawTreeNodes: no visible global function definition for 'text.default'
    drawTreeNodes: no visible global function definition for 'lines'
    executeAssociateTab: no visible global function definition for
     'capture.output'
    executeClusterKMeans: no visible global function definition for 'plot'
    executeClusterKMeans: no visible global function definition for
     'points'
    executeClusterKMeans: no visible global function definition for
     'legend'
    executeDataARFF: no visible global function definition for 'URLdecode'
    executeDataCSV: no visible global function definition for 'URLdecode'
    executeEvaluateCostCurve: no visible global function definition for
     'par'
    executeEvaluateLift: no visible global function definition for
     'rainbow'
    executeEvaluatePrecision: no visible global function definition for
     'rainbow'
    executeEvaluatePvOplot: no visible global function definition for 'par'
    executeEvaluatePvOplot: no visible global function definition for
     'na.omit'
    executeEvaluatePvOplot: no visible global function definition for
     'legend'
    executeEvaluateROC: no visible global function definition for 'rainbow'
    executeEvaluateROC: no visible global function definition for 'lines'
    executeEvaluateRisk: no visible global function definition for 'par'
    executeEvaluateRisk: no visible global function definition for
     'dev.cur'
    executeEvaluateScore: no visible global function definition for 'edit'
    executeEvaluateSensitivity: no visible global function definition for
     'rainbow'
    executeExplorePlot: no visible global function definition for 'hist'
    executeExplorePlot: no visible global function definition for 'density'
    executeExplorePlot: no visible global function definition for
     'nclass.FD'
    executeExplorePlot: no visible global function definition for 'na.omit'
    executeExplorePlot: no visible global function definition for 'rainbow'
    executeExplorePlot: no visible global function definition for 'par'
    executeExplorePlot2: no visible global function definition for 'hist'
    executeExplorePlot2: no visible global function definition for
     'density'
    executeExplorePlot2: no visible global function definition for
     'nclass.FD'
    executeExplorePlot2: no visible global function definition for
     'na.omit'
    executeExplorePlot2: no visible global function definition for
     'rainbow'
    executeExplorePlot2: no visible global function definition for 'par'
    executeModelGLM: no visible global function definition for 'coef'
    executeTestTab: no visible global function definition for 'na.omit'
    executeTransformCleanupPerform: no visible global function definition
     for 'complete.cases'
    executeTransformImputePerform: no visible global function definition
     for 'median'
    executeTransformNormalisePerform: no visible global function definition
     for 'sd'
    executeTransformNormalisePerform: no visible global function definition
     for 'median'
    executeTransformNormalisePerform: no visible global function definition
     for 'mad'
    exportRegressionModel: no visible global function definition for
     'capture.output'
    exportSVMModel: no visible global function definition for
     'capture.output'
    fancyRpartPlot: no visible global function definition for 'title'
    getSelectedVariables: no visible global function definition for
     'localeToCharset'
    grid.plot: no visible global function definition for 'par'
    grid.plot: no visible global function definition for 'abline'
    listAssociateRules: no visible global function definition for
     'capture.output'
    listVersions: no visible global function definition for 'write.csv'
    newPlot: no visible global function definition for 'dev.cur'
    newPlot: no visible global function definition for 'layout'
    on_kmeans_seed_button_clicked: no visible global function definition
     for 'runif'
    on_plot_close_button_clicked: no visible global function definition for
     'dev.off'
    on_rattle_menu_activate: no visible global function definition for
     'browseURL'
    on_sample_seed_button_clicked: no visible global function definition
     for 'runif'
    openMyDevice: no visible global function definition for 'win.metafile'
    openMyDevice: no visible global function definition for 'png'
    openMyDevice: no visible global function definition for 'pdf'
    packageIsAvailable: no visible global function definition for
     'install.packages'
    plotOptimalLine: no visible global function definition for 'lines'
    plotOptimalLine: no visible global function definition for 'text'
    plotRisk: no visible global function definition for 'par'
    plotRisk: no visible global function definition for 'plot'
    plotRisk: no visible global function definition for 'points'
    plotRisk: no visible global function definition for 'text'
    plotRisk: no visible global function definition for 'axis'
    plotRisk: no visible global function definition for 'mtext'
    plotRisk: no visible global function definition for 'dev.off'
    print.summary.nnet: no visible global function definition for 'coef'
    printPlot: no visible global function definition for 'dev.cur'
    printPlot: no visible global function definition for 'dev.set'
    printPlot: no visible global function definition for 'dev.print'
    printPlot: no visible binding for global variable 'win.print'
    psfchart : doAggregate: no visible global function definition for
     'aggregate'
    psfchart: no visible global function definition for 'plot'
    psfchart: no visible global function definition for 'title'
    psfchart: no visible global function definition for 'abline'
    psfchart: no visible global function definition for 'text'
    psfchart: no visible global function definition for 'axis'
    psfchart: no visible global function definition for 'par'
    rattleInfo: no visible global function definition for
     'available.packages'
    rattleInfo: no visible global function definition for 'contrib.url'
    rattleInfo: no visible global function definition for 'compareVersion'
    riskchart: no visible binding for global variable 'text'
    savePlotToFile: no visible global function definition for 'dev.cur'
    savePlotToFile: no visible global function definition for 'dev.set'
    savePlotToFile: no visible global function definition for 'dev.copy'
    savePlotToFile: no visible binding for global variable 'png'
    savePlotToFile: no visible binding for global variable 'jpeg'
    savePlotToFile: no visible binding for global variable 'win.metafile'
    savePlotToFile: no visible global function definition for 'dev.off'
    savePlotToFileGui: no visible global function definition for 'dev.cur'
    savePlotToFileGui: no visible global function definition for 'dev.list'
    setupDataset: no visible binding for global variable 'data'
    setupDataset: no visible global function definition for 'as.formula'
    setupDataset: no visible global function definition for 'na.omit'
    toga: no visible global function definition for 'browseURL'
    updateDataLibrary: no visible global function definition for 'data'
    writeCSV: no visible global function definition for 'write.csv'
    Undefined global functions or variables:
     URLdecode abline aggregate as.formula available.packages axis
     browseURL capture.output coef compareVersion complete.cases
     contrib.url cutree data density dev.copy dev.cur dev.list dev.off
     dev.print dev.set dist download.file edit gray hist install.packages
     jpeg kmeans layout legend lines localeToCharset mad median mtext
     na.omit nclass.FD par pdf plot plot.new png points quantile rainbow
     read.csv rnorm runif sd text text.default title win.metafile
     win.print write.csv write.table
Flavor: r-devel-windows-ix86+x86_64

Version: 3.4.1
Flags: --no-examples
Check: package dependencies
Result: NOTE
    Package suggested but not available for checking: ‘rggobi’
Flavor: r-patched-solaris-sparc

Version: 3.4.1
Flags: --no-examples
Check: installed package size
Result: NOTE
     installed size is 8.1Mb
     sub-directories of 1Mb or more:
     data 2.3Mb
     etc 3.0Mb
     po 1.5Mb
Flavor: r-patched-solaris-sparc

Version: 3.4.1
Flags: --no-examples
Check: dependencies in R code
Result: NOTE
    'library' or 'require' calls in package code:
     ‘Hmisc’ ‘RBGL’ ‘RGtk2’ ‘RGtk2Extras’ ‘ROCR’ ‘RODBC’ ‘Rgraphviz’ ‘XML’
     ‘ada’ ‘arules’ ‘bitops’ ‘cairoDevice’ ‘colorspace’ ‘e1071’ ‘fBasics’
     ‘foreign’ ‘fpc’ ‘graph’ ‘grid’ ‘kernlab’ ‘methods’ ‘nnet’
     ‘pkgDepTools’ ‘pmml’ ‘randomForest’ ‘reshape’ ‘rggobi’ ‘rpart’
     ‘stats’ ‘survival’ ‘utils’
     Please use :: or requireNamespace() instead.
     See section 'Suggested packages' in the 'Writing R Extensions' manual.
Flavor: r-patched-solaris-sparc

Version: 3.4.1
Flags: --no-examples
Check: S3 generic/method consistency
Result: NOTE
    Found the following apparent S3 methods exported but not registered:
     predict.hclust predict.kmeans print.summary.nnet
    See section ‘Registering S3 methods’ in the ‘Writing R Extensions’
    manual.
Flavor: r-patched-solaris-sparc

Version: 3.4.1
Flags: --no-examples
Check: R code for possible problems
Result: NOTE
    Found an obsolete/platform-specific call in the following functions:
     ‘openMyDevice’ ‘printPlot’ ‘savePlotToFile’
    Found the platform-specific devices:
     ‘win.metafile’ ‘win.print’
    dev.new() is the preferred way to open a new device, in the unlikely
    event one is needed.
Flavor: r-patched-solaris-sparc

Version: 3.4.1
Check: package dependencies
Result: NOTE
    Package suggested but not available for checking: ‘rggobi’
Flavor: r-patched-solaris-x86

Version: 3.4.1
Check: package dependencies
Result: NOTE
    Packages suggested but not available for checking:
     ‘RGtk2’ ‘cairoDevice’ ‘gWidgetsRGtk2’ ‘playwith’ ‘rggobi’
     ‘RGtk2Extras’ ‘RODBC’ ‘pkgDepTools’
Flavor: r-release-osx-x86_64-mavericks