Last updated on 2023-12-10 14:51:53 CET.
Flavor | Version | Tinstall | Tcheck | Ttotal | Status | Flags |
---|---|---|---|---|---|---|
r-devel-linux-x86_64-debian-clang | 0.9.1 | 53.83 | 40.77 | 94.60 | NOTE | |
r-devel-linux-x86_64-debian-gcc | 0.9.1 | 40.91 | 31.46 | 72.37 | NOTE | |
r-devel-linux-x86_64-fedora-clang | 0.9.1 | 141.64 | NOTE | |||
r-devel-linux-x86_64-fedora-gcc | 0.10.0 | 148.24 | OK | |||
r-devel-windows-x86_64 | 0.9.1 | 46.00 | 77.00 | 123.00 | NOTE | |
r-patched-linux-x86_64 | 0.9.1 | 50.77 | 40.53 | 91.30 | NOTE | |
r-release-linux-x86_64 | 0.9.1 | 50.19 | 39.71 | 89.90 | NOTE | |
r-release-macos-arm64 | 0.10.0 | 41.00 | OK | |||
r-release-macos-x86_64 | 0.9.1 | 59.00 | NOTE | |||
r-release-windows-x86_64 | 0.10.0 | 58.00 | 92.00 | 150.00 | OK | |
r-oldrel-macos-arm64 | 0.10.0 | 40.00 | OK | |||
r-oldrel-macos-x86_64 | 0.9.1 | 48.00 | OK | |||
r-oldrel-windows-x86_64 | 0.9.1 | 54.00 | 78.00 | 132.00 | OK |
Version: 0.9.1
Check: C++ specification
Result: NOTE
Specified C++11: please drop specification unless essential
Flavors: r-devel-linux-x86_64-debian-clang, r-devel-linux-x86_64-debian-gcc, r-devel-linux-x86_64-fedora-clang, r-devel-windows-x86_64, r-patched-linux-x86_64, r-release-linux-x86_64, r-release-macos-x86_64
Version: 0.9.1
Check: Rd \usage sections
Result: NOTE
Documented arguments not in \usage in Rd file 'convert_to_native_raster.Rd':
‘ncol’ ‘nrow’
Documented arguments not in \usage in Rd file 'pad_to_fit.Rd':
‘heightmap’ ‘pad’
Functions with \usage entries need to have the appropriate \alias
entries, and all their arguments documented.
The \usage entries must correspond to syntactically valid R code.
See chapter ‘Writing R documentation files’ in the ‘Writing R
Extensions’ manual.
Flavors: r-devel-linux-x86_64-debian-clang, r-devel-linux-x86_64-debian-gcc, r-devel-linux-x86_64-fedora-clang, r-devel-windows-x86_64