Last updated on 2023-05-28 06:51:48 CEST.
Flavor | Version | Tinstall | Tcheck | Ttotal | Status | Flags |
---|---|---|---|---|---|---|
r-devel-linux-x86_64-debian-clang | 0.4.11 | 147.63 | 49.24 | 196.87 | OK | |
r-devel-linux-x86_64-debian-gcc | 0.4.11 | 122.47 | 38.05 | 160.52 | OK | |
r-devel-linux-x86_64-fedora-clang | 0.4.11 | 285.38 | OK | |||
r-devel-linux-x86_64-fedora-gcc | 0.4.11 | 301.03 | OK | |||
r-devel-windows-x86_64 | 0.4.11 | 117.00 | 90.00 | 207.00 | OK | |
r-patched-linux-x86_64 | 0.4.11 | 129.96 | 48.30 | 178.26 | OK | |
r-release-linux-x86_64 | 0.4.11 | 133.95 | 48.34 | 182.29 | OK | |
r-release-macos-arm64 | 0.4.11 | 72.00 | NOTE | |||
r-release-macos-x86_64 | 0.4.11 | 119.00 | NOTE | |||
r-release-windows-x86_64 | 0.4.11 | 149.00 | 101.00 | 250.00 | OK | |
r-oldrel-macos-arm64 | 0.4.11 | 75.00 | NOTE | |||
r-oldrel-macos-x86_64 | 0.4.11 | 85.00 | NOTE | |||
r-oldrel-windows-x86_64 | 0.4.11 | 142.00 | 90.00 | 232.00 | OK |
Version: 0.4.11
Check: installed package size
Result: NOTE
installed size is 9.8Mb
sub-directories of 1Mb or more:
libs 9.3Mb
Flavors: r-release-macos-arm64, r-release-macos-x86_64, r-oldrel-macos-arm64, r-oldrel-macos-x86_64