CRAN Package Check Results for Package rbamtools

Last updated on 2018-04-22 00:47:04 CEST.

Flavor Version Tinstall Tcheck Ttotal Status Flags
r-devel-linux-x86_64-debian-clang 2.16.6 26.83 108.87 135.70 OK
r-devel-linux-x86_64-debian-gcc 2.16.6 26.60 85.95 112.55 OK
r-devel-linux-x86_64-fedora-clang 2.16.6 172.13 OK
r-devel-linux-x86_64-fedora-gcc 2.16.6 167.55 OK
r-devel-windows-ix86+x86_64 2.16.6 90.00 172.00 262.00 OK
r-devel-osx-x86_64 2.16.6 OK
r-patched-linux-x86_64 2.16.6 28.82 107.63 136.45 OK
r-patched-solaris-x86 2.16.6 234.30 OK
r-release-linux-x86_64 2.16.6 21.23 112.45 133.68 OK
r-release-windows-ix86+x86_64 2.16.6 45.00 214.00 259.00 OK
r-release-osx-x86_64 2.16.6 NOTE
r-oldrel-windows-ix86+x86_64 2.16.6 67.00 161.00 228.00 OK

Check Details

Version: 2.16.6
Check: re-building of vignette outputs
Result: NOTE
    Error in re-building vignettes:
     ...
    Warning in text.default(xlim[1], 2, transcript, adj = 0, cex = 1.2) :
     font width unknown for character 0x9
    Warning in text.default(xlim[1], 2, transcript, adj = 0, cex = 1.2) :
     font width unknown for character 0x9
    Warning in text.default(xlim[1], 2, transcript, adj = 0, cex = 1.2) :
     font metrics unknown for character 0x9
    Warning in text.default(xlim[1], 2, transcript, adj = 0, cex = 1.2) :
     font metrics unknown for character 0x9
    [getGenePositions.ucscGenome] Adding 'start_codon' and 'stop_codon' positions.
    Error in texi2dvi(file = file, pdf = TRUE, clean = clean, quiet = quiet, :
     Running 'texi2dvi' on 'rbamtools.tex' failed.
    LaTeX errors:
    ! LaTeX Error: File `sectsty.sty' not found.
    
    Type X to quit or <RETURN> to proceed,
    or enter new name. (Default extension: sty)
    
    ! Emergency stop.
    <read *>
    
    l.25 \usepackage
     {hyperref} % Index links, should be lo...
    ! ==> Fatal error occurred, no output PDF file produced!
    Calls: buildVignettes -> texi2pdf -> texi2dvi
    Execution halted
Flavor: r-release-osx-x86_64