CRAN Package Check Results for Package rbamtools

Last updated on 2017-05-26 03:48:39.

Flavor Version Tinstall Tcheck Ttotal Status Flags
r-devel-linux-x86_64-debian-clang 2.16.6 12.14 63.25 75.39 OK
r-devel-linux-x86_64-debian-gcc 2.16.6 13.67 62.53 76.20 OK
r-devel-linux-x86_64-fedora-clang 2.16.6 163.30 OK --no-stop-on-test-error
r-devel-linux-x86_64-fedora-gcc 2.16.6 161.92 OK --no-stop-on-test-error
r-devel-windows-ix86+x86_64 2.16.6 50.00 146.00 196.00 OK
r-patched-linux-x86_64 2.16.6 12.62 62.40 75.02 OK
r-patched-solaris-sparc 2.16.6 904.90 OK
r-patched-solaris-x86 2.16.6 200.20 OK
r-release-linux-x86_64 2.16.6 13.09 62.97 76.06 OK
r-release-windows-ix86+x86_64 2.16.6 78.00 234.00 312.00 OK
r-release-osx-x86_64 2.16.6 NOTE
r-oldrel-windows-ix86+x86_64 2.16.6 72.00 143.00 215.00 OK
r-oldrel-osx-x86_64 2.16.6 OK

Additional issues

rchk

Check Details

Version: 2.16.6
Check: re-building of vignette outputs
Result: NOTE
    Error in re-building vignettes:
     ...
    Warning in text.default(xlim[1], 2, transcript, adj = 0, cex = 1.2) :
     font width unknown for character 0x9
    Warning in text.default(xlim[1], 2, transcript, adj = 0, cex = 1.2) :
     font width unknown for character 0x9
    Warning in text.default(xlim[1], 2, transcript, adj = 0, cex = 1.2) :
     font metrics unknown for character 0x9
    Warning in text.default(xlim[1], 2, transcript, adj = 0, cex = 1.2) :
     font metrics unknown for character 0x9
    [getGenePositions.ucscGenome] Adding 'start_codon' and 'stop_codon' positions.
    Error in texi2dvi(file = file, pdf = TRUE, clean = clean, quiet = quiet, :
     Running 'texi2dvi' on 'rbamtools.tex' failed.
    LaTeX errors:
    ! LaTeX Error: File `sectsty.sty' not found.
    
    Type X to quit or <RETURN> to proceed,
    or enter new name. (Default extension: sty)
    
    ! Emergency stop.
    <read *>
    
    l.25 \usepackage
     {hyperref} % Index links, should be lo...
    ! ==> Fatal error occurred, no output PDF file produced!
    Calls: buildVignettes -> texi2pdf -> texi2dvi
    Execution halted
Flavor: r-release-osx-x86_64