CRAN Package Check Results for Package rbamtools

Last updated on 2015-04-25 19:47:25.

Flavor Version Tinstall Tcheck Ttotal Status Flags
r-devel-linux-x86_64-debian-clang 2.10.0 5.84 25.36 31.20 NOTE
r-devel-linux-x86_64-debian-gcc 2.10.0 8.72 25.46 34.18 NOTE
r-devel-linux-x86_64-fedora-clang 2.10.0 61.74 NOTE
r-devel-linux-x86_64-fedora-gcc 2.10.0 62.78 NOTE
r-devel-osx-x86_64-clang 2.10.0 60.98 NOTE
r-devel-windows-ix86+x86_64 2.10.0 34.00 57.00 91.00 NOTE
r-patched-linux-x86_64 2.10.0 8.69 24.87 33.56 NOTE
r-patched-solaris-sparc 2.10.0 406.30 NOTE
r-patched-solaris-x86 2.10.0 82.10 NOTE
r-release-linux-x86_64 2.10.0 8.79 24.64 33.43 NOTE
r-release-osx-x86_64-mavericks 2.10.0 NOTE
r-release-osx-x86_64-snowleopard 2.10.0 NOTE
r-release-windows-ix86+x86_64 2.10.0 35.00 59.00 94.00 NOTE
r-oldrel-windows-ix86+x86_64 2.10.0 49.00 54.00 103.00 OK

Check Details

Version: 2.10.0
Check: DESCRIPTION meta-information
Result: NOTE
    Malformed Title field: should not end in a period.
Flavors: r-devel-windows-ix86+x86_64, r-release-windows-ix86+x86_64