CRAN Package Check Results for Package rbamtools

Last updated on 2015-01-31 11:51:54.

Flavor Version Tinstall Tcheck Ttotal Status Flags
r-devel-linux-x86_64-debian-clang 2.10.0 5.50 25.02 30.52 NOTE
r-devel-linux-x86_64-debian-gcc 2.10.0 8.80 24.05 32.85 NOTE
r-devel-linux-x86_64-fedora-clang 2.10.0 66.17 NOTE
r-devel-linux-x86_64-fedora-gcc 2.10.0 65.73 NOTE
r-devel-osx-x86_64-clang 2.10.0 64.98 NOTE
r-devel-windows-ix86+x86_64 2.10.0 38.00 49.00 87.00 OK
r-patched-linux-x86_64 2.10.0 9.24 27.04 36.28 OK
r-patched-solaris-sparc 2.10.0 394.40 OK
r-patched-solaris-x86 2.10.0 91.70 OK
r-release-linux-ix86 2.10.0 11.19 36.37 47.56 OK
r-release-linux-x86_64 2.10.0 9.25 26.55 35.80 OK
r-release-osx-x86_64-mavericks 2.10.0 OK
r-release-osx-x86_64-snowleopard 2.10.0 OK
r-release-windows-ix86+x86_64 2.10.0 35.00 68.00 103.00 OK
r-oldrel-windows-ix86+x86_64 2.10.0 29.00 61.00 90.00 OK

Check Details

Version: 2.10.0
Check: S3 generic/method consistency
Result: NOTE
    Found the following apparent S3 methods exported but not registered:
     as.data.frame.bamGapList as.data.frame.bamRange as.data.frame.gapList
     as.data.frame.gapSiteList as.data.frame.refSeqDict merge.bamGapList
     merge.gapSiteList summary.bamGapList
    See section ‘Registering S3 methods’ in the ‘Writing R Extensions’
    manual.
Flavors: r-devel-linux-x86_64-debian-clang, r-devel-linux-x86_64-debian-gcc, r-devel-linux-x86_64-fedora-clang, r-devel-linux-x86_64-fedora-gcc, r-devel-osx-x86_64-clang