CRAN Package Check Results for Package rbamtools

Last updated on 2015-05-30 03:48:54.

Flavor Version Tinstall Tcheck Ttotal Status Flags
r-devel-linux-x86_64-debian-clang 2.10.0 5.96 25.62 31.58 NOTE
r-devel-linux-x86_64-debian-gcc 2.10.0 8.66 24.12 32.78 NOTE
r-devel-linux-x86_64-fedora-clang 2.10.0 61.95 NOTE
r-devel-linux-x86_64-fedora-gcc 2.10.0 62.27 NOTE
r-devel-osx-x86_64-clang 2.10.0 62.43 NOTE
r-devel-windows-ix86+x86_64 2.10.0 38.00 55.00 93.00 NOTE
r-patched-linux-x86_64 2.10.0 8.82 24.34 33.16 NOTE
r-patched-solaris-sparc 2.10.0 406.40 NOTE
r-patched-solaris-x86 2.10.0 82.50 NOTE
r-release-linux-x86_64 2.10.0 8.86 25.24 34.10 NOTE
r-release-osx-x86_64-mavericks 2.10.0 NOTE
r-release-osx-x86_64-snowleopard 2.10.0 NOTE
r-release-windows-ix86+x86_64 2.10.0 35.00 59.00 94.00 NOTE
r-oldrel-windows-ix86+x86_64 2.10.0 49.00 54.00 103.00 OK

Check Details

Version: 2.10.0
Check: DESCRIPTION meta-information
Result: NOTE
    Malformed Title field: should not end in a period.
Flavors: r-devel-linux-x86_64-debian-clang, r-devel-linux-x86_64-debian-gcc, r-devel-linux-x86_64-fedora-clang, r-devel-linux-x86_64-fedora-gcc, r-devel-osx-x86_64-clang, r-devel-windows-ix86+x86_64, r-patched-linux-x86_64, r-patched-solaris-sparc, r-patched-solaris-x86, r-release-linux-x86_64, r-release-osx-x86_64-mavericks, r-release-osx-x86_64-snowleopard, r-release-windows-ix86+x86_64

Version: 2.10.0
Check: S3 generic/method consistency
Result: NOTE
    Found the following apparent S3 methods exported but not registered:
     as.data.frame.bamGapList as.data.frame.bamRange as.data.frame.gapList
     as.data.frame.gapSiteList as.data.frame.refSeqDict merge.bamGapList
     merge.gapSiteList summary.bamGapList
    See section ‘Registering S3 methods’ in the ‘Writing R Extensions’
    manual.
Flavors: r-devel-linux-x86_64-debian-clang, r-devel-linux-x86_64-debian-gcc, r-devel-linux-x86_64-fedora-clang, r-devel-linux-x86_64-fedora-gcc, r-devel-osx-x86_64-clang, r-patched-linux-x86_64, r-patched-solaris-sparc, r-patched-solaris-x86, r-release-linux-x86_64