CRAN Package Check Results for Package rbamtools

Last updated on 2017-11-24 22:51:33 CET.

Flavor Version Tinstall Tcheck Ttotal Status Flags
r-devel-linux-x86_64-debian-clang 2.16.6 16.45 138.60 155.05 OK
r-devel-linux-x86_64-debian-gcc 2.16.6 17.73 129.49 147.22 OK
r-devel-linux-x86_64-fedora-clang 2.16.6 145.59 OK
r-devel-linux-x86_64-fedora-gcc 2.16.6 146.80 OK
r-devel-windows-ix86+x86_64 2.16.6 49.00 234.00 283.00 OK
r-patched-linux-x86_64 2.16.6 19.75 151.93 171.68 OK
r-patched-solaris-x86 2.16.6 216.70 OK
r-release-linux-x86_64 2.16.6 19.61 147.90 167.51 OK
r-release-windows-ix86+x86_64 2.16.6 53.00 228.00 281.00 OK
r-release-osx-x86_64 2.16.6 NOTE
r-oldrel-windows-ix86+x86_64 2.16.6 48.00 210.00 258.00 OK
r-oldrel-osx-x86_64 2.16.6 OK

Additional issues

rchk

Check Details

Version: 2.16.6
Check: re-building of vignette outputs
Result: NOTE
    Error in re-building vignettes:
     ...
    Warning in text.default(xlim[1], 2, transcript, adj = 0, cex = 1.2) :
     font width unknown for character 0x9
    Warning in text.default(xlim[1], 2, transcript, adj = 0, cex = 1.2) :
     font width unknown for character 0x9
    Warning in text.default(xlim[1], 2, transcript, adj = 0, cex = 1.2) :
     font metrics unknown for character 0x9
    Warning in text.default(xlim[1], 2, transcript, adj = 0, cex = 1.2) :
     font metrics unknown for character 0x9
    [getGenePositions.ucscGenome] Adding 'start_codon' and 'stop_codon' positions.
    Error in texi2dvi(file = file, pdf = TRUE, clean = clean, quiet = quiet, :
     Running 'texi2dvi' on 'rbamtools.tex' failed.
    LaTeX errors:
    ! LaTeX Error: File `sectsty.sty' not found.
    
    Type X to quit or <RETURN> to proceed,
    or enter new name. (Default extension: sty)
    
    ! Emergency stop.
    <read *>
    
    l.25 \usepackage
     {hyperref} % Index links, should be lo...
    ! ==> Fatal error occurred, no output PDF file produced!
    Calls: buildVignettes -> texi2pdf -> texi2dvi
    Execution halted
Flavor: r-release-osx-x86_64