CRAN Package Check Results for Package rbamtools

Last updated on 2014-04-24 17:49:51.

Flavor Version Tinstall Tcheck Ttotal Status Flags
r-devel-linux-x86_64-debian-clang 2.6.0 5.49 23.11 28.60 NOTE
r-devel-linux-x86_64-debian-gcc 2.6.0 8.78 22.65 31.43 NOTE
r-devel-linux-x86_64-fedora-clang 2.6.0 57.99 NOTE
r-devel-linux-x86_64-fedora-gcc 2.6.0 60.72 NOTE
r-devel-osx-x86_64-clang 2.6.0 55.08 NOTE
r-devel-osx-x86_64-gcc 2.6.0 NOTE
r-devel-windows-ix86+x86_64 2.6.0 31.00 43.00 74.00 NOTE
r-patched-linux-x86_64 2.6.0 8.68 23.10 31.78 NOTE
r-patched-solaris-sparc 2.6.0 368.70 NOTE
r-patched-solaris-x86 2.6.0 81.20 NOTE
r-release-linux-ix86 2.6.0 14.00 43.00 57.00 NOTE
r-release-linux-x86_64 2.6.0 8.70 23.36 32.06 NOTE
r-release-osx-x86_64-mavericks 2.6.0 NOTE
r-release-windows-ix86+x86_64 2.6.0 51.00 57.00 108.00 NOTE
r-oldrel-windows-ix86+x86_64 2.6.0 34.00 67.00 101.00 NOTE

Memtest notes: UBSAN UBSAN valgrind valgrind

Check Details

Version: 2.6.0
Check: dependencies in R code
Result: NOTE
    Package in Depends field not imported from: ‘methods’
     These packages need to be imported from (in the NAMESPACE file)
     for when this namespace is loaded but not attached.
    See the information on DESCRIPTION files in the chapter ‘Creating R
    packages’ of the ‘Writing R Extensions’ manual.
Flavors: r-devel-linux-x86_64-debian-clang, r-devel-linux-x86_64-debian-gcc, r-devel-linux-x86_64-fedora-clang, r-devel-linux-x86_64-fedora-gcc, r-devel-osx-x86_64-clang, r-devel-osx-x86_64-gcc, r-devel-windows-ix86+x86_64, r-patched-linux-x86_64, r-patched-solaris-sparc, r-patched-solaris-x86, r-release-linux-ix86, r-release-linux-x86_64, r-release-osx-x86_64-mavericks, r-release-windows-ix86+x86_64, r-oldrel-windows-ix86+x86_64

Version: 2.6.0
Check: files in ‘vignettes’
Result: NOTE
    The following files look like leftovers/mistakes:
     ‘rbamtools.log’
    Please remove them from your package.
Flavors: r-devel-linux-x86_64-debian-clang, r-devel-linux-x86_64-debian-gcc, r-devel-linux-x86_64-fedora-clang, r-devel-linux-x86_64-fedora-gcc, r-devel-osx-x86_64-clang, r-devel-osx-x86_64-gcc, r-patched-linux-x86_64, r-patched-solaris-sparc, r-patched-solaris-x86, r-release-linux-ix86, r-release-linux-x86_64, r-release-osx-x86_64-mavericks

Version: 2.6.0
Check: files in 'vignettes'
Result: NOTE
    The following files look like leftovers/mistakes:
     'rbamtools.log'
    Please remove them from your package.
    * checking examples ...
Flavors: r-devel-windows-ix86+x86_64, r-release-windows-ix86+x86_64, r-oldrel-windows-ix86+x86_64