CRAN Package Check Results for Package rbamtools

Last updated on 2017-09-20 19:47:29.

Flavor Version Tinstall Tcheck Ttotal Status Flags
r-devel-linux-x86_64-debian-clang 2.16.6 12.29 65.88 78.17 OK
r-devel-linux-x86_64-debian-gcc 2.16.6 14.66 64.97 79.63 OK
r-devel-linux-x86_64-fedora-clang 2.16.6 168.90 OK
r-devel-linux-x86_64-fedora-gcc 2.16.6 166.86 OK
r-devel-windows-ix86+x86_64 2.16.6 50.00 205.00 255.00 OK
r-patched-linux-x86_64 2.16.6 14.12 66.68 80.80 OK
r-patched-solaris-x86 2.16.6 215.60 OK
r-release-linux-x86_64 2.16.6 14.02 66.89 80.91 OK
r-release-windows-ix86+x86_64 2.16.6 49.00 161.00 210.00 OK
r-release-osx-x86_64 2.16.6 NOTE
r-oldrel-windows-ix86+x86_64 2.16.6 51.00 150.00 201.00 OK
r-oldrel-osx-x86_64 2.16.6 OK

Additional issues

rchk

Check Details

Version: 2.16.6
Check: re-building of vignette outputs
Result: NOTE
    Error in re-building vignettes:
     ...
    Warning in text.default(xlim[1], 2, transcript, adj = 0, cex = 1.2) :
     font width unknown for character 0x9
    Warning in text.default(xlim[1], 2, transcript, adj = 0, cex = 1.2) :
     font width unknown for character 0x9
    Warning in text.default(xlim[1], 2, transcript, adj = 0, cex = 1.2) :
     font metrics unknown for character 0x9
    Warning in text.default(xlim[1], 2, transcript, adj = 0, cex = 1.2) :
     font metrics unknown for character 0x9
    [getGenePositions.ucscGenome] Adding 'start_codon' and 'stop_codon' positions.
    Error in texi2dvi(file = file, pdf = TRUE, clean = clean, quiet = quiet, :
     Running 'texi2dvi' on 'rbamtools.tex' failed.
    LaTeX errors:
    ! LaTeX Error: File `sectsty.sty' not found.
    
    Type X to quit or <RETURN> to proceed,
    or enter new name. (Default extension: sty)
    
    ! Emergency stop.
    <read *>
    
    l.25 \usepackage
     {hyperref} % Index links, should be lo...
    ! ==> Fatal error occurred, no output PDF file produced!
    Calls: buildVignettes -> texi2pdf -> texi2dvi
    Execution halted
Flavor: r-release-osx-x86_64