CRAN Package Check Results for Package rbamtools

Last updated on 2016-06-26 13:47:02.

Flavor Version Tinstall Tcheck Ttotal Status Flags
r-devel-linux-x86_64-debian-gcc 2.16.0 16.17 58.76 74.93 OK
r-devel-linux-x86_64-fedora-clang 2.16.0 147.25 OK
r-devel-linux-x86_64-fedora-gcc 2.16.0 129.09 OK
r-devel-osx-x86_64-clang 2.16.0 109.34 OK
r-devel-windows-ix86+x86_64 2.16.0 59.00 135.00 194.00 OK
r-patched-linux-x86_64 2.16.0 13.60 59.99 73.59 OK
r-patched-solaris-sparc 2.16.0 818.40 NOTE
r-patched-solaris-x86 2.16.0 174.40 NOTE
r-release-linux-x86_64 2.16.0 13.31 58.69 72.00 OK
r-release-osx-x86_64-mavericks 2.16.0 OK
r-release-windows-ix86+x86_64 2.16.0 44.00 132.00 176.00 OK
r-oldrel-windows-ix86+x86_64 2.16.0 64.00 220.00 284.00 OK

Check Details

Version: 2.16.0
Check: installed package size
Result: NOTE
     installed size is 7.3Mb
     sub-directories of 1Mb or more:
     libs 5.4Mb
Flavors: r-patched-solaris-sparc, r-patched-solaris-x86