CRAN Package Check Results for Package rbamtools

Last updated on 2015-03-27 12:48:41.

Flavor Version Tinstall Tcheck Ttotal Status Flags
r-devel-linux-x86_64-debian-clang 2.10.0 6.05 24.95 31.00 NOTE
r-devel-linux-x86_64-debian-gcc 2.10.0 8.60 24.10 32.69 NOTE
r-devel-linux-x86_64-fedora-clang 2.10.0 62.58 NOTE
r-devel-linux-x86_64-fedora-gcc 2.10.0 61.87 NOTE
r-devel-osx-x86_64-clang 2.10.0 67.29 NOTE
r-prerel-windows-ix86+x86_64 2.10.0 39.00 53.00 92.00 NOTE
r-prerel-linux-x86_64 2.10.0 8.73 24.80 33.53 NOTE
r-prerel-solaris-sparc 2.10.0 406.30 NOTE
r-prerel-solaris-x86 2.10.0 83.60 NOTE
r-release-linux-x86_64 2.10.0 9.10 27.04 36.14 OK
r-release-osx-x86_64-mavericks 2.10.0 OK
r-release-osx-x86_64-snowleopard 2.10.0 OK
r-release-windows-ix86+x86_64 2.10.0 49.00 54.00 103.00 OK
r-oldrel-windows-ix86+x86_64 2.10.0 29.00 61.00 90.00 OK

Check Details

Version: 2.10.0
Check: DESCRIPTION meta-information
Result: NOTE
    Malformed Title field: should not end in a period.
Flavors: r-devel-linux-x86_64-debian-clang, r-devel-linux-x86_64-debian-gcc, r-devel-linux-x86_64-fedora-clang, r-devel-linux-x86_64-fedora-gcc, r-devel-osx-x86_64-clang, r-prerel-windows-ix86+x86_64, r-prerel-linux-x86_64, r-prerel-solaris-sparc, r-prerel-solaris-x86

Version: 2.10.0
Check: S3 generic/method consistency
Result: NOTE
    Found the following apparent S3 methods exported but not registered:
     as.data.frame.bamGapList as.data.frame.bamRange as.data.frame.gapList
     as.data.frame.gapSiteList as.data.frame.refSeqDict merge.bamGapList
     merge.gapSiteList summary.bamGapList
    See section ‘Registering S3 methods’ in the ‘Writing R Extensions’
    manual.
Flavors: r-devel-linux-x86_64-debian-clang, r-devel-linux-x86_64-debian-gcc, r-devel-linux-x86_64-fedora-clang, r-devel-linux-x86_64-fedora-gcc, r-devel-osx-x86_64-clang, r-prerel-linux-x86_64