CRAN Package Check Results for Package rbamtools

Last updated on 2018-02-23 22:48:12 CET.

Flavor Version Tinstall Tcheck Ttotal Status Flags
r-devel-linux-x86_64-debian-clang 2.16.6 25.48 104.39 129.87 OK
r-devel-linux-x86_64-debian-gcc 2.16.6 25.95 82.71 108.66 OK
r-devel-linux-x86_64-fedora-clang 2.16.6 166.30 OK
r-devel-linux-x86_64-fedora-gcc 2.16.6 160.08 OK
r-devel-windows-ix86+x86_64 2.16.6 75.00 197.00 272.00 OK
r-patched-linux-x86_64 2.16.6 19.97 107.01 126.98 OK
r-patched-solaris-x86 2.16.6 210.20 OK
r-release-linux-x86_64 2.16.6 19.10 107.53 126.63 OK
r-release-windows-ix86+x86_64 2.16.6 69.00 208.00 277.00 OK
r-release-osx-x86_64 2.16.6 NOTE
r-oldrel-windows-ix86+x86_64 2.16.6 51.00 188.00 239.00 OK
r-oldrel-osx-x86_64 2.16.6 OK

Additional issues

rchk

Check Details

Version: 2.16.6
Check: re-building of vignette outputs
Result: NOTE
    Error in re-building vignettes:
     ...
    Warning in text.default(xlim[1], 2, transcript, adj = 0, cex = 1.2) :
     font width unknown for character 0x9
    Warning in text.default(xlim[1], 2, transcript, adj = 0, cex = 1.2) :
     font width unknown for character 0x9
    Warning in text.default(xlim[1], 2, transcript, adj = 0, cex = 1.2) :
     font metrics unknown for character 0x9
    Warning in text.default(xlim[1], 2, transcript, adj = 0, cex = 1.2) :
     font metrics unknown for character 0x9
    [getGenePositions.ucscGenome] Adding 'start_codon' and 'stop_codon' positions.
    Error in texi2dvi(file = file, pdf = TRUE, clean = clean, quiet = quiet, :
     Running 'texi2dvi' on 'rbamtools.tex' failed.
    LaTeX errors:
    ! LaTeX Error: File `sectsty.sty' not found.
    
    Type X to quit or <RETURN> to proceed,
    or enter new name. (Default extension: sty)
    
    ! Emergency stop.
    <read *>
    
    l.25 \usepackage
     {hyperref} % Index links, should be lo...
    ! ==> Fatal error occurred, no output PDF file produced!
    Calls: buildVignettes -> texi2pdf -> texi2dvi
    Execution halted
Flavor: r-release-osx-x86_64