CRAN Package Check Results for Package rbamtools

Last updated on 2014-12-21 11:46:42.

Flavor Version Tinstall Tcheck Ttotal Status Flags
r-devel-linux-x86_64-debian-clang 2.10.0 5.68 25.92 31.60 OK
r-devel-linux-x86_64-debian-gcc 2.10.0 8.84 25.98 34.82 OK
r-devel-linux-x86_64-fedora-clang 2.10.0 66.45 OK
r-devel-linux-x86_64-fedora-gcc 2.10.0 65.58 OK
r-devel-osx-x86_64-clang 2.10.0 67.10 OK
r-devel-windows-ix86+x86_64 2.10.0 38.00 50.00 88.00 OK
r-patched-linux-x86_64 2.10.0 9.16 26.41 35.57 OK
r-patched-solaris-sparc 2.10.0 362.50 OK
r-patched-solaris-x86 2.10.0 90.50 OK
r-release-linux-ix86 2.10.0 11.05 33.88 44.94 OK
r-release-linux-x86_64 2.10.0 9.18 26.20 35.38 OK
r-release-osx-x86_64-mavericks 2.10.0 NOTE
r-release-osx-x86_64-snowleopard 2.10.0 OK
r-release-windows-ix86+x86_64 2.10.0 35.00 68.00 103.00 OK
r-oldrel-windows-ix86+x86_64 2.10.0 29.00 61.00 90.00 OK

Check Details

Version: 2.10.0
Check: re-building of vignette outputs
Result: NOTE
    Error in re-building vignettes:
     ...
    Warning in text.default(xlim[1], 2, transcript, adj = 0, cex = 1.2) :
     font width unknown for character 0x9
    Warning in text.default(xlim[1], 2, transcript, adj = 0, cex = 1.2) :
     font width unknown for character 0x9
    Warning in text.default(xlim[1], 2, transcript, adj = 0, cex = 1.2) :
     font metrics unknown for character 0x9
    Warning in text.default(xlim[1], 2, transcript, adj = 0, cex = 1.2) :
     font metrics unknown for character 0x9
    Error in texi2dvi(file = file, pdf = TRUE, clean = clean, quiet = quiet, :
     Running 'texi2dvi' on 'rbamtools.tex' failed.
    LaTeX errors:
    ! LaTeX Error: File `sectsty.sty' not found.
    
    Type X to quit or <RETURN> to proceed,
    or enter new name. (Default extension: sty)
    
    gn_test/rbamtools/vignettes/rbamtools.tex:25: ==> Fatal error occurred, no out
    put PDF file produced!
    Calls: buildVignettes -> texi2pdf -> texi2dvi
    Execution halted
Flavor: r-release-osx-x86_64-mavericks