CRAN Package Check Results for Package rbefdata

Last updated on 2014-10-24 16:46:52.

Flavor Version Tinstall Tcheck Ttotal Status Flags
r-devel-linux-x86_64-debian-clang 0.3.5 2.13 26.20 28.33 NOTE
r-devel-linux-x86_64-debian-gcc 0.3.5 2.12 26.05 28.17 NOTE
r-devel-linux-x86_64-fedora-clang 0.3.5 59.01 NOTE
r-devel-linux-x86_64-fedora-gcc 0.3.5 53.84 NOTE
r-devel-osx-x86_64-clang 0.3.5 53.92 NOTE
r-devel-windows-ix86+x86_64 0.3.5 7.00 41.00 48.00 NOTE
r-patched-linux-x86_64 0.3.5 2.14 26.86 29.00 NOTE
r-patched-solaris-sparc 0.3.5 338.20 NOTE
r-patched-solaris-x86 0.3.5 78.20 NOTE
r-release-linux-ix86 0.3.5 2.78 33.95 36.74 OK
r-release-linux-x86_64 0.3.5 2.24 27.44 29.68 OK
r-release-osx-x86_64-mavericks 0.3.5 OK
r-release-osx-x86_64-snowleopard 0.3.5 OK
r-release-windows-ix86+x86_64 0.3.5 8.00 47.00 55.00 OK
r-oldrel-windows-ix86+x86_64 0.3.5 6.00 46.00 52.00 OK

Check Details

Version: 0.3.5
Check: R code for possible problems
Result: NOTE
    bef.get.categories_for: no visible binding for global variable ‘id’
    bef.portal.get.categories_for: no visible binding for global variable
     ‘id’
Flavors: r-devel-linux-x86_64-debian-clang, r-devel-linux-x86_64-debian-gcc, r-devel-linux-x86_64-fedora-clang, r-devel-linux-x86_64-fedora-gcc, r-devel-osx-x86_64-clang, r-devel-windows-ix86+x86_64, r-patched-linux-x86_64, r-patched-solaris-sparc, r-patched-solaris-x86