CRAN Package Check Results for Package rbefdata

Last updated on 2014-08-20 11:48:50.

Flavor Version Tinstall Tcheck Ttotal Status Flags
r-devel-linux-x86_64-debian-clang 0.3.5 2.14 26.65 28.79 OK
r-devel-linux-x86_64-debian-gcc 0.3.5 2.10 26.02 28.12 OK
r-devel-linux-x86_64-fedora-clang 0.3.5 59.02 NOTE
r-devel-linux-x86_64-fedora-gcc 0.3.5 59.66 NOTE
r-devel-osx-x86_64-clang 0.3.5 51.04 NOTE
r-devel-windows-ix86+x86_64 0.3.5 7.00 41.00 48.00 OK
r-patched-linux-x86_64 0.3.5 2.17 26.86 29.02 OK
r-patched-solaris-sparc 0.3.5 341.40 OK
r-patched-solaris-x86 0.3.5 79.10 OK
r-release-linux-ix86 0.3.5 2.73 39.38 42.11 OK
r-release-linux-x86_64 0.3.5 2.20 27.62 29.82 OK
r-release-osx-x86_64-mavericks 0.3.5 OK
r-release-osx-x86_64-snowleopard 0.3.5 OK
r-release-windows-ix86+x86_64 0.3.5 7.00 45.00 52.00 OK
r-oldrel-windows-ix86+x86_64 0.3.5 8.00 44.00 52.00 OK

Check Details

Version: 0.3.5
Check: R code for possible problems
Result: NOTE
    bef.get.categories_for: no visible binding for global variable ‘id’
    bef.portal.get.categories_for: no visible binding for global variable
     ‘id’
Flavors: r-devel-linux-x86_64-fedora-clang, r-devel-linux-x86_64-fedora-gcc, r-devel-osx-x86_64-clang