CRAN Package Check Results for Package rbefdata

Last updated on 2015-08-04 21:47:15.

Flavor Version Tinstall Tcheck Ttotal Status Flags
r-devel-linux-x86_64-debian-clang 0.3.5 1.54 20.26 21.79 NOTE
r-devel-linux-x86_64-debian-gcc 0.3.5 1.62 20.20 21.82 NOTE
r-devel-linux-x86_64-fedora-clang 0.3.5 42.49 NOTE
r-devel-linux-x86_64-fedora-gcc 0.3.5 40.00 NOTE
r-devel-osx-x86_64-clang 0.3.5 37.81 NOTE
r-devel-windows-ix86+x86_64 0.3.5 6.00 34.00 40.00 NOTE
r-patched-linux-x86_64 0.3.5 1.55 19.92 21.47 NOTE
r-patched-solaris-sparc 0.3.5 272.60 NOTE
r-patched-solaris-x86 0.3.5 59.70 NOTE
r-release-linux-x86_64 0.3.5 1.47 19.87 21.34 NOTE
r-release-osx-x86_64-mavericks 0.3.5 NOTE
r-release-windows-ix86+x86_64 0.3.5 7.00 34.00 41.00 NOTE
r-oldrel-windows-ix86+x86_64 0.3.5 8.00 54.00 62.00 NOTE

Check Details

Version: 0.3.5
Check: R code for possible problems
Result: NOTE
    bef.get.attachments: no visible global function definition for
     ‘read.csv’
    bef.get.attachments: no visible global function definition for
     ‘flush.console’
    bef.get.attachments_for: no visible global function definition for
     ‘read.csv’
    bef.get.attachments_for: no visible global function definition for
     ‘flush.console’
    bef.get.categories_for: no visible binding for global variable ‘id’
    bef.get.categories_for: no visible global function definition for
     ‘read.csv’
    bef.get.dataset: no visible global function definition for ‘read.csv’
    bef.get.dataset_by: no visible global function definition for
     ‘read.csv’
    bef.get.datasets.for_keyword : <anonymous>: no visible global function
     definition for ‘read.csv’
    bef.get.datasets.for_proposal: no visible global function definition
     for ‘read.csv’
    bef.goto.dataset_page: no visible global function definition for
     ‘browseURL’
    bef.goto.proposal_page: no visible global function definition for
     ‘browseURL’
    bef.portal.get.attachments: no visible global function definition for
     ‘read.csv’
    bef.portal.get.attachments: no visible global function definition for
     ‘flush.console’
    bef.portal.get.attachments_for: no visible global function definition
     for ‘read.csv’
    bef.portal.get.attachments_for: no visible global function definition
     for ‘flush.console’
    bef.portal.get.categories_for: no visible binding for global variable
     ‘id’
    bef.portal.get.categories_for: no visible global function definition
     for ‘read.csv’
    bef.portal.get.dataset: no visible global function definition for
     ‘read.csv’
    bef.portal.get.dataset_by: no visible global function definition for
     ‘read.csv’
    bef.portal.get.datasets.for_keyword : <anonymous>: no visible global
     function definition for ‘read.csv’
    bef.portal.get.datasets.for_proposal: no visible global function
     definition for ‘read.csv’
    upload_file: no visible global function definition for ‘write.csv’
    Undefined global functions or variables:
     browseURL flush.console id read.csv write.csv
    Consider adding
     importFrom("utils", "browseURL", "flush.console", "read.csv",
     "write.csv")
    to your NAMESPACE.
Flavors: r-devel-linux-x86_64-debian-clang, r-devel-linux-x86_64-debian-gcc, r-devel-linux-x86_64-fedora-clang, r-devel-linux-x86_64-fedora-gcc, r-devel-windows-ix86+x86_64

Version: 0.3.5
Check: R code for possible problems
Result: NOTE
    bef.get.categories_for: no visible binding for global variable ‘id’
    bef.portal.get.categories_for: no visible binding for global variable
     ‘id’
    Undefined global functions or variables:
     id
Flavor: r-devel-osx-x86_64-clang

Version: 0.3.5
Check: R code for possible problems
Result: NOTE
    bef.get.categories_for: no visible binding for global variable ‘id’
    bef.portal.get.categories_for: no visible binding for global variable
     ‘id’
Flavors: r-patched-linux-x86_64, r-patched-solaris-sparc, r-patched-solaris-x86, r-release-linux-x86_64, r-release-osx-x86_64-mavericks, r-release-windows-ix86+x86_64, r-oldrel-windows-ix86+x86_64