CRAN Package Check Results for Package rbefdata

Last updated on 2015-05-26 06:47:04.

Flavor Version Tinstall Tcheck Ttotal Status Flags
r-devel-linux-x86_64-debian-clang 0.3.5 1.92 20.77 22.70 NOTE
r-devel-linux-x86_64-debian-gcc 0.3.5 1.41 20.44 21.85 NOTE
r-devel-linux-x86_64-fedora-clang 0.3.5 43.28 NOTE
r-devel-linux-x86_64-fedora-gcc 0.3.5 40.48 NOTE
r-devel-osx-x86_64-clang 0.3.5 40.85 NOTE
r-devel-windows-ix86+x86_64 0.3.5 5.00 30.00 35.00 NOTE
r-patched-linux-x86_64 0.3.5 1.40 20.05 21.44 NOTE
r-patched-solaris-sparc 0.3.5 270.00 NOTE
r-patched-solaris-x86 0.3.5 59.70 NOTE
r-release-linux-x86_64 0.3.5 1.44 20.08 21.52 NOTE
r-release-osx-x86_64-mavericks 0.3.5 NOTE
r-release-osx-x86_64-snowleopard 0.3.5 ERROR
r-release-windows-ix86+x86_64 0.3.5 7.00 32.00 39.00 NOTE
r-oldrel-windows-ix86+x86_64 0.3.5 9.00 49.00 58.00 NOTE

Check Details

Version: 0.3.5
Check: R code for possible problems
Result: NOTE
    bef.get.categories_for: no visible binding for global variable ‘id’
    bef.portal.get.categories_for: no visible binding for global variable
     ‘id’
Flavors: r-devel-linux-x86_64-debian-clang, r-devel-linux-x86_64-debian-gcc, r-devel-linux-x86_64-fedora-clang, r-devel-linux-x86_64-fedora-gcc, r-devel-osx-x86_64-clang, r-devel-windows-ix86+x86_64, r-patched-linux-x86_64, r-patched-solaris-sparc, r-patched-solaris-x86, r-release-linux-x86_64, r-release-osx-x86_64-mavericks, r-release-windows-ix86+x86_64, r-oldrel-windows-ix86+x86_64

Version: 0.3.5
Check: package dependencies
Result: ERROR
    Packages required but not available: ‘XML’ ‘rtematres’
    
    Package suggested but not available for checking: ‘ggplot2’
    
    See section ‘The DESCRIPTION file’ in the ‘Writing R Extensions’
    manual.
Flavor: r-release-osx-x86_64-snowleopard