CRAN Package Check Results for Package rbefdata

Last updated on 2016-09-26 20:49:46.

Flavor Version Tinstall Tcheck Ttotal Status Flags
r-devel-linux-x86_64-debian-clang 0.3.5 1.31 19.59 20.90 NOTE
r-devel-linux-x86_64-debian-gcc 0.3.5 1.38 19.53 20.91 NOTE
r-devel-linux-x86_64-fedora-clang 0.3.5 37.62 NOTE
r-devel-linux-x86_64-fedora-gcc 0.3.5 35.42 NOTE
r-devel-macos-x86_64-clang 0.3.5 31.42 NOTE
r-devel-windows-ix86+x86_64 0.3.5 6.00 55.00 61.00 NOTE
r-patched-linux-x86_64 0.3.5 1.46 20.29 21.75 NOTE
r-patched-solaris-sparc 0.3.5 243.00 NOTE
r-patched-solaris-x86 0.3.5 53.20 NOTE
r-release-linux-x86_64 0.3.5 1.37 20.15 21.52 NOTE
r-release-osx-x86_64-mavericks 0.3.5 NOTE
r-release-windows-ix86+x86_64 0.3.5 6.00 63.00 69.00 NOTE
r-oldrel-windows-ix86+x86_64 0.3.5 7.00 77.00 84.00 NOTE

Check Details

Version: 0.3.5
Check: R code for possible problems
Result: NOTE
    bef.get.attachments: no visible global function definition for
     ‘read.csv’
    bef.get.attachments: no visible global function definition for
     ‘flush.console’
    bef.get.attachments_for: no visible global function definition for
     ‘read.csv’
    bef.get.attachments_for: no visible global function definition for
     ‘flush.console’
    bef.get.categories_for: no visible binding for global variable ‘id’
    bef.get.categories_for: no visible global function definition for
     ‘read.csv’
    bef.get.dataset: no visible global function definition for ‘read.csv’
    bef.get.dataset_by: no visible global function definition for
     ‘read.csv’
    bef.get.datasets.for_keyword : <anonymous>: no visible global function
     definition for ‘read.csv’
    bef.get.datasets.for_proposal: no visible global function definition
     for ‘read.csv’
    bef.goto.dataset_page: no visible global function definition for
     ‘browseURL’
    bef.goto.proposal_page: no visible global function definition for
     ‘browseURL’
    bef.portal.get.attachments: no visible global function definition for
     ‘read.csv’
    bef.portal.get.attachments: no visible global function definition for
     ‘flush.console’
    bef.portal.get.attachments_for: no visible global function definition
     for ‘read.csv’
    bef.portal.get.attachments_for: no visible global function definition
     for ‘flush.console’
    bef.portal.get.categories_for: no visible binding for global variable
     ‘id’
    bef.portal.get.categories_for: no visible global function definition
     for ‘read.csv’
    bef.portal.get.dataset: no visible global function definition for
     ‘read.csv’
    bef.portal.get.dataset_by: no visible global function definition for
     ‘read.csv’
    bef.portal.get.datasets.for_keyword : <anonymous>: no visible global
     function definition for ‘read.csv’
    bef.portal.get.datasets.for_proposal: no visible global function
     definition for ‘read.csv’
    upload_file: no visible global function definition for ‘write.csv’
    Undefined global functions or variables:
     browseURL flush.console id read.csv write.csv
    Consider adding
     importFrom("utils", "browseURL", "flush.console", "read.csv",
     "write.csv")
    to your NAMESPACE file.
Flavors: r-devel-linux-x86_64-debian-clang, r-devel-linux-x86_64-debian-gcc, r-devel-linux-x86_64-fedora-clang, r-devel-linux-x86_64-fedora-gcc, r-devel-macos-x86_64-clang, r-devel-windows-ix86+x86_64, r-patched-linux-x86_64, r-patched-solaris-sparc, r-patched-solaris-x86, r-release-linux-x86_64, r-release-osx-x86_64-mavericks, r-release-windows-ix86+x86_64

Version: 0.3.5
Check: R code for possible problems
Result: NOTE
    bef.get.categories_for: no visible binding for global variable 'id'
    bef.portal.get.categories_for: no visible binding for global variable
     'id'
Flavor: r-oldrel-windows-ix86+x86_64