CRAN Package Check Results for Package rbefdata

Last updated on 2014-09-19 07:49:37.

Flavor Version Tinstall Tcheck Ttotal Status Flags
r-devel-linux-x86_64-debian-clang 0.3.5 2.06 25.90 27.96 NOTE
r-devel-linux-x86_64-debian-gcc 0.3.5 2.06 25.05 27.11 NOTE
r-devel-linux-x86_64-fedora-clang 0.3.5 58.56 NOTE
r-devel-linux-x86_64-fedora-gcc 0.3.5 54.25 NOTE
r-devel-osx-x86_64-clang 0.3.5 53.22 NOTE
r-devel-windows-ix86+x86_64 0.3.5 9.00 41.00 50.00 NOTE
r-patched-linux-x86_64 0.3.5 2.18 27.18 29.36 OK
r-patched-solaris-sparc 0.3.5 341.40 OK
r-patched-solaris-x86 0.3.5 79.60 OK
r-release-linux-ix86 0.3.5 2.80 35.34 38.14 OK
r-release-linux-x86_64 0.3.5 2.23 27.42 29.65 OK
r-release-osx-x86_64-mavericks 0.3.5 OK
r-release-osx-x86_64-snowleopard 0.3.5 OK
r-release-windows-ix86+x86_64 0.3.5 7.00 42.00 49.00 OK
r-oldrel-windows-ix86+x86_64 0.3.5 9.00 44.00 53.00 OK

Check Details

Version: 0.3.5
Check: R code for possible problems
Result: NOTE
    bef.get.categories_for: no visible binding for global variable ‘id’
    bef.portal.get.categories_for: no visible binding for global variable
     ‘id’
Flavors: r-devel-linux-x86_64-debian-clang, r-devel-linux-x86_64-debian-gcc, r-devel-linux-x86_64-fedora-clang, r-devel-linux-x86_64-fedora-gcc, r-devel-osx-x86_64-clang, r-devel-windows-ix86+x86_64