CRAN Package Check Results for Package rbefdata

Last updated on 2015-01-29 22:48:49.

Flavor Version Tinstall Tcheck Ttotal Status Flags
r-devel-linux-x86_64-debian-clang 0.3.5 2.28 21.60 23.88 NOTE
r-devel-linux-x86_64-debian-gcc 0.3.5 1.68 22.03 23.70 NOTE
r-devel-linux-x86_64-fedora-clang 0.3.5 51.53 NOTE
r-devel-linux-x86_64-fedora-gcc 0.3.5 49.19 NOTE
r-devel-osx-x86_64-clang 0.3.5 54.94 NOTE
r-devel-windows-ix86+x86_64 0.3.5 8.00 30.00 38.00 NOTE
r-patched-linux-x86_64 0.3.5 3.14 27.77 30.90 NOTE
r-patched-solaris-sparc 0.3.5 339.00 NOTE
r-patched-solaris-x86 0.3.5 81.70 NOTE
r-release-linux-ix86 0.3.5 2.68 34.50 37.18 NOTE
r-release-linux-x86_64 0.3.5 2.32 27.06 29.38 NOTE
r-release-osx-x86_64-mavericks 0.3.5 NOTE
r-release-osx-x86_64-snowleopard 0.3.5 OK
r-release-windows-ix86+x86_64 0.3.5 8.00 42.00 50.00 NOTE
r-oldrel-windows-ix86+x86_64 0.3.5 8.00 48.00 56.00 OK

Check Details

Version: 0.3.5
Check: R code for possible problems
Result: NOTE
    bef.get.categories_for: no visible binding for global variable ‘id’
    bef.portal.get.categories_for: no visible binding for global variable
     ‘id’
Flavors: r-devel-linux-x86_64-debian-clang, r-devel-linux-x86_64-debian-gcc, r-devel-linux-x86_64-fedora-clang, r-devel-linux-x86_64-fedora-gcc, r-devel-osx-x86_64-clang, r-devel-windows-ix86+x86_64, r-patched-linux-x86_64, r-patched-solaris-sparc, r-patched-solaris-x86, r-release-linux-ix86, r-release-linux-x86_64, r-release-osx-x86_64-mavericks, r-release-windows-ix86+x86_64