CRAN Package Check Results for Package rbefdata

Last updated on 2014-11-23 11:47:21.

Flavor Version Tinstall Tcheck Ttotal Status Flags
r-devel-linux-x86_64-debian-clang 0.3.5 2.18 26.28 28.46 NOTE
r-devel-linux-x86_64-debian-gcc 0.3.5 1.99 25.62 27.61 NOTE
r-devel-linux-x86_64-fedora-clang 0.3.5 62.67 NOTE
r-devel-linux-x86_64-fedora-gcc 0.3.5 56.77 NOTE
r-devel-osx-x86_64-clang 0.3.5 54.71 NOTE
r-devel-windows-ix86+x86_64 0.3.5 6.00 45.00 51.00 NOTE
r-patched-linux-x86_64 0.3.5 2.16 27.56 29.72 NOTE
r-patched-solaris-sparc 0.3.5 338.20 NOTE
r-patched-solaris-x86 0.3.5 78.70 NOTE
r-release-linux-ix86 0.3.5 2.73 33.49 36.22 NOTE
r-release-linux-x86_64 0.3.5 2.24 26.77 29.01 NOTE
r-release-osx-x86_64-mavericks 0.3.5 OK
r-release-osx-x86_64-snowleopard 0.3.5 OK
r-release-windows-ix86+x86_64 0.3.5 8.00 43.00 51.00 NOTE
r-oldrel-windows-ix86+x86_64 0.3.5 8.00 46.00 54.00 OK

Check Details

Version: 0.3.5
Check: R code for possible problems
Result: NOTE
    bef.get.categories_for: no visible binding for global variable ‘id’
    bef.portal.get.categories_for: no visible binding for global variable
     ‘id’
Flavors: r-devel-linux-x86_64-debian-clang, r-devel-linux-x86_64-debian-gcc, r-devel-linux-x86_64-fedora-clang, r-devel-linux-x86_64-fedora-gcc, r-devel-osx-x86_64-clang, r-devel-windows-ix86+x86_64, r-patched-linux-x86_64, r-patched-solaris-sparc, r-patched-solaris-x86, r-release-linux-ix86, r-release-linux-x86_64, r-release-windows-ix86+x86_64