CRAN Package Check Results for Package rbefdata

Last updated on 2014-12-19 03:47:41.

Flavor Version Tinstall Tcheck Ttotal Status Flags
r-devel-linux-x86_64-debian-clang 0.3.5 2.16 26.97 29.13 NOTE
r-devel-linux-x86_64-debian-gcc 0.3.5 2.08 26.21 28.29 NOTE
r-devel-linux-x86_64-fedora-clang 0.3.5 62.68 NOTE
r-devel-linux-x86_64-fedora-gcc 0.3.5 57.06 NOTE
r-devel-osx-x86_64-clang 0.3.5 59.14 NOTE
r-devel-windows-ix86+x86_64 0.3.5 8.00 40.00 48.00 NOTE
r-patched-linux-x86_64 0.3.5 2.20 27.36 29.56 NOTE
r-patched-solaris-sparc 0.3.5 338.20 NOTE
r-patched-solaris-x86 0.3.5 80.30 NOTE
r-release-linux-ix86 0.3.5 2.66 34.02 36.68 NOTE
r-release-linux-x86_64 0.3.5 2.21 26.99 29.20 NOTE
r-release-osx-x86_64-mavericks 0.3.5 OK
r-release-osx-x86_64-snowleopard 0.3.5 OK
r-release-windows-ix86+x86_64 0.3.5 9.00 46.00 55.00 NOTE
r-oldrel-windows-ix86+x86_64 0.3.5 9.00 46.00 55.00 OK

Check Details

Version: 0.3.5
Check: R code for possible problems
Result: NOTE
    bef.get.categories_for: no visible binding for global variable ‘id’
    bef.portal.get.categories_for: no visible binding for global variable
     ‘id’
Flavors: r-devel-linux-x86_64-debian-clang, r-devel-linux-x86_64-debian-gcc, r-devel-linux-x86_64-fedora-clang, r-devel-linux-x86_64-fedora-gcc, r-devel-osx-x86_64-clang, r-devel-windows-ix86+x86_64, r-patched-linux-x86_64, r-patched-solaris-sparc, r-patched-solaris-x86, r-release-linux-ix86, r-release-linux-x86_64, r-release-windows-ix86+x86_64