CRAN Package Check Results for Package rbefdata

Last updated on 2014-04-23 12:48:25.

Flavor Version Tinstall Tcheck Ttotal Status Flags
r-devel-linux-x86_64-debian-clang 0.3.5 2.38 28.68 31.06 OK
r-devel-linux-x86_64-debian-gcc 0.3.5 2.58 28.86 31.44 OK
r-devel-linux-x86_64-fedora-clang 0.3.5 60.02 OK
r-devel-linux-x86_64-fedora-gcc 0.3.5 57.43 OK
r-devel-osx-x86_64-clang 0.3.5 57.93 OK
r-devel-osx-x86_64-gcc 0.3.5 ERROR
r-devel-windows-ix86+x86_64 0.3.5 6.00 44.00 50.00 OK
r-patched-linux-x86_64 0.3.5 2.27 28.27 30.54 OK
r-patched-solaris-sparc 0.3.5 343.10 OK
r-patched-solaris-x86 0.3.5 78.40 OK
r-release-linux-ix86 0.3.5 4.00 50.00 54.00 OK
r-release-linux-x86_64 0.3.5 2.50 28.57 31.07 OK
r-release-osx-x86_64-mavericks 0.3.5 WARN
r-release-osx-x86_64-snowleopard 0.3.5 OK
r-release-windows-ix86+x86_64 0.3.5 9.00 41.00 50.00 OK
r-oldrel-windows-ix86+x86_64 0.3.5 8.00 52.00 60.00 OK

Check Details

Version: 0.3.5
Check: package dependencies
Result: ERROR
    Packages required but not available: ‘XML’ ‘rtematres’
    
    Package suggested but not available for checking: ‘ggplot2’
    
    See the information on DESCRIPTION files in the chapter ‘Creating R
    packages’ of the ‘Writing R Extensions’ manual.
Flavor: r-devel-osx-x86_64-gcc

Version: 0.3.5
Check: PDF version of manual
Result: WARNING
    LaTeX errors when creating PDF version.
    This typically indicates Rd problems.
    LaTeX errors found:
    ! LaTeX Error: File `upquote.sty' not found.
    
    Type X to quit or <RETURN> to proceed,
    or enter new name. (Default extension: sty)
    
    7c04aa81/Rd2.tex:8: ==> Fatal error occurred, no output PDF file produced!
Flavor: r-release-osx-x86_64-mavericks