CRAN Package Check Results for Package rbefdata

Last updated on 2016-12-04 23:48:12.

Flavor Version Tinstall Tcheck Ttotal Status Flags
r-devel-linux-x86_64-debian-clang 0.3.5 1.44 21.98 23.42 NOTE
r-devel-linux-x86_64-debian-gcc 0.3.5 1.47 21.26 22.73 NOTE
r-devel-linux-x86_64-fedora-clang 0.3.5 45.15 NOTE --no-stop-on-test-error
r-devel-linux-x86_64-fedora-gcc 0.3.5 43.53 NOTE --no-stop-on-test-error
r-devel-macos-x86_64-clang 0.3.5 36.93 NOTE
r-devel-windows-ix86+x86_64 0.3.5 5.00 41.00 46.00 NOTE
r-patched-linux-x86_64 0.3.5 1.35 19.81 21.16 NOTE
r-patched-solaris-sparc 0.3.5 243.00 NOTE
r-patched-solaris-x86 0.3.5 52.90 NOTE
r-release-linux-x86_64 0.3.5 1.54 20.10 21.64 NOTE
r-release-osx-x86_64-mavericks 0.3.5 NOTE
r-release-windows-ix86+x86_64 0.3.5 6.00 57.00 63.00 NOTE
r-oldrel-windows-ix86+x86_64 0.3.5 5.00 43.00 48.00 NOTE

Check Details

Version: 0.3.5
Check: R code for possible problems
Result: NOTE
    bef.get.attachments: no visible global function definition for
     ‘read.csv’
    bef.get.attachments: no visible global function definition for
     ‘flush.console’
    bef.get.attachments_for: no visible global function definition for
     ‘read.csv’
    bef.get.attachments_for: no visible global function definition for
     ‘flush.console’
    bef.get.categories_for: no visible binding for global variable ‘id’
    bef.get.categories_for: no visible global function definition for
     ‘read.csv’
    bef.get.dataset: no visible global function definition for ‘read.csv’
    bef.get.dataset_by: no visible global function definition for
     ‘read.csv’
    bef.get.datasets.for_keyword : <anonymous>: no visible global function
     definition for ‘read.csv’
    bef.get.datasets.for_proposal: no visible global function definition
     for ‘read.csv’
    bef.goto.dataset_page: no visible global function definition for
     ‘browseURL’
    bef.goto.proposal_page: no visible global function definition for
     ‘browseURL’
    bef.portal.get.attachments: no visible global function definition for
     ‘read.csv’
    bef.portal.get.attachments: no visible global function definition for
     ‘flush.console’
    bef.portal.get.attachments_for: no visible global function definition
     for ‘read.csv’
    bef.portal.get.attachments_for: no visible global function definition
     for ‘flush.console’
    bef.portal.get.categories_for: no visible binding for global variable
     ‘id’
    bef.portal.get.categories_for: no visible global function definition
     for ‘read.csv’
    bef.portal.get.dataset: no visible global function definition for
     ‘read.csv’
    bef.portal.get.dataset_by: no visible global function definition for
     ‘read.csv’
    bef.portal.get.datasets.for_keyword : <anonymous>: no visible global
     function definition for ‘read.csv’
    bef.portal.get.datasets.for_proposal: no visible global function
     definition for ‘read.csv’
    upload_file: no visible global function definition for ‘write.csv’
    Undefined global functions or variables:
     browseURL flush.console id read.csv write.csv
    Consider adding
     importFrom("utils", "browseURL", "flush.console", "read.csv",
     "write.csv")
    to your NAMESPACE file.
Flavors: r-devel-linux-x86_64-debian-clang, r-devel-linux-x86_64-debian-gcc, r-devel-macos-x86_64-clang, r-devel-windows-ix86+x86_64, r-patched-linux-x86_64, r-patched-solaris-sparc, r-patched-solaris-x86, r-release-linux-x86_64, r-release-osx-x86_64-mavericks, r-release-windows-ix86+x86_64

Version: 0.3.5
Flags: --no-stop-on-test-error
Check: R code for possible problems
Result: NOTE
    bef.get.attachments: no visible global function definition for
     ‘read.csv’
    bef.get.attachments: no visible global function definition for
     ‘flush.console’
    bef.get.attachments_for: no visible global function definition for
     ‘read.csv’
    bef.get.attachments_for: no visible global function definition for
     ‘flush.console’
    bef.get.categories_for: no visible binding for global variable ‘id’
    bef.get.categories_for: no visible global function definition for
     ‘read.csv’
    bef.get.dataset: no visible global function definition for ‘read.csv’
    bef.get.dataset_by: no visible global function definition for
     ‘read.csv’
    bef.get.datasets.for_keyword : <anonymous>: no visible global function
     definition for ‘read.csv’
    bef.get.datasets.for_proposal: no visible global function definition
     for ‘read.csv’
    bef.goto.dataset_page: no visible global function definition for
     ‘browseURL’
    bef.goto.proposal_page: no visible global function definition for
     ‘browseURL’
    bef.portal.get.attachments: no visible global function definition for
     ‘read.csv’
    bef.portal.get.attachments: no visible global function definition for
     ‘flush.console’
    bef.portal.get.attachments_for: no visible global function definition
     for ‘read.csv’
    bef.portal.get.attachments_for: no visible global function definition
     for ‘flush.console’
    bef.portal.get.categories_for: no visible binding for global variable
     ‘id’
    bef.portal.get.categories_for: no visible global function definition
     for ‘read.csv’
    bef.portal.get.dataset: no visible global function definition for
     ‘read.csv’
    bef.portal.get.dataset_by: no visible global function definition for
     ‘read.csv’
    bef.portal.get.datasets.for_keyword : <anonymous>: no visible global
     function definition for ‘read.csv’
    bef.portal.get.datasets.for_proposal: no visible global function
     definition for ‘read.csv’
    upload_file: no visible global function definition for ‘write.csv’
    Undefined global functions or variables:
     browseURL flush.console id read.csv write.csv
    Consider adding
     importFrom("utils", "browseURL", "flush.console", "read.csv",
     "write.csv")
    to your NAMESPACE file.
Flavors: r-devel-linux-x86_64-fedora-clang, r-devel-linux-x86_64-fedora-gcc

Version: 0.3.5
Check: R code for possible problems
Result: NOTE
    bef.get.categories_for: no visible binding for global variable 'id'
    bef.portal.get.categories_for: no visible binding for global variable
     'id'
Flavor: r-oldrel-windows-ix86+x86_64