CRAN Package Check Results for Package rbiouml

Last updated on 2014-04-25 09:52:21.

Flavor Version Tinstall Tcheck Ttotal Status Flags
r-devel-linux-x86_64-debian-clang 1.4 1.29 26.32 27.61 OK
r-devel-linux-x86_64-debian-gcc 1.4 1.20 25.69 26.89 OK
r-devel-linux-x86_64-fedora-clang 1.4 38.14 OK
r-devel-linux-x86_64-fedora-gcc 1.4 37.41 OK
r-devel-osx-x86_64-clang 1.4 43.83 OK
r-devel-osx-x86_64-gcc 1.4 OK
r-devel-windows-ix86+x86_64 1.4 4.00 37.00 41.00 OK
r-patched-linux-x86_64 1.4 1.25 29.40 30.65 OK
r-patched-solaris-sparc 1.4 214.40 OK
r-patched-solaris-x86 1.4 52.00 OK
r-release-linux-ix86 1.4 2.00 85.00 87.00 OK
r-release-linux-x86_64 1.4 1.21 60.32 61.53 OK
r-release-osx-x86_64-mavericks 1.4 WARN
r-release-osx-x86_64-snowleopard 1.4 OK
r-release-windows-ix86+x86_64 1.4 7.00 47.00 54.00 OK
r-oldrel-windows-ix86+x86_64 1.4 4.00 58.00 62.00 OK

Check Details

Version: 1.4
Check: PDF version of manual
Result: WARNING
    LaTeX errors when creating PDF version.
    This typically indicates Rd problems.
    LaTeX errors found:
    ! LaTeX Error: File `upquote.sty' not found.
    
    Type X to quit or <RETURN> to proceed,
    or enter new name. (Default extension: sty)
    
    16f06de9/Rd2.tex:8: ==> Fatal error occurred, no output PDF file produced!
Flavor: r-release-osx-x86_64-mavericks