CRAN Package Check Results for Package rbiouml

Last updated on 2016-12-06 16:50:59.

Flavor Version Tinstall Tcheck Ttotal Status Flags
r-devel-linux-x86_64-debian-clang 1.7 1.00 28.69 29.69 OK
r-devel-linux-x86_64-debian-gcc 1.7 0.99 28.02 29.02 OK
r-devel-linux-x86_64-fedora-clang 1.7 33.95 OK --no-stop-on-test-error
r-devel-linux-x86_64-fedora-gcc 1.7 32.63 OK --no-stop-on-test-error
r-devel-macos-x86_64-clang 1.7 28.88 OK
r-devel-windows-ix86+x86_64 1.7 6.00 51.00 57.00 OK
r-patched-linux-x86_64 1.7 0.93 25.76 26.69 OK
r-patched-solaris-sparc 1.7 163.00 OK
r-patched-solaris-x86 1.7 39.30 OK
r-release-linux-x86_64 1.7 1.05 25.72 26.77 OK
r-release-osx-x86_64-mavericks 1.7 OK
r-release-windows-ix86+x86_64 1.7 9.00 61.00 70.00 OK
r-oldrel-windows-ix86+x86_64 1.7 9.00 112.00 121.00 ERROR

Check Details

Version: 1.7
Check: running R code from vignettes
Result: ERROR
    Errors in running code in vignettes:
    when running code in 'rbiouml.Rnw'
     ...
    > library(rbiouml)
    Loading required package: RCurl
    Loading required package: bitops
    Loading required package: RJSONIO
    
    > biouml.login("ie.biouml.org")
    
     When sourcing 'rbiouml.R':
    Error: Failed to connect to ie.biouml.org port 80: Timed out
    Execution halted
Flavor: r-oldrel-windows-ix86+x86_64

Version: 1.7
Check: re-building of vignette outputs
Result: NOTE
    Error in re-building vignettes:
     ...
    Loading required package: RCurl
    Loading required package: bitops
    Loading required package: RJSONIO
    
    Error: processing vignette 'rbiouml.Rnw' failed with diagnostics:
     chunk 1
    Error in function (type, msg, asError = TRUE) :
     Failed to connect to ie.biouml.org port 80: Timed out
    Execution halted
Flavor: r-oldrel-windows-ix86+x86_64