CRAN Package Check Results for Package rbiouml

Last updated on 2018-04-24 17:49:25 CEST.

Flavor Version Tinstall Tcheck Ttotal Status Flags
r-devel-linux-x86_64-debian-clang 1.8 1.81 24.61 26.42 WARN
r-devel-linux-x86_64-debian-gcc 1.8 1.41 19.99 21.40 WARN
r-devel-linux-x86_64-fedora-clang 1.8 31.07 WARN
r-devel-linux-x86_64-fedora-gcc 1.8 30.26 WARN
r-devel-windows-ix86+x86_64 1.8 5.00 43.00 48.00 WARN
r-patched-linux-x86_64 1.8 1.77 24.68 26.45 WARN
r-patched-solaris-x86 1.8 45.60 WARN
r-release-linux-x86_64 1.8 1.79 24.04 25.83 WARN
r-release-windows-ix86+x86_64 1.8 5.00 43.00 48.00 WARN
r-release-osx-x86_64 1.8 OK
r-oldrel-windows-ix86+x86_64 1.8 6.00 74.00 80.00 OK
r-oldrel-osx-x86_64 1.8 OK

Check Details

Version: 1.8
Check: re-building of vignette outputs
Result: WARN
    Error in re-building vignettes:
     ...
    Loading required package: RCurl
    Loading required package: bitops
    Loading required package: RJSONIO
    Warning in postForm(url, .params = params, .opts = opts, binary = binary) :
     No inputs passed to form
    
    Error: processing vignette ‘rbiouml.Rnw’ failed with diagnostics:
     chunk 8
    Error in queryJSON("/web/analysis", params = c(jobID = jobID, de = analysisName, :
     Internal server error: java.lang.NullPointerException
    Execution halted
Flavors: r-devel-linux-x86_64-debian-clang, r-devel-linux-x86_64-debian-gcc, r-devel-linux-x86_64-fedora-clang, r-devel-linux-x86_64-fedora-gcc, r-devel-windows-ix86+x86_64, r-patched-linux-x86_64, r-patched-solaris-x86, r-release-linux-x86_64, r-release-windows-ix86+x86_64