CRAN Package Check Results for Package rbiouml

Last updated on 2015-04-02 08:49:39.

Flavor Version Tinstall Tcheck Ttotal Status Flags
r-devel-linux-x86_64-debian-clang 1.5 0.98 269.99 270.97 ERROR
r-devel-linux-x86_64-debian-gcc 1.5 1.02 269.66 270.69 ERROR
r-devel-linux-x86_64-fedora-clang 1.5 17.42 ERROR
r-devel-linux-x86_64-fedora-gcc 1.5 16.37 ERROR
r-devel-osx-x86_64-clang 1.5 181.32 ERROR
r-prerel-windows-ix86+x86_64 1.5 4.00 68.00 72.00 ERROR
r-prerel-linux-x86_64 1.5 0.97 270.08 271.05 ERROR
r-prerel-solaris-sparc 1.5 152.40 ERROR
r-prerel-solaris-x86 1.5 40.70 ERROR
r-release-linux-x86_64 1.5 1.24 145.09 146.33 ERROR
r-release-osx-x86_64-mavericks 1.5 OK
r-release-osx-x86_64-snowleopard 1.5 OK
r-release-windows-ix86+x86_64 1.5 5.00 44.00 49.00 OK
r-oldrel-windows-ix86+x86_64 1.5 5.00 44.00 49.00 OK

Check Details

Version: 1.5
Check: running R code from vignettes
Result: ERROR
    Errors in running code in vignettes:
    when running code in ‘rbiouml.Rnw’
     ...
    > library(rbiouml)
    Loading required package: RCurl
    Loading required package: bitops
    Loading required package: RJSONIO
    
    > biouml.login("ie.biouml.org")
    
     When sourcing ‘rbiouml.R’:
    Error: Failed to connect to ie.biouml.org port 80: Connection timed out
    Execution halted
Flavors: r-devel-linux-x86_64-debian-clang, r-devel-linux-x86_64-debian-gcc, r-devel-linux-x86_64-fedora-clang, r-devel-linux-x86_64-fedora-gcc, r-prerel-linux-x86_64, r-prerel-solaris-sparc, r-prerel-solaris-x86, r-release-linux-x86_64

Version: 1.5
Check: re-building of vignette outputs
Result: NOTE
    Error in re-building vignettes:
     ...
    Loading required package: RCurl
    Loading required package: bitops
    Loading required package: RJSONIO
    
    Error: processing vignette ‘rbiouml.Rnw’ failed with diagnostics:
     chunk 1
    Error in function (type, msg, asError = TRUE) :
     Failed to connect to ie.biouml.org port 80: Connection timed out
    Execution halted
Flavors: r-devel-linux-x86_64-debian-clang, r-devel-linux-x86_64-debian-gcc, r-devel-linux-x86_64-fedora-clang, r-devel-linux-x86_64-fedora-gcc, r-prerel-linux-x86_64, r-prerel-solaris-sparc, r-prerel-solaris-x86

Version: 1.5
Check: running R code from vignettes
Result: ERROR
    Errors in running code in vignettes:
    when running code in ‘rbiouml.Rnw’
     ...
    > library(rbiouml)
    Loading required package: RCurl
    Loading required package: bitops
    Loading required package: RJSONIO
    
    > biouml.login("ie.biouml.org")
    
     When sourcing ‘rbiouml.R’:
    Error: Failed to connect to ie.biouml.org port 80: Operation timed out
    Execution halted
Flavor: r-devel-osx-x86_64-clang

Version: 1.5
Check: re-building of vignette outputs
Result: NOTE
    Error in re-building vignettes:
     ...
    Loading required package: RCurl
    Loading required package: bitops
    Loading required package: RJSONIO
    
    Error: processing vignette 'rbiouml.Rnw' failed with diagnostics:
     chunk 1
    Error in function (type, msg, asError = TRUE) :
     Failed to connect to ie.biouml.org port 80: Operation timed out
    Execution halted
Flavor: r-devel-osx-x86_64-clang

Version: 1.5
Check: running R code from vignettes
Result: ERROR
    Errors in running code in vignettes:
    when running code in 'rbiouml.Rnw'
     ...
    > library(rbiouml)
    Loading required package: RCurl
    Loading required package: bitops
    Loading required package: RJSONIO
    
    > biouml.login("ie.biouml.org")
    
     When sourcing 'rbiouml.R':
    Error: Failed to connect to ie.biouml.org port 80: Timed out
    Execution halted
Flavor: r-prerel-windows-ix86+x86_64

Version: 1.5
Check: re-building of vignette outputs
Result: NOTE
    Error in re-building vignettes:
     ...
    Loading required package: RCurl
    Loading required package: bitops
    Loading required package: RJSONIO
    
    Error: processing vignette 'rbiouml.Rnw' failed with diagnostics:
     chunk 1
    Error in function (type, msg, asError = TRUE) :
     Failed to connect to ie.biouml.org port 80: Timed out
    Execution halted
Flavor: r-prerel-windows-ix86+x86_64