CRAN Package Check Results for Package rbiouml

Last updated on 2016-07-27 19:50:35.

Flavor Version Tinstall Tcheck Ttotal Status Flags
r-devel-linux-x86_64-debian-clang 1.7 1.33 28.00 29.33 OK
r-devel-linux-x86_64-debian-gcc 1.7 1.42 26.97 28.39 OK
r-devel-linux-x86_64-fedora-clang 1.7 16.43 WARN
r-devel-linux-x86_64-fedora-gcc 1.7 14.96 OK
r-devel-osx-x86_64-clang 1.7 12.81 WARN
r-devel-windows-ix86+x86_64 1.7 3.00 51.00 54.00 OK
r-patched-linux-x86_64 1.7 3.20 28.04 31.24 OK
r-patched-solaris-sparc 1.7 172.60 OK
r-patched-solaris-x86 1.7 39.80 OK
r-release-linux-x86_64 1.7 1.20 28.79 29.99 OK
r-release-osx-x86_64-mavericks 1.7 OK
r-release-windows-ix86+x86_64 1.7 4.00 66.00 70.00 OK
r-oldrel-windows-ix86+x86_64 1.7 4.00 55.00 59.00 OK

Check Details

Version: 1.7
Check: re-building of vignette outputs
Result: WARN
    Error in re-building vignettes:
     ...
    Loading required package: RCurl
    Loading required package: bitops
    Loading required package: RJSONIO
    
    Error: processing vignette 'rbiouml.Rnw' failed with diagnostics:
     chunk 1
    Error in file(con, "r") : cannot open the connection
    Execution halted
Flavors: r-devel-linux-x86_64-fedora-clang, r-devel-osx-x86_64-clang