CRAN Package Check Results for Package rbiouml

Last updated on 2018-06-24 09:49:16 CEST.

Flavor Version Tinstall Tcheck Ttotal Status Flags
r-devel-linux-x86_64-debian-clang 1.8 1.81 27.28 29.09 WARN
r-devel-linux-x86_64-debian-gcc 1.8 1.40 23.28 24.68 OK
r-devel-linux-x86_64-fedora-clang 1.8 37.15 OK
r-devel-linux-x86_64-fedora-gcc 1.8 35.13 OK
r-devel-windows-ix86+x86_64 1.8 5.00 64.00 69.00 OK
r-patched-linux-x86_64 1.8 1.76 26.62 28.38 OK
r-patched-solaris-x86 1.8 53.90 OK
r-release-linux-x86_64 1.8 1.75 26.51 28.26 OK
r-release-windows-ix86+x86_64 1.8 5.00 43.00 48.00 WARN
r-release-osx-x86_64 1.8 ERROR
r-oldrel-windows-ix86+x86_64 1.8 6.00 74.00 80.00 OK
r-oldrel-osx-x86_64 1.8 OK

Check Details

Version: 1.8
Check: re-building of vignette outputs
Result: WARN
    Error in re-building vignettes:
     ...
    Loading required package: RCurl
    Loading required package: bitops
    Loading required package: RJSONIO
    Warning in postForm(url, .params = params, .opts = opts, binary = binary) :
     No inputs passed to form
    
    Error: processing vignette ‘rbiouml.Rnw’ failed with diagnostics:
     chunk 8
    Error : Gateway Time-out
    
    Execution halted
Flavor: r-devel-linux-x86_64-debian-clang

Version: 1.8
Check: re-building of vignette outputs
Result: WARN
    Error in re-building vignettes:
     ...
    Loading required package: RCurl
    Loading required package: bitops
    Loading required package: RJSONIO
    Warning in postForm(url, .params = params, .opts = opts, binary = binary) :
     No inputs passed to form
    
    Error: processing vignette 'rbiouml.Rnw' failed with diagnostics:
     chunk 8
    Error in queryJSON("/web/analysis", params = c(jobID = jobID, de = analysisName, :
     Internal server error: java.lang.NullPointerException
    Execution halted
Flavor: r-release-windows-ix86+x86_64

Version: 1.8
Check: running R code from vignettes
Result: ERROR
    Errors in running code in vignettes:
    when running code in ‘rbiouml.Rnw’
     ...
    filterExpression Expression in JavaScript like 'ColumnName1 > 5 && ColumnName2 < 0'
    filteringMode Which rows to select
    outputPath Path to the filtered table
    
    > biouml.analysis("Filter table", list(inputPath = "data/Examples/Optimization/Data/Experiments/exp_data_1",
    + filterExpression = "time < 40", ou .... [TRUNCATED]
    
     When sourcing ‘rbiouml.R’:
    Error: Internal server error: java.lang.NullPointerException
    Execution halted
Flavor: r-release-osx-x86_64

Version: 1.8
Check: re-building of vignette outputs
Result: NOTE
    Error in re-building vignettes:
     ...
    Loading required package: RCurl
    Loading required package: bitops
    Loading required package: RJSONIO
    Warning in postForm(url, .params = params, .opts = opts, binary = binary) :
     No inputs passed to form
    
    Error: processing vignette 'rbiouml.Rnw' failed with diagnostics:
     chunk 8
    Error in queryJSON("/web/analysis", params = c(jobID = jobID, de = analysisName, :
     Internal server error: java.lang.NullPointerException
    Execution halted
Flavor: r-release-osx-x86_64