CRAN Package Check Results for Package rbison

Last updated on 2015-05-25 19:47:19.

Flavor Version Tinstall Tcheck Ttotal Status Flags
r-devel-linux-x86_64-debian-clang 0.4.5 2.52 25.32 27.84 NOTE
r-devel-linux-x86_64-debian-gcc 0.4.5 1.99 24.55 26.54 NOTE
r-devel-linux-x86_64-fedora-clang 0.4.5 55.53 NOTE
r-devel-linux-x86_64-fedora-gcc 0.4.5 52.41 NOTE
r-devel-osx-x86_64-clang 0.4.5 51.94 NOTE
r-devel-windows-ix86+x86_64 0.4.5 9.00 44.00 53.00 NOTE
r-patched-linux-x86_64 0.4.5 2.01 25.02 27.03 NOTE
r-patched-solaris-sparc 0.4.5 353.70 NOTE
r-patched-solaris-x86 0.4.5 83.00 NOTE
r-release-linux-x86_64 0.4.5 1.98 25.40 27.38 OK
r-release-osx-x86_64-mavericks 0.4.5 NOTE
r-release-osx-x86_64-snowleopard 0.4.5 ERROR
r-release-windows-ix86+x86_64 0.4.5 7.00 44.00 51.00 OK
r-oldrel-windows-ix86+x86_64 0.4.5 15.00 84.00 99.00 OK

Check Details

Version: 0.4.5
Check: files in ‘vignettes’
Result: NOTE
    The following directory looks like a leftover from 'knitr':
     ‘figure’
    Please remove from your package.
Flavors: r-devel-linux-x86_64-debian-clang, r-devel-linux-x86_64-debian-gcc, r-devel-linux-x86_64-fedora-clang, r-devel-linux-x86_64-fedora-gcc, r-devel-osx-x86_64-clang, r-devel-windows-ix86+x86_64, r-patched-linux-x86_64, r-patched-solaris-sparc, r-patched-solaris-x86

Version: 0.4.5
Check: package dependencies
Result: NOTE
    Package suggested but not available for checking: ‘taxize’
Flavor: r-release-osx-x86_64-mavericks

Version: 0.4.5
Check: package dependencies
Result: ERROR
    Packages required but not available: ‘ggplot2’ ‘gridExtra’ ‘dplyr’
    
    Packages suggested but not available for checking: ‘knitr’ ‘taxize’
    
    VignetteBuilder package required for checking but not installed: ‘knitr’
    
    See section ‘The DESCRIPTION file’ in the ‘Writing R Extensions’
    manual.
Flavor: r-release-osx-x86_64-snowleopard