CRAN Package Check Results for Package rbison

Last updated on 2014-08-23 11:50:53.

Flavor Version Tinstall Tcheck Ttotal Status Flags
r-devel-linux-x86_64-debian-clang 0.3.2 2.82 33.17 35.99 NOTE
r-devel-linux-x86_64-debian-gcc 0.3.2 3.14 32.09 35.23 NOTE
r-devel-linux-x86_64-fedora-clang 0.3.2 75.88 NOTE
r-devel-linux-x86_64-fedora-gcc 0.3.2 70.30 NOTE
r-devel-osx-x86_64-clang 0.3.2 62.70 NOTE
r-devel-windows-ix86+x86_64 0.3.2 10.00 60.00 70.00 OK
r-patched-linux-x86_64 0.3.2 3.08 34.10 37.17 OK
r-patched-solaris-sparc 0.3.2 432.80 OK
r-patched-solaris-x86 0.3.2 102.10 OK
r-release-linux-ix86 0.3.2 3.58 44.42 48.00 OK
r-release-linux-x86_64 0.3.2 2.92 34.76 37.67 OK
r-release-osx-x86_64-mavericks 0.3.2 OK
r-release-osx-x86_64-snowleopard 0.3.2 OK
r-release-windows-ix86+x86_64 0.3.2 11.00 62.00 73.00 OK
r-oldrel-windows-ix86+x86_64 0.3.2 11.00 67.00 78.00 OK

Check Details

Version: 0.3.2
Check: R code for possible problems
Result: NOTE
    bison: no visible binding for global variable ‘fips’
    bison_map_maker: no visible binding for global variable ‘all_states’
Flavors: r-devel-linux-x86_64-debian-clang, r-devel-linux-x86_64-debian-gcc, r-devel-linux-x86_64-fedora-clang, r-devel-linux-x86_64-fedora-gcc, r-devel-osx-x86_64-clang