CRAN Package Check Results for Package rbison

Last updated on 2014-09-02 03:49:46.

Flavor Version Tinstall Tcheck Ttotal Status Flags
r-devel-linux-x86_64-debian-clang 0.3.2 2.80 32.86 35.66 NOTE
r-devel-linux-x86_64-debian-gcc 0.3.2 2.78 31.86 34.64 NOTE
r-devel-linux-x86_64-fedora-clang 0.3.2 77.14 NOTE
r-devel-linux-x86_64-fedora-gcc 0.3.2 71.42 NOTE
r-devel-osx-x86_64-clang 0.3.2 63.63 NOTE
r-devel-windows-ix86+x86_64 0.3.2 12.00 60.00 72.00 NOTE
r-patched-linux-x86_64 0.3.2 3.09 33.97 37.06 OK
r-patched-solaris-sparc 0.3.2 432.80 OK
r-patched-solaris-x86 0.3.2 102.10 OK
r-release-linux-ix86 0.3.2 3.56 44.55 48.10 OK
r-release-linux-x86_64 0.3.2 4.04 34.73 38.77 OK
r-release-osx-x86_64-mavericks 0.3.2 OK
r-release-osx-x86_64-snowleopard 0.3.2 OK
r-release-windows-ix86+x86_64 0.3.2 11.00 59.00 70.00 OK
r-oldrel-windows-ix86+x86_64 0.3.2 12.00 66.00 78.00 OK

Check Details

Version: 0.3.2
Check: R code for possible problems
Result: NOTE
    bison: no visible binding for global variable ‘fips’
    bison_map_maker: no visible binding for global variable ‘all_states’
Flavors: r-devel-linux-x86_64-debian-clang, r-devel-linux-x86_64-debian-gcc, r-devel-linux-x86_64-fedora-clang, r-devel-linux-x86_64-fedora-gcc, r-devel-osx-x86_64-clang, r-devel-windows-ix86+x86_64