CRAN Package Check Results for Package rbison

Last updated on 2015-07-02 17:47:37.

Flavor Version Tinstall Tcheck Ttotal Status Flags
r-devel-linux-x86_64-debian-clang 0.4.5 1.98 25.24 27.22 NOTE
r-devel-linux-x86_64-debian-gcc 0.4.5 2.00 25.05 27.05 NOTE
r-devel-linux-x86_64-fedora-clang 0.4.8 54.71 NOTE
r-devel-linux-x86_64-fedora-gcc 0.4.8 52.67 OK
r-devel-osx-x86_64-clang 0.4.8 48.09 OK
r-devel-windows-ix86+x86_64 0.4.8 8.00 42.00 50.00 OK
r-patched-linux-x86_64 0.4.8 2.07 25.28 27.35 OK
r-patched-solaris-sparc 0.4.8 345.10 OK
r-patched-solaris-x86 0.4.8 67.10 OK
r-release-linux-x86_64 0.4.5 2.13 24.81 26.94 NOTE
r-release-osx-x86_64-mavericks 0.4.8 OK
r-release-windows-ix86+x86_64 0.4.5 8.00 49.00 57.00 NOTE
r-oldrel-windows-ix86+x86_64 0.4.5 18.00 84.00 102.00 OK

Check Details

Version: 0.4.5
Check: R code for possible problems
Result: NOTE
    bison_map_maker: no visible global function definition for ‘is’
    bison_map_maker: no visible global function definition for
     ‘complete.cases’
    solr_parse_search : <anonymous> : <anonymous>: no visible global
     function definition for ‘is’
Flavors: r-devel-linux-x86_64-debian-clang, r-devel-linux-x86_64-debian-gcc

Version: 0.4.5
Check: files in ‘vignettes’
Result: NOTE
    The following directory looks like a leftover from 'knitr':
     ‘figure’
    Please remove from your package.
Flavors: r-devel-linux-x86_64-debian-clang, r-devel-linux-x86_64-debian-gcc, r-devel-linux-x86_64-fedora-clang, r-release-linux-x86_64, r-release-windows-ix86+x86_64

Version: 0.4.5
Check: R code for possible problems
Result: NOTE
    bison_map_maker: no visible global function definition for ‘is’
    bison_map_maker: no visible global function definition for
     ‘complete.cases’
    solr_parse_search : <anonymous> : <anonymous>: no visible global
     function definition for ‘is’
    Undefined global functions or variables:
     complete.cases is
Flavor: r-devel-linux-x86_64-fedora-clang