CRAN Package Check Results for Package rbounds

Last updated on 2021-03-04 07:53:02 CET.

Flavor Version Tinstall Tcheck Ttotal Status Flags
r-devel-linux-x86_64-debian-clang 2.1 2.63 34.60 37.23 NOTE
r-devel-linux-x86_64-debian-gcc 2.1 2.09 26.73 28.82 NOTE
r-devel-linux-x86_64-fedora-clang 2.1 54.72 NOTE
r-devel-linux-x86_64-fedora-gcc 2.1 46.89 NOTE
r-devel-windows-ix86+x86_64 2.1 6.00 44.00 50.00 NOTE
r-patched-linux-x86_64 2.1 2.29 33.85 36.14 NOTE
r-patched-solaris-x86 2.1 67.80 NOTE
r-release-linux-x86_64 2.1 2.86 33.38 36.24 NOTE
r-release-macos-x86_64 2.1 NOTE
r-release-windows-ix86+x86_64 2.1 5.00 49.00 54.00 NOTE
r-oldrel-macos-x86_64 2.1 NOTE
r-oldrel-windows-ix86+x86_64 2.1 38.00 52.00 90.00 NOTE

Check Details

Version: 2.1
Check: DESCRIPTION meta-information
Result: NOTE
    Malformed Title field: should not end in a period.
Flavors: r-devel-linux-x86_64-debian-clang, r-devel-linux-x86_64-debian-gcc, r-devel-linux-x86_64-fedora-clang, r-devel-linux-x86_64-fedora-gcc, r-devel-windows-ix86+x86_64, r-patched-linux-x86_64, r-patched-solaris-x86, r-release-linux-x86_64, r-release-macos-x86_64, r-release-windows-ix86+x86_64, r-oldrel-macos-x86_64, r-oldrel-windows-ix86+x86_64

Version: 2.1
Check: R code for possible problems
Result: NOTE
    SumTestSens: no visible global function definition for 'pnorm'
    binarysens: no visible global function definition for 'dbinom'
    hlsens: no visible global function definition for 'wilcox.test'
    iv_sens: no visible global function definition for 'pnorm'
    mcontrol: no visible global function definition for 'pnorm'
    psens: no visible global function definition for 'pnorm'
    Undefined global functions or variables:
     dbinom pnorm wilcox.test
    Consider adding
     importFrom("stats", "dbinom", "pnorm", "wilcox.test")
    to your NAMESPACE file.
Flavors: r-devel-linux-x86_64-debian-clang, r-devel-linux-x86_64-debian-gcc, r-devel-linux-x86_64-fedora-clang, r-devel-linux-x86_64-fedora-gcc, r-devel-windows-ix86+x86_64, r-patched-linux-x86_64, r-patched-solaris-x86, r-release-linux-x86_64, r-release-macos-x86_64, r-release-windows-ix86+x86_64, r-oldrel-macos-x86_64, r-oldrel-windows-ix86+x86_64