CRAN Package Check Results for Package rbounds

Last updated on 2015-03-31 03:48:39.

Flavor Version Tinstall Tcheck Ttotal Status Flags
r-devel-linux-x86_64-debian-clang 2.1 0.64 18.09 18.74 NOTE
r-devel-linux-x86_64-debian-gcc 2.1 0.62 18.14 18.76 NOTE
r-devel-linux-x86_64-fedora-clang 2.1 38.65 NOTE
r-devel-linux-x86_64-fedora-gcc 2.1 37.61 NOTE
r-devel-osx-x86_64-clang 2.1 37.07 NOTE
r-prerel-windows-ix86+x86_64 2.1 3.00 30.00 33.00 NOTE
r-prerel-linux-x86_64 2.1 0.63 18.28 18.91 NOTE
r-prerel-solaris-sparc 2.1 260.50 NOTE
r-prerel-solaris-x86 2.1 52.00 NOTE
r-release-linux-x86_64 2.1 0.87 21.00 21.87 OK
r-release-osx-x86_64-mavericks 2.1 OK
r-release-osx-x86_64-snowleopard 2.1 OK
r-release-windows-ix86+x86_64 2.1 3.00 32.00 35.00 OK
r-oldrel-windows-ix86+x86_64 2.1 3.00 57.00 60.00 OK

Check Details

Version: 2.1
Check: DESCRIPTION meta-information
Result: NOTE
    Malformed Title field: should not end in a period.
Flavors: r-devel-linux-x86_64-debian-clang, r-devel-linux-x86_64-debian-gcc, r-devel-linux-x86_64-fedora-clang, r-devel-linux-x86_64-fedora-gcc, r-devel-osx-x86_64-clang, r-prerel-windows-ix86+x86_64, r-prerel-linux-x86_64, r-prerel-solaris-sparc, r-prerel-solaris-x86