CRAN Package Check Results for Package rbounds

Last updated on 2015-09-01 12:48:26.

Flavor Version Tinstall Tcheck Ttotal Status Flags
r-devel-linux-x86_64-debian-clang 2.1 0.59 18.16 18.75 NOTE
r-devel-linux-x86_64-debian-gcc 2.1 0.59 17.93 18.52 NOTE
r-devel-linux-x86_64-fedora-clang 2.1 37.06 NOTE
r-devel-linux-x86_64-fedora-gcc 2.1 34.14 NOTE
r-devel-osx-x86_64-clang 2.1 33.20 NOTE
r-devel-windows-ix86+x86_64 2.1 5.00 40.00 45.00 NOTE
r-patched-linux-x86_64 2.1 0.64 18.58 19.22 NOTE
r-patched-solaris-sparc 2.1 260.00 NOTE
r-patched-solaris-x86 2.1 53.60 NOTE
r-release-linux-x86_64 2.1 0.64 18.75 19.39 NOTE
r-release-osx-x86_64-mavericks 2.1 NOTE
r-release-windows-ix86+x86_64 2.1 4.00 58.00 62.00 NOTE
r-oldrel-windows-ix86+x86_64 2.1 6.00 37.00 43.00 OK

Check Details

Version: 2.1
Check: DESCRIPTION meta-information
Result: NOTE
    Malformed Title field: should not end in a period.
Flavors: r-devel-linux-x86_64-debian-clang, r-devel-linux-x86_64-debian-gcc, r-devel-linux-x86_64-fedora-clang, r-devel-linux-x86_64-fedora-gcc, r-devel-osx-x86_64-clang, r-devel-windows-ix86+x86_64, r-patched-linux-x86_64, r-patched-solaris-sparc, r-patched-solaris-x86, r-release-linux-x86_64, r-release-osx-x86_64-mavericks, r-release-windows-ix86+x86_64

Version: 2.1
Check: R code for possible problems
Result: NOTE
    SumTestSens: no visible global function definition for ‘pnorm’
    binarysens: no visible global function definition for ‘dbinom’
    hlsens: no visible global function definition for ‘wilcox.test’
    iv_sens: no visible global function definition for ‘pnorm’
    mcontrol: no visible global function definition for ‘pnorm’
    psens: no visible global function definition for ‘pnorm’
    Undefined global functions or variables:
     dbinom pnorm wilcox.test
    Consider adding
     importFrom("stats", "dbinom", "pnorm", "wilcox.test")
    to your NAMESPACE.
Flavors: r-devel-linux-x86_64-debian-clang, r-devel-linux-x86_64-debian-gcc, r-devel-linux-x86_64-fedora-clang, r-devel-linux-x86_64-fedora-gcc, r-devel-windows-ix86+x86_64