CRAN Package Check Results for Package rbounds

Last updated on 2016-09-28 08:57:52.

Flavor Version Tinstall Tcheck Ttotal Status Flags
r-devel-linux-x86_64-debian-clang 2.1 0.64 18.55 19.19 NOTE
r-devel-linux-x86_64-debian-gcc 2.1 0.66 17.55 18.21 NOTE
r-devel-linux-x86_64-fedora-clang 2.1 34.04 NOTE
r-devel-linux-x86_64-fedora-gcc 2.1 31.89 NOTE
r-devel-macos-x86_64-clang 2.1 27.86 NOTE
r-devel-windows-ix86+x86_64 2.1 3.00 50.00 53.00 NOTE
r-patched-linux-x86_64 2.1 0.68 17.51 18.19 NOTE
r-patched-solaris-sparc 2.1 234.40 NOTE
r-patched-solaris-x86 2.1 45.20 NOTE
r-release-linux-x86_64 2.1 0.69 18.28 18.97 NOTE
r-release-osx-x86_64-mavericks 2.1 NOTE
r-release-windows-ix86+x86_64 2.1 4.00 38.00 42.00 NOTE
r-oldrel-windows-ix86+x86_64 2.1 5.00 51.00 56.00 NOTE

Check Details

Version: 2.1
Check: DESCRIPTION meta-information
Result: NOTE
    Malformed Title field: should not end in a period.
Flavors: r-devel-linux-x86_64-debian-clang, r-devel-linux-x86_64-debian-gcc, r-devel-linux-x86_64-fedora-clang, r-devel-linux-x86_64-fedora-gcc, r-devel-macos-x86_64-clang, r-devel-windows-ix86+x86_64, r-patched-linux-x86_64, r-patched-solaris-sparc, r-patched-solaris-x86, r-release-linux-x86_64, r-release-osx-x86_64-mavericks, r-release-windows-ix86+x86_64, r-oldrel-windows-ix86+x86_64

Version: 2.1
Check: R code for possible problems
Result: NOTE
    SumTestSens: no visible global function definition for ‘pnorm’
    binarysens: no visible global function definition for ‘dbinom’
    hlsens: no visible global function definition for ‘wilcox.test’
    iv_sens: no visible global function definition for ‘pnorm’
    mcontrol: no visible global function definition for ‘pnorm’
    psens: no visible global function definition for ‘pnorm’
    Undefined global functions or variables:
     dbinom pnorm wilcox.test
    Consider adding
     importFrom("stats", "dbinom", "pnorm", "wilcox.test")
    to your NAMESPACE file.
Flavors: r-devel-linux-x86_64-debian-clang, r-devel-linux-x86_64-debian-gcc, r-devel-linux-x86_64-fedora-clang, r-devel-linux-x86_64-fedora-gcc, r-devel-macos-x86_64-clang, r-devel-windows-ix86+x86_64, r-patched-linux-x86_64, r-patched-solaris-sparc, r-patched-solaris-x86, r-release-linux-x86_64, r-release-osx-x86_64-mavericks, r-release-windows-ix86+x86_64