CRAN Package Check Results for Package rbounds

Last updated on 2016-05-24 13:47:22.

Flavor Version Tinstall Tcheck Ttotal Status Flags
r-devel-linux-x86_64-debian-gcc 2.1 0.62 17.51 18.12 NOTE
r-devel-linux-x86_64-fedora-clang 2.1 33.36 NOTE
r-devel-linux-x86_64-fedora-gcc 2.1 31.64 NOTE
r-devel-osx-x86_64-clang 2.1 38.11 NOTE
r-devel-windows-ix86+x86_64 2.1 3.00 54.00 57.00 NOTE
r-patched-linux-x86_64 2.1 0.64 16.95 17.60 NOTE
r-patched-solaris-sparc 2.1 231.70 NOTE
r-patched-solaris-x86 2.1 46.40 NOTE
r-release-linux-x86_64 2.1 0.65 17.21 17.87 NOTE
r-release-osx-x86_64-mavericks 2.1 NOTE
r-release-windows-ix86+x86_64 2.1 3.00 54.00 57.00 NOTE
r-oldrel-windows-ix86+x86_64 2.1 4.00 39.00 43.00 NOTE

Check Details

Version: 2.1
Check: DESCRIPTION meta-information
Result: NOTE
    Malformed Title field: should not end in a period.
Flavors: r-devel-linux-x86_64-debian-gcc, r-devel-linux-x86_64-fedora-clang, r-devel-linux-x86_64-fedora-gcc, r-devel-osx-x86_64-clang, r-devel-windows-ix86+x86_64, r-patched-linux-x86_64, r-patched-solaris-sparc, r-patched-solaris-x86, r-release-linux-x86_64, r-release-osx-x86_64-mavericks, r-release-windows-ix86+x86_64, r-oldrel-windows-ix86+x86_64

Version: 2.1
Check: R code for possible problems
Result: NOTE
    SumTestSens: no visible global function definition for ‘pnorm’
    binarysens: no visible global function definition for ‘dbinom’
    hlsens: no visible global function definition for ‘wilcox.test’
    iv_sens: no visible global function definition for ‘pnorm’
    mcontrol: no visible global function definition for ‘pnorm’
    psens: no visible global function definition for ‘pnorm’
    Undefined global functions or variables:
     dbinom pnorm wilcox.test
    Consider adding
     importFrom("stats", "dbinom", "pnorm", "wilcox.test")
    to your NAMESPACE file.
Flavors: r-devel-linux-x86_64-debian-gcc, r-devel-linux-x86_64-fedora-clang, r-devel-linux-x86_64-fedora-gcc, r-devel-osx-x86_64-clang, r-devel-windows-ix86+x86_64, r-patched-linux-x86_64, r-patched-solaris-sparc, r-patched-solaris-x86, r-release-linux-x86_64, r-release-osx-x86_64-mavericks, r-release-windows-ix86+x86_64