CRAN Package Check Results for Package rbounds

Last updated on 2017-10-21 00:51:57.

Flavor Version Tinstall Tcheck Ttotal Status Flags
r-devel-linux-x86_64-debian-clang 2.1 0.66 19.18 19.84 NOTE
r-devel-linux-x86_64-debian-gcc 2.1 0.75 20.10 20.85 NOTE
r-devel-linux-x86_64-fedora-clang 2.1 38.89 NOTE
r-devel-linux-x86_64-fedora-gcc 2.1 35.86 NOTE
r-devel-windows-ix86+x86_64 2.1 4.00 61.00 65.00 NOTE
r-patched-linux-x86_64 2.1 0.77 19.18 19.95 NOTE
r-patched-solaris-x86 2.1 47.90 NOTE
r-release-linux-x86_64 2.1 0.74 19.14 19.88 NOTE
r-release-windows-ix86+x86_64 2.1 5.00 39.00 44.00 NOTE
r-release-osx-x86_64 2.1 NOTE
r-oldrel-windows-ix86+x86_64 2.1 3.00 56.00 59.00 NOTE
r-oldrel-osx-x86_64 2.1 NOTE

Check Details

Version: 2.1
Check: DESCRIPTION meta-information
Result: NOTE
    Malformed Title field: should not end in a period.
Flavors: r-devel-linux-x86_64-debian-clang, r-devel-linux-x86_64-debian-gcc, r-devel-linux-x86_64-fedora-clang, r-devel-linux-x86_64-fedora-gcc, r-devel-windows-ix86+x86_64, r-patched-linux-x86_64, r-patched-solaris-x86, r-release-linux-x86_64, r-release-windows-ix86+x86_64, r-release-osx-x86_64, r-oldrel-windows-ix86+x86_64, r-oldrel-osx-x86_64

Version: 2.1
Check: R code for possible problems
Result: NOTE
    SumTestSens: no visible global function definition for ‘pnorm’
    binarysens: no visible global function definition for ‘dbinom’
    hlsens: no visible global function definition for ‘wilcox.test’
    iv_sens: no visible global function definition for ‘pnorm’
    mcontrol: no visible global function definition for ‘pnorm’
    psens: no visible global function definition for ‘pnorm’
    Undefined global functions or variables:
     dbinom pnorm wilcox.test
    Consider adding
     importFrom("stats", "dbinom", "pnorm", "wilcox.test")
    to your NAMESPACE file.
Flavors: r-devel-linux-x86_64-debian-clang, r-devel-linux-x86_64-debian-gcc, r-devel-linux-x86_64-fedora-clang, r-devel-linux-x86_64-fedora-gcc, r-devel-windows-ix86+x86_64, r-patched-linux-x86_64, r-patched-solaris-x86, r-release-linux-x86_64, r-release-windows-ix86+x86_64, r-release-osx-x86_64, r-oldrel-windows-ix86+x86_64, r-oldrel-osx-x86_64