CRAN Package Check Results for Package rbounds

Last updated on 2015-05-25 18:47:06.

Flavor Version Tinstall Tcheck Ttotal Status Flags
r-devel-linux-x86_64-debian-clang 2.1 0.64 19.23 19.87 NOTE
r-devel-linux-x86_64-debian-gcc 2.1 0.84 18.23 19.07 NOTE
r-devel-linux-x86_64-fedora-clang 2.1 38.70 NOTE
r-devel-linux-x86_64-fedora-gcc 2.1 36.04 NOTE
r-devel-osx-x86_64-clang 2.1 37.24 NOTE
r-devel-windows-ix86+x86_64 2.1 3.00 34.00 37.00 NOTE
r-patched-linux-x86_64 2.1 0.62 18.31 18.93 NOTE
r-patched-solaris-sparc 2.1 254.60 NOTE
r-patched-solaris-x86 2.1 51.80 NOTE
r-release-linux-x86_64 2.1 0.63 18.95 19.58 NOTE
r-release-osx-x86_64-mavericks 2.1 NOTE
r-release-osx-x86_64-snowleopard 2.1 NOTE
r-release-windows-ix86+x86_64 2.1 2.00 34.00 36.00 NOTE
r-oldrel-windows-ix86+x86_64 2.1 4.00 49.00 53.00 OK

Check Details

Version: 2.1
Check: DESCRIPTION meta-information
Result: NOTE
    Malformed Title field: should not end in a period.
Flavors: r-devel-linux-x86_64-debian-clang, r-devel-linux-x86_64-debian-gcc, r-devel-linux-x86_64-fedora-clang, r-devel-linux-x86_64-fedora-gcc, r-devel-osx-x86_64-clang, r-devel-windows-ix86+x86_64, r-patched-linux-x86_64, r-patched-solaris-sparc, r-patched-solaris-x86, r-release-linux-x86_64, r-release-osx-x86_64-mavericks, r-release-osx-x86_64-snowleopard, r-release-windows-ix86+x86_64