CRAN Package Check Results for Package rbounds

Last updated on 2017-02-24 23:52:47.

Flavor Version Tinstall Tcheck Ttotal Status Flags
r-devel-linux-x86_64-debian-clang 2.1 0.70 19.19 19.89 NOTE
r-devel-linux-x86_64-debian-gcc 2.1 0.66 19.21 19.87 NOTE
r-devel-linux-x86_64-fedora-clang 2.1 37.63 NOTE --no-stop-on-test-error
r-devel-linux-x86_64-fedora-gcc 2.1 33.51 NOTE --no-stop-on-test-error
r-devel-macos-x86_64-clang 2.1 30.13 NOTE --no-stop-on-test-error
r-devel-windows-ix86+x86_64 2.1 9.00 55.00 64.00 NOTE
r-patched-linux-x86_64 2.1 0.66 17.58 18.25 NOTE
r-patched-solaris-sparc 2.1 238.90 NOTE
r-patched-solaris-x86 2.1 44.40 NOTE
r-release-linux-x86_64 2.1 0.68 17.53 18.21 NOTE
r-release-osx-x86_64-mavericks 2.1 NOTE
r-release-windows-ix86+x86_64 2.1 5.00 99.00 104.00 NOTE
r-oldrel-windows-ix86+x86_64 2.1 8.00 80.00 88.00 NOTE

Check Details

Version: 2.1
Check: DESCRIPTION meta-information
Result: NOTE
    Malformed Title field: should not end in a period.
Flavors: r-devel-linux-x86_64-debian-clang, r-devel-linux-x86_64-debian-gcc, r-devel-windows-ix86+x86_64, r-patched-linux-x86_64, r-patched-solaris-sparc, r-patched-solaris-x86, r-release-linux-x86_64, r-release-osx-x86_64-mavericks, r-release-windows-ix86+x86_64, r-oldrel-windows-ix86+x86_64

Version: 2.1
Check: R code for possible problems
Result: NOTE
    SumTestSens: no visible global function definition for ‘pnorm’
    binarysens: no visible global function definition for ‘dbinom’
    hlsens: no visible global function definition for ‘wilcox.test’
    iv_sens: no visible global function definition for ‘pnorm’
    mcontrol: no visible global function definition for ‘pnorm’
    psens: no visible global function definition for ‘pnorm’
    Undefined global functions or variables:
     dbinom pnorm wilcox.test
    Consider adding
     importFrom("stats", "dbinom", "pnorm", "wilcox.test")
    to your NAMESPACE file.
Flavors: r-devel-linux-x86_64-debian-clang, r-devel-linux-x86_64-debian-gcc, r-devel-windows-ix86+x86_64, r-patched-linux-x86_64, r-patched-solaris-sparc, r-patched-solaris-x86, r-release-linux-x86_64, r-release-osx-x86_64-mavericks, r-release-windows-ix86+x86_64

Version: 2.1
Flags: --no-stop-on-test-error
Check: DESCRIPTION meta-information
Result: NOTE
    Malformed Title field: should not end in a period.
Flavors: r-devel-linux-x86_64-fedora-clang, r-devel-linux-x86_64-fedora-gcc, r-devel-macos-x86_64-clang

Version: 2.1
Flags: --no-stop-on-test-error
Check: R code for possible problems
Result: NOTE
    SumTestSens: no visible global function definition for ‘pnorm’
    binarysens: no visible global function definition for ‘dbinom’
    hlsens: no visible global function definition for ‘wilcox.test’
    iv_sens: no visible global function definition for ‘pnorm’
    mcontrol: no visible global function definition for ‘pnorm’
    psens: no visible global function definition for ‘pnorm’
    Undefined global functions or variables:
     dbinom pnorm wilcox.test
    Consider adding
     importFrom("stats", "dbinom", "pnorm", "wilcox.test")
    to your NAMESPACE file.
Flavors: r-devel-linux-x86_64-fedora-clang, r-devel-linux-x86_64-fedora-gcc, r-devel-macos-x86_64-clang