CRAN Package Check Results for Package rbounds

Last updated on 2015-07-06 23:47:59.

Flavor Version Tinstall Tcheck Ttotal Status Flags
r-devel-linux-x86_64-debian-clang 2.1 0.61 18.36 18.97 NOTE
r-devel-linux-x86_64-debian-gcc 2.1 0.60 18.81 19.42 NOTE
r-devel-linux-x86_64-fedora-clang 2.1 37.14 NOTE
r-devel-linux-x86_64-fedora-gcc 2.1 35.27 NOTE
r-devel-osx-x86_64-clang 2.1 33.72 NOTE
r-devel-windows-ix86+x86_64 2.1 5.00 50.00 55.00 NOTE
r-patched-linux-x86_64 2.1 0.63 18.37 19.00 NOTE
r-patched-solaris-sparc 2.1 254.60 NOTE
r-patched-solaris-x86 2.1 51.60 NOTE
r-release-linux-x86_64 2.1 0.63 18.12 18.75 NOTE
r-release-osx-x86_64-mavericks 2.1 NOTE
r-release-windows-ix86+x86_64 2.1 4.00 31.00 35.00 NOTE
r-oldrel-windows-ix86+x86_64 2.1 5.00 52.00 57.00 OK

Check Details

Version: 2.1
Check: DESCRIPTION meta-information
Result: NOTE
    Malformed Title field: should not end in a period.
Flavors: r-devel-linux-x86_64-debian-clang, r-devel-linux-x86_64-debian-gcc, r-devel-linux-x86_64-fedora-clang, r-devel-linux-x86_64-fedora-gcc, r-devel-osx-x86_64-clang, r-devel-windows-ix86+x86_64, r-patched-linux-x86_64, r-patched-solaris-sparc, r-patched-solaris-x86, r-release-linux-x86_64, r-release-osx-x86_64-mavericks, r-release-windows-ix86+x86_64

Version: 2.1
Check: R code for possible problems
Result: NOTE
    SumTestSens: no visible global function definition for ‘pnorm’
    binarysens: no visible global function definition for ‘dbinom’
    hlsens: no visible global function definition for ‘wilcox.test’
    iv_sens: no visible global function definition for ‘pnorm’
    mcontrol: no visible global function definition for ‘pnorm’
    psens: no visible global function definition for ‘pnorm’
    Undefined global functions or variables:
     dbinom pnorm wilcox.test
Flavors: r-devel-linux-x86_64-debian-clang, r-devel-linux-x86_64-debian-gcc, r-devel-linux-x86_64-fedora-clang, r-devel-linux-x86_64-fedora-gcc, r-devel-windows-ix86+x86_64