CRAN Package Check Results for Package rbounds

Last updated on 2017-12-14 17:48:48 CET.

Flavor Version Tinstall Tcheck Ttotal Status Flags
r-devel-linux-x86_64-debian-clang 2.1 0.80 28.45 29.25 NOTE
r-devel-linux-x86_64-debian-gcc 2.1 0.55 24.10 24.65 NOTE
r-devel-linux-x86_64-fedora-clang 2.1 36.56 NOTE
r-devel-linux-x86_64-fedora-gcc 2.1 35.32 NOTE
r-devel-windows-ix86+x86_64 2.1 5.00 42.00 47.00 NOTE
r-patched-linux-x86_64 2.1 0.75 30.13 30.88 NOTE
r-patched-solaris-x86 2.1 48.20 NOTE
r-release-linux-x86_64 2.1 0.85 30.12 30.97 NOTE
r-release-windows-ix86+x86_64 2.1 4.00 66.00 70.00 NOTE
r-release-osx-x86_64 2.1 NOTE
r-oldrel-windows-ix86+x86_64 2.1 5.00 53.00 58.00 NOTE
r-oldrel-osx-x86_64 2.1 NOTE

Check Details

Version: 2.1
Check: DESCRIPTION meta-information
Result: NOTE
    Malformed Title field: should not end in a period.
Flavors: r-devel-linux-x86_64-debian-clang, r-devel-linux-x86_64-debian-gcc, r-devel-linux-x86_64-fedora-clang, r-devel-linux-x86_64-fedora-gcc, r-devel-windows-ix86+x86_64, r-patched-linux-x86_64, r-patched-solaris-x86, r-release-linux-x86_64, r-release-windows-ix86+x86_64, r-release-osx-x86_64, r-oldrel-windows-ix86+x86_64, r-oldrel-osx-x86_64

Version: 2.1
Check: R code for possible problems
Result: NOTE
    SumTestSens: no visible global function definition for ‘pnorm’
    binarysens: no visible global function definition for ‘dbinom’
    hlsens: no visible global function definition for ‘wilcox.test’
    iv_sens: no visible global function definition for ‘pnorm’
    mcontrol: no visible global function definition for ‘pnorm’
    psens: no visible global function definition for ‘pnorm’
    Undefined global functions or variables:
     dbinom pnorm wilcox.test
    Consider adding
     importFrom("stats", "dbinom", "pnorm", "wilcox.test")
    to your NAMESPACE file.
Flavors: r-devel-linux-x86_64-debian-clang, r-devel-linux-x86_64-debian-gcc, r-devel-linux-x86_64-fedora-clang, r-devel-linux-x86_64-fedora-gcc, r-devel-windows-ix86+x86_64, r-patched-linux-x86_64, r-patched-solaris-x86, r-release-linux-x86_64, r-release-windows-ix86+x86_64, r-release-osx-x86_64, r-oldrel-windows-ix86+x86_64, r-oldrel-osx-x86_64