CRAN Package Check Results for Package rbounds

Last updated on 2015-04-18 13:48:56.

Flavor Version Tinstall Tcheck Ttotal Status Flags
r-devel-linux-x86_64-debian-clang 2.1 0.64 19.53 20.17 NOTE
r-devel-linux-x86_64-debian-gcc 2.1 0.75 18.28 19.03 NOTE
r-devel-linux-x86_64-fedora-clang 2.1 38.74 NOTE
r-devel-linux-x86_64-fedora-gcc 2.1 35.91 NOTE
r-devel-osx-x86_64-clang 2.1 36.98 NOTE
r-patched-linux-x86_64 2.1 0.62 18.25 18.88 NOTE
r-patched-solaris-sparc 2.1 260.50 NOTE
r-patched-solaris-x86 2.1 50.60 NOTE
r-release-linux-x86_64 2.1 0.64 18.23 18.87 NOTE
r-release-osx-x86_64-mavericks 2.1 NOTE
r-release-osx-x86_64-snowleopard 2.1 OK
r-release-windows-ix86+x86_64 2.1 3.00 36.00 39.00 OK
r-oldrel-windows-ix86+x86_64 2.1 3.00 45.00 48.00 OK

Check Details

Version: 2.1
Check: DESCRIPTION meta-information
Result: NOTE
    Malformed Title field: should not end in a period.
Flavors: r-devel-linux-x86_64-debian-clang, r-devel-linux-x86_64-debian-gcc, r-devel-linux-x86_64-fedora-clang, r-devel-linux-x86_64-fedora-gcc, r-devel-osx-x86_64-clang, r-patched-linux-x86_64, r-patched-solaris-sparc, r-patched-solaris-x86, r-release-linux-x86_64, r-release-osx-x86_64-mavericks