CRAN Package Check Results for Package rbugs

Last updated on 2014-08-02 03:50:59.

Flavor Version Tinstall Tcheck Ttotal Status Flags
r-devel-linux-x86_64-debian-clang 0.5-9 0.67 10.44 11.11 NOTE
r-devel-linux-x86_64-debian-gcc 0.5-9 0.63 10.38 11.02 NOTE
r-devel-linux-x86_64-fedora-clang 0.5-9 22.28 NOTE
r-devel-linux-x86_64-fedora-gcc 0.5-9 19.82 NOTE
r-devel-osx-x86_64-clang 0.5-9 23.68 NOTE
r-devel-windows-ix86+x86_64 0.5-9 2.00 19.00 21.00 NOTE
r-patched-linux-x86_64 0.5-9 0.65 10.22 10.87 NOTE
r-patched-solaris-sparc 0.5-9 131.50 NOTE
r-patched-solaris-x86 0.5-9 31.50 NOTE
r-release-linux-ix86 0.5-9 0.97 16.54 17.51 NOTE
r-release-linux-x86_64 0.5-9 2.67 10.30 12.98 NOTE
r-release-osx-x86_64-mavericks 0.5-9 NOTE
r-release-windows-ix86+x86_64 0.5-9 3.00 25.00 28.00 NOTE
r-oldrel-windows-ix86+x86_64 0.5-9 5.00 28.00 33.00 NOTE

Check Details

Version: 0.5-9
Check: dependencies in R code
Result: NOTE
    ':::' call which should be '::': tools:::file_path_as_absolute
     See the note in ?`:::` about the use of this operator.
    Unexported object imported by a ':::' call: tools:::file_test
     See the note in ?`:::` about the use of this operator.
    See the information on DESCRIPTION files in the chapter Creating R
    packages of the Writing R Extensions manual.
Flavors: r-devel-linux-x86_64-debian-clang, r-devel-linux-x86_64-debian-gcc, r-devel-linux-x86_64-fedora-clang, r-devel-linux-x86_64-fedora-gcc, r-devel-osx-x86_64-clang, r-devel-windows-ix86+x86_64, r-patched-linux-x86_64, r-patched-solaris-sparc, r-patched-solaris-x86, r-release-linux-ix86, r-release-linux-x86_64, r-release-osx-x86_64-mavericks, r-release-windows-ix86+x86_64, r-oldrel-windows-ix86+x86_64

Version: 0.5-9
Check: data for non-ASCII characters
Result: NOTE
     Note: found 33 marked UTF-8 strings
Flavors: r-devel-linux-x86_64-debian-clang, r-devel-linux-x86_64-debian-gcc, r-devel-linux-x86_64-fedora-clang, r-devel-linux-x86_64-fedora-gcc, r-devel-osx-x86_64-clang, r-devel-windows-ix86+x86_64, r-patched-linux-x86_64, r-patched-solaris-sparc, r-patched-solaris-x86, r-release-linux-ix86, r-release-linux-x86_64, r-release-osx-x86_64-mavericks, r-release-windows-ix86+x86_64, r-oldrel-windows-ix86+x86_64