CRAN Package Check Results for Package rbugs

Last updated on 2015-03-06 11:48:37.

Flavor Version Tinstall Tcheck Ttotal Status Flags
r-devel-linux-x86_64-debian-clang 0.5-9 0.62 10.12 10.74 NOTE
r-devel-linux-x86_64-debian-gcc 0.5-9 0.69 9.79 10.48 NOTE
r-devel-linux-x86_64-fedora-clang 0.5-9 20.26 NOTE
r-devel-linux-x86_64-fedora-gcc 0.5-9 18.96 NOTE
r-devel-osx-x86_64-clang 0.5-9 24.71 NOTE
r-devel-windows-ix86+x86_64 0.5-9 2.00 17.00 19.00 NOTE
r-patched-linux-x86_64 0.5-9 0.67 10.65 11.32 NOTE
r-patched-solaris-sparc 0.5-9 151.80 NOTE
r-patched-solaris-x86 0.5-9 33.00 NOTE
r-release-linux-ix86 0.5-9 0.96 17.12 18.08 NOTE
r-release-linux-x86_64 0.5-9 0.76 11.54 12.30 NOTE
r-release-osx-x86_64-mavericks 0.5-9 NOTE
r-release-windows-ix86+x86_64 0.5-9 4.00 20.00 24.00 NOTE
r-oldrel-windows-ix86+x86_64 0.5-9 2.00 19.00 21.00 NOTE

Check Details

Version: 0.5-9
Check: dependencies in R code
Result: NOTE
    ':::' call which should be '::': ‘tools:::file_path_as_absolute’
     See the note in ?`:::` about the use of this operator.
    Unexported object imported by a ':::' call: ‘tools:::file_test’
     See the note in ?`:::` about the use of this operator.
Flavors: r-devel-linux-x86_64-debian-clang, r-devel-linux-x86_64-debian-gcc, r-devel-linux-x86_64-fedora-clang, r-devel-linux-x86_64-fedora-gcc, r-devel-osx-x86_64-clang, r-devel-windows-ix86+x86_64, r-patched-linux-x86_64, r-patched-solaris-sparc, r-patched-solaris-x86

Version: 0.5-9
Check: S3 generic/method consistency
Result: NOTE
    Found the following apparent S3 methods exported but not registered:
     print.rbugs
    See section ‘Registering S3 methods’ in the ‘Writing R Extensions’
    manual.
Flavors: r-devel-linux-x86_64-debian-clang, r-devel-linux-x86_64-debian-gcc, r-devel-linux-x86_64-fedora-clang, r-devel-linux-x86_64-fedora-gcc, r-devel-osx-x86_64-clang

Version: 0.5-9
Check: R code for possible problems
Result: NOTE
    rbugs2coda: no visible global function definition for ‘as.mcmc’
    rbugs2coda: no visible global function definition for ‘mcmc’
    rbugs2coda: no visible global function definition for ‘as.mcmc.list’
Flavors: r-devel-linux-x86_64-debian-clang, r-devel-linux-x86_64-debian-gcc, r-devel-linux-x86_64-fedora-clang, r-devel-linux-x86_64-fedora-gcc, r-devel-osx-x86_64-clang, r-devel-windows-ix86+x86_64, r-patched-linux-x86_64, r-patched-solaris-sparc, r-patched-solaris-x86, r-release-linux-ix86, r-release-linux-x86_64, r-release-osx-x86_64-mavericks, r-release-windows-ix86+x86_64

Version: 0.5-9
Check: data for non-ASCII characters
Result: NOTE
     Note: found 33 marked UTF-8 strings
Flavors: r-devel-linux-x86_64-debian-clang, r-devel-linux-x86_64-debian-gcc, r-devel-linux-x86_64-fedora-clang, r-devel-linux-x86_64-fedora-gcc, r-devel-osx-x86_64-clang, r-devel-windows-ix86+x86_64, r-patched-linux-x86_64, r-patched-solaris-sparc, r-patched-solaris-x86, r-release-linux-ix86, r-release-linux-x86_64, r-release-osx-x86_64-mavericks, r-release-windows-ix86+x86_64, r-oldrel-windows-ix86+x86_64

Version: 0.5-9
Check: dependencies in R code
Result: NOTE
    ':::' call which should be '::': ‘tools:::file_path_as_absolute’
     See the note in ?`:::` about the use of this operator.
    Unexported object imported by a ':::' call: ‘tools:::file_test’
     See the note in ?`:::` about the use of this operator.
    See the information on DESCRIPTION files in the chapter ‘Creating R
    packages’ of the ‘Writing R Extensions’ manual.
Flavors: r-release-linux-ix86, r-release-linux-x86_64, r-release-osx-x86_64-mavericks, r-release-windows-ix86+x86_64, r-oldrel-windows-ix86+x86_64