CRAN Package Check Results for Package rbugs

Last updated on 2014-04-24 15:50:45.

Flavor Version Tinstall Tcheck Ttotal Status Flags
r-devel-linux-x86_64-debian-clang 0.5-9 0.72 10.70 11.41 NOTE
r-devel-linux-x86_64-debian-gcc 0.5-9 0.69 10.59 11.28 NOTE
r-devel-linux-x86_64-fedora-clang 0.5-9 21.96 NOTE
r-devel-linux-x86_64-fedora-gcc 0.5-9 21.20 NOTE
r-devel-osx-x86_64-clang 0.5-9 24.40 NOTE
r-devel-osx-x86_64-gcc 0.5-9 NOTE
r-devel-windows-ix86+x86_64 0.5-9 2.00 18.00 20.00 NOTE
r-patched-linux-x86_64 0.5-9 0.73 10.62 11.35 NOTE
r-patched-solaris-sparc 0.5-9 125.70 NOTE
r-patched-solaris-x86 0.5-9 33.00 NOTE
r-release-linux-ix86 0.5-9 2.00 24.00 26.00 NOTE
r-release-linux-x86_64 0.5-9 0.69 10.72 11.41 NOTE
r-release-osx-x86_64-mavericks 0.5-9 WARN
r-release-windows-ix86+x86_64 0.5-9 3.00 20.00 23.00 NOTE
r-oldrel-windows-ix86+x86_64 0.5-9 3.00 18.00 21.00 NOTE

Check Details

Version: 0.5-9
Check: dependencies in R code
Result: NOTE
    ':::' call which should be '::': ‘tools:::file_path_as_absolute’
     See the note in ?`:::` about the use of this operator.
    Unexported object imported by a ':::' call: ‘tools:::file_test’
     See the note in ?`:::` about the use of this operator.
    See the information on DESCRIPTION files in the chapter ‘Creating R
    packages’ of the ‘Writing R Extensions’ manual.
Flavors: r-devel-linux-x86_64-debian-clang, r-devel-linux-x86_64-debian-gcc, r-devel-linux-x86_64-fedora-clang, r-devel-linux-x86_64-fedora-gcc, r-devel-osx-x86_64-clang, r-devel-osx-x86_64-gcc, r-devel-windows-ix86+x86_64, r-patched-linux-x86_64, r-patched-solaris-sparc, r-patched-solaris-x86, r-release-linux-ix86, r-release-linux-x86_64, r-release-osx-x86_64-mavericks, r-release-windows-ix86+x86_64, r-oldrel-windows-ix86+x86_64

Version: 0.5-9
Check: data for non-ASCII characters
Result: NOTE
     Note: found 33 marked UTF-8 strings
Flavors: r-devel-linux-x86_64-debian-clang, r-devel-linux-x86_64-debian-gcc, r-devel-linux-x86_64-fedora-clang, r-devel-linux-x86_64-fedora-gcc, r-devel-osx-x86_64-clang, r-devel-osx-x86_64-gcc, r-devel-windows-ix86+x86_64, r-patched-linux-x86_64, r-patched-solaris-sparc, r-patched-solaris-x86, r-release-linux-ix86, r-release-linux-x86_64, r-release-osx-x86_64-mavericks, r-release-windows-ix86+x86_64, r-oldrel-windows-ix86+x86_64

Version: 0.5-9
Check: PDF version of manual
Result: WARNING
    LaTeX errors when creating PDF version.
    This typically indicates Rd problems.
    LaTeX errors found:
    ! LaTeX Error: File `upquote.sty' not found.
    
    Type X to quit or <RETURN> to proceed,
    or enter new name. (Default extension: sty)
    
    ab98448/Rd2.tex:8: ==> Fatal error occurred, no output PDF file produced!
Flavor: r-release-osx-x86_64-mavericks