CRAN Package Check Results for Package rbugs

Last updated on 2015-08-04 21:47:15.

Flavor Version Tinstall Tcheck Ttotal Status Flags
r-devel-linux-x86_64-debian-clang 0.5-9 0.62 9.65 10.27 NOTE
r-devel-linux-x86_64-debian-gcc 0.5-9 0.58 9.65 10.23 NOTE
r-devel-linux-x86_64-fedora-clang 0.5-9 19.31 NOTE
r-devel-linux-x86_64-fedora-gcc 0.5-9 18.51 NOTE
r-devel-osx-x86_64-clang 0.5-9 20.17 NOTE
r-devel-windows-ix86+x86_64 0.5-9 5.00 27.00 32.00 NOTE
r-patched-linux-x86_64 0.5-9 0.68 9.96 10.64 NOTE
r-patched-solaris-sparc 0.5-9 131.60 NOTE
r-patched-solaris-x86 0.5-9 29.50 NOTE
r-release-linux-x86_64 0.5-9 0.79 9.81 10.60 NOTE
r-release-osx-x86_64-mavericks 0.5-9 NOTE
r-release-windows-ix86+x86_64 0.5-9 4.00 20.00 24.00 NOTE
r-oldrel-windows-ix86+x86_64 0.5-9 4.00 22.00 26.00 NOTE

Check Details

Version: 0.5-9
Check: dependencies in R code
Result: NOTE
    ':::' call which should be '::': ‘tools:::file_path_as_absolute’
     See the note in ?`:::` about the use of this operator.
    Unexported object imported by a ':::' call: ‘tools:::file_test’
     See the note in ?`:::` about the use of this operator.
Flavors: r-devel-linux-x86_64-debian-clang, r-devel-linux-x86_64-debian-gcc, r-devel-linux-x86_64-fedora-clang, r-devel-linux-x86_64-fedora-gcc, r-devel-osx-x86_64-clang, r-devel-windows-ix86+x86_64, r-patched-linux-x86_64, r-patched-solaris-sparc, r-patched-solaris-x86, r-release-linux-x86_64, r-release-osx-x86_64-mavericks, r-release-windows-ix86+x86_64, r-oldrel-windows-ix86+x86_64

Version: 0.5-9
Check: S3 generic/method consistency
Result: NOTE
    Found the following apparent S3 methods exported but not registered:
     print.rbugs
    See section ‘Registering S3 methods’ in the ‘Writing R Extensions’
    manual.
Flavors: r-devel-linux-x86_64-debian-clang, r-devel-linux-x86_64-debian-gcc, r-devel-linux-x86_64-fedora-clang, r-devel-linux-x86_64-fedora-gcc, r-devel-osx-x86_64-clang, r-patched-linux-x86_64, r-patched-solaris-sparc, r-patched-solaris-x86, r-release-linux-x86_64

Version: 0.5-9
Check: R code for possible problems
Result: NOTE
    genBugsScript: no visible global function definition for ‘runif’
    getBugsOutput: no visible global function definition for ‘read.table’
    rbugs2coda: no visible global function definition for ‘as.mcmc’
    rbugs2coda: no visible global function definition for ‘mcmc’
    rbugs2coda: no visible global function definition for ‘as.mcmc.list’
    Undefined global functions or variables:
     as.mcmc as.mcmc.list mcmc read.table runif
    Consider adding
     importFrom("stats", "runif")
     importFrom("utils", "read.table")
    to your NAMESPACE.
Flavors: r-devel-linux-x86_64-debian-clang, r-devel-linux-x86_64-debian-gcc, r-devel-linux-x86_64-fedora-clang, r-devel-linux-x86_64-fedora-gcc, r-devel-windows-ix86+x86_64

Version: 0.5-9
Check: data for non-ASCII characters
Result: NOTE
     Note: found 33 marked UTF-8 strings
Flavors: r-devel-linux-x86_64-debian-clang, r-devel-linux-x86_64-debian-gcc, r-devel-linux-x86_64-fedora-clang, r-devel-linux-x86_64-fedora-gcc, r-devel-osx-x86_64-clang, r-devel-windows-ix86+x86_64, r-patched-linux-x86_64, r-patched-solaris-sparc, r-patched-solaris-x86, r-release-linux-x86_64, r-release-osx-x86_64-mavericks, r-release-windows-ix86+x86_64, r-oldrel-windows-ix86+x86_64

Version: 0.5-9
Check: R code for possible problems
Result: NOTE
    rbugs2coda: no visible global function definition for ‘as.mcmc’
    rbugs2coda: no visible global function definition for ‘mcmc’
    rbugs2coda: no visible global function definition for ‘as.mcmc.list’
    Undefined global functions or variables:
     as.mcmc as.mcmc.list mcmc
Flavor: r-devel-osx-x86_64-clang

Version: 0.5-9
Check: R code for possible problems
Result: NOTE
    rbugs2coda: no visible global function definition for ‘as.mcmc’
    rbugs2coda: no visible global function definition for ‘mcmc’
    rbugs2coda: no visible global function definition for ‘as.mcmc.list’
Flavors: r-patched-linux-x86_64, r-patched-solaris-sparc, r-patched-solaris-x86, r-release-linux-x86_64, r-release-osx-x86_64-mavericks, r-release-windows-ix86+x86_64, r-oldrel-windows-ix86+x86_64