CRAN Package Check Results for Package rbugs

Last updated on 2014-07-24 23:48:21.

Flavor Version Tinstall Tcheck Ttotal Status Flags
r-devel-linux-x86_64-debian-clang 0.5-9 0.68 10.04 10.73 NOTE
r-devel-linux-x86_64-debian-gcc 0.5-9 0.66 10.03 10.70 NOTE
r-devel-linux-x86_64-fedora-clang 0.5-9 22.22 NOTE
r-devel-linux-x86_64-fedora-gcc 0.5-9 21.76 NOTE
r-devel-osx-x86_64-clang 0.5-9 23.78 NOTE
r-devel-windows-ix86+x86_64 0.5-9 2.00 17.00 19.00 NOTE
r-patched-linux-x86_64 0.5-9 0.65 10.06 10.71 NOTE
r-patched-solaris-sparc 0.5-9 125.70 NOTE
r-patched-solaris-x86 0.5-9 31.80 NOTE
r-release-linux-ix86 0.5-9 0.97 17.42 18.40 NOTE
r-release-linux-x86_64 0.5-9 0.66 10.24 10.90 NOTE
r-release-osx-x86_64-mavericks 0.5-9 NOTE
r-release-windows-ix86+x86_64 0.5-9 2.00 19.00 21.00 NOTE
r-oldrel-windows-ix86+x86_64 0.5-9 2.00 19.00 21.00 NOTE

Check Details

Version: 0.5-9
Check: dependencies in R code
Result: NOTE
    ':::' call which should be '::': ‘tools:::file_path_as_absolute’
     See the note in ?`:::` about the use of this operator.
    Unexported object imported by a ':::' call: ‘tools:::file_test’
     See the note in ?`:::` about the use of this operator.
    See the information on DESCRIPTION files in the chapter ‘Creating R
    packages’ of the ‘Writing R Extensions’ manual.
Flavors: r-devel-linux-x86_64-debian-clang, r-devel-linux-x86_64-debian-gcc, r-devel-linux-x86_64-fedora-clang, r-devel-linux-x86_64-fedora-gcc, r-devel-osx-x86_64-clang, r-devel-windows-ix86+x86_64, r-patched-linux-x86_64, r-patched-solaris-sparc, r-patched-solaris-x86, r-release-linux-ix86, r-release-linux-x86_64, r-release-osx-x86_64-mavericks, r-release-windows-ix86+x86_64, r-oldrel-windows-ix86+x86_64

Version: 0.5-9
Check: data for non-ASCII characters
Result: NOTE
     Note: found 33 marked UTF-8 strings
Flavors: r-devel-linux-x86_64-debian-clang, r-devel-linux-x86_64-debian-gcc, r-devel-linux-x86_64-fedora-clang, r-devel-linux-x86_64-fedora-gcc, r-devel-osx-x86_64-clang, r-devel-windows-ix86+x86_64, r-patched-linux-x86_64, r-patched-solaris-sparc, r-patched-solaris-x86, r-release-linux-ix86, r-release-linux-x86_64, r-release-osx-x86_64-mavericks, r-release-windows-ix86+x86_64, r-oldrel-windows-ix86+x86_64