CRAN Package Check Results for Package rbundler

Last updated on 2014-04-21 04:48:46.

Flavor Version Tinstall Tcheck Ttotal Status Flags
r-devel-macosx-x86_64-gcc 0.3.6 ERROR
r-release-linux-ix86 OK
r-release-linux-x86_64 0.3.6 1.31 41.64 42.95 OK
r-release-macosx-x86_64 0.3.6 OK

Check Details

Version: 0.3.6
Check: package dependencies
Result: ERROR
    Package required but not available: ‘devtools’
    
    See the information on DESCRIPTION files in the chapter ‘Creating R
    packages’ of the ‘Writing R Extensions’ manual.
Flavor: r-devel-macosx-x86_64-gcc