CRAN Package Check Results for Package rbundler

Last updated on 2014-09-30 19:47:41.

Flavor Version Tinstall Tcheck Ttotal Status Flags
r-devel-linux-x86_64-debian-clang 0.3.7 0.80 13.58 14.38 NOTE
r-devel-linux-x86_64-debian-gcc 0.3.7 0.79 13.50 14.29 NOTE
r-devel-linux-x86_64-fedora-clang 0.3.7 27.84 NOTE
r-devel-linux-x86_64-fedora-gcc 0.3.7 25.98 NOTE
r-devel-osx-x86_64-clang 0.3.7 29.63 NOTE
r-devel-windows-ix86+x86_64 0.3.7 3.00 24.00 27.00 NOTE
r-patched-linux-x86_64 0.3.7 0.80 13.93 14.74 OK
r-patched-solaris-sparc 0.3.7 240.50 OK
r-patched-solaris-x86 0.3.7 41.30 OK
r-release-linux-ix86 0.3.7 1.10 20.25 21.35 OK
r-release-linux-x86_64 0.3.7 0.85 13.74 14.59 OK
r-release-osx-x86_64-mavericks 0.3.7 OK
r-release-osx-x86_64-snowleopard 0.3.7 OK
r-release-windows-ix86+x86_64 0.3.7 3.00 23.00 26.00 OK
r-oldrel-windows-ix86+x86_64 0.3.7 3.00 24.00 27.00 OK

Check Details

Version: 0.3.7
Check: R code for possible problems
Result: NOTE
    install_version: no visible global function definition for
     ‘install_url’
Flavors: r-devel-linux-x86_64-debian-clang, r-devel-linux-x86_64-debian-gcc, r-devel-linux-x86_64-fedora-clang, r-devel-linux-x86_64-fedora-gcc, r-devel-osx-x86_64-clang, r-devel-windows-ix86+x86_64