CRAN Package Check Results for Package rbundler

Last updated on 2015-05-24 03:48:10.

Flavor Version Tinstall Tcheck Ttotal Status Flags
r-devel-linux-x86_64-debian-clang 0.3.7 1.37 21.42 22.79 NOTE
r-devel-linux-x86_64-debian-gcc 0.3.7 1.80 20.01 21.81 NOTE
r-devel-linux-x86_64-fedora-clang 0.3.7 44.13 NOTE
r-devel-linux-x86_64-fedora-gcc 0.3.7 39.86 NOTE
r-devel-osx-x86_64-clang 0.3.7 42.97 NOTE
r-devel-windows-ix86+x86_64 0.3.7 5.00 38.00 43.00 NOTE
r-patched-linux-x86_64 0.3.7 1.42 21.48 22.90 NOTE
r-patched-solaris-sparc 0.3.7 268.40 NOTE
r-patched-solaris-x86 0.3.7 61.90 NOTE
r-release-linux-x86_64 0.3.7 1.36 21.59 22.94 NOTE
r-release-osx-x86_64-mavericks 0.3.7 NOTE
r-release-osx-x86_64-snowleopard 0.3.7 ERROR
r-release-windows-ix86+x86_64 0.3.7 4.00 36.00 40.00 NOTE
r-oldrel-windows-ix86+x86_64 0.3.7 8.00 45.00 53.00 NOTE

Check Details

Version: 0.3.7
Check: DESCRIPTION meta-information
Result: NOTE
    Malformed Title field: should not end in a period.
Flavors: r-devel-linux-x86_64-debian-clang, r-devel-linux-x86_64-debian-gcc, r-devel-linux-x86_64-fedora-clang, r-devel-linux-x86_64-fedora-gcc, r-devel-osx-x86_64-clang, r-devel-windows-ix86+x86_64, r-patched-linux-x86_64, r-patched-solaris-sparc, r-patched-solaris-x86, r-release-linux-x86_64, r-release-osx-x86_64-mavericks, r-release-windows-ix86+x86_64

Version: 0.3.7
Check: R code for possible problems
Result: NOTE
    install_version: no visible global function definition for
     ‘install_url’
Flavors: r-devel-linux-x86_64-debian-clang, r-devel-linux-x86_64-debian-gcc, r-devel-linux-x86_64-fedora-clang, r-devel-linux-x86_64-fedora-gcc, r-devel-osx-x86_64-clang, r-devel-windows-ix86+x86_64, r-patched-linux-x86_64, r-patched-solaris-sparc, r-patched-solaris-x86, r-release-linux-x86_64, r-release-osx-x86_64-mavericks, r-release-windows-ix86+x86_64, r-oldrel-windows-ix86+x86_64

Version: 0.3.7
Check: package dependencies
Result: ERROR
    Package required but not available: ‘devtools’
    
    See section ‘The DESCRIPTION file’ in the ‘Writing R Extensions’
    manual.
Flavor: r-release-osx-x86_64-snowleopard