CRAN Package Check Results for Package rbundler

Last updated on 2014-11-22 10:53:09.

Flavor Version Tinstall Tcheck Ttotal Status Flags
r-devel-linux-x86_64-debian-clang 0.3.7 0.81 14.67 15.48 NOTE
r-devel-linux-x86_64-debian-gcc 0.3.7 0.79 12.37 13.16 NOTE
r-devel-linux-x86_64-fedora-clang 0.3.7 28.85 NOTE
r-devel-linux-x86_64-fedora-gcc 0.3.7 26.93 NOTE
r-devel-osx-x86_64-clang 0.3.7 30.57 NOTE
r-devel-windows-ix86+x86_64 0.3.7 4.00 34.00 38.00 NOTE
r-patched-linux-x86_64 0.3.7 0.86 9.33 10.20 ERROR
r-patched-solaris-sparc 0.3.7 154.90 NOTE
r-patched-solaris-x86 0.3.7 39.80 NOTE
r-release-linux-ix86 0.3.7 1.15 19.57 20.72 NOTE
r-release-linux-x86_64 0.3.7 0.80 12.43 13.24 NOTE
r-release-osx-x86_64-mavericks 0.3.7 OK
r-release-osx-x86_64-snowleopard 0.3.7 OK
r-release-windows-ix86+x86_64 0.3.7 4.00 22.00 26.00 NOTE
r-oldrel-windows-ix86+x86_64 0.3.7 3.00 16.00 19.00 ERROR

Check Details

Version: 0.3.7
Check: R code for possible problems
Result: NOTE
    install_version: no visible global function definition for
     ‘install_url’
Flavors: r-devel-linux-x86_64-debian-clang, r-devel-linux-x86_64-debian-gcc, r-devel-linux-x86_64-fedora-clang, r-devel-linux-x86_64-fedora-gcc, r-devel-osx-x86_64-clang, r-devel-windows-ix86+x86_64, r-patched-linux-x86_64, r-patched-solaris-sparc, r-patched-solaris-x86, r-release-linux-ix86, r-release-linux-x86_64, r-release-windows-ix86+x86_64

Version: 0.3.7
Check: examples
Result: ERROR
    Running examples in ‘rbundler-Ex.R’ failed
    The error most likely occurred in:
    
    > ### Name: create_mock_packages
    > ### Title: Creates a series of mock packages, useful for testing and
    > ### experimentation.
    > ### Aliases: create_mock_packages
    >
    > ### ** Examples
    >
    > path <- tempdir()
    > repos <- 'http://cran.rstudio.com'
    > dependency <- mock_dependency('RCurl', repos)
    Warning: unable to access index for repository http://cran.rstudio.com/src/contrib
    Error in data.frame(version = available[available$Package == package, :
     arguments imply differing number of rows: 0, 1
    Calls: mock_dependency -> find_available_versions -> data.frame
    Execution halted
Flavor: r-patched-linux-x86_64

Version: 0.3.7
Check: examples
Result: ERROR
    Running examples in 'rbundler-Ex.R' failed
    The error most likely occurred in:
    
    > ### Name: create_mock_packages
    > ### Title: Creates a series of mock packages, useful for testing and
    > ### experimentation.
    > ### Aliases: create_mock_packages
    >
    > ### ** Examples
    >
    > path <- tempdir()
    > repos <- 'http://cran.rstudio.com'
    > dependency <- mock_dependency('RCurl', repos)
    Warning: unable to access index for repository http://cran.rstudio.com/bin/windows/contrib/3.0
    Error in data.frame(version = available[available$Package == package, :
     arguments imply differing number of rows: 0, 1
    Calls: mock_dependency -> find_available_versions -> data.frame
    Execution halted
Flavor: r-oldrel-windows-ix86+x86_64