CRAN Package Check Results for Package rbundler

Last updated on 2016-12-10 10:47:22.

Flavor Version Tinstall Tcheck Ttotal Status Flags
r-devel-linux-x86_64-debian-clang 0.3.7 1.39 23.33 24.72 NOTE
r-devel-linux-x86_64-debian-gcc 0.3.7 1.40 23.44 24.84 NOTE
r-devel-linux-x86_64-fedora-clang 0.3.7 42.43 NOTE --no-stop-on-test-error
r-devel-linux-x86_64-fedora-gcc 0.3.7 39.10 NOTE --no-stop-on-test-error
r-devel-macos-x86_64-clang 0.3.7 34.54 NOTE --no-stop-on-test-error
r-devel-windows-ix86+x86_64 0.3.7 4.00 58.00 62.00 NOTE
r-patched-linux-x86_64 0.3.7 1.23 20.37 21.60 NOTE
r-patched-solaris-sparc 0.3.7 121.00 NOTE
r-patched-solaris-x86 0.3.7 43.00 NOTE
r-release-linux-x86_64 0.3.7 1.26 20.55 21.80 NOTE
r-release-osx-x86_64-mavericks 0.3.7 NOTE
r-release-windows-ix86+x86_64 0.3.7 4.00 42.00 46.00 NOTE
r-oldrel-windows-ix86+x86_64 0.3.7 5.00 43.00 48.00 NOTE

Check Details

Version: 0.3.7
Check: DESCRIPTION meta-information
Result: NOTE
    Malformed Title field: should not end in a period.
Flavors: r-devel-linux-x86_64-debian-clang, r-devel-linux-x86_64-debian-gcc, r-devel-windows-ix86+x86_64, r-patched-linux-x86_64, r-patched-solaris-sparc, r-patched-solaris-x86, r-release-linux-x86_64, r-release-osx-x86_64-mavericks, r-release-windows-ix86+x86_64, r-oldrel-windows-ix86+x86_64

Version: 0.3.7
Check: R code for possible problems
Result: NOTE
    find_available_versions: no visible global function definition for
     ‘contrib.url’
    find_available_versions: no visible global function definition for
     ‘available.packages’
    install_version: no visible global function definition for
     ‘contrib.url’
    install_version: no visible global function definition for
     ‘available.packages’
    install_version: no visible global function definition for
     ‘install_url’
    load_available_packages: no visible global function definition for
     ‘contrib.url’
    validate_installed_package: no visible global function definition for
     ‘installed.packages’
    Undefined global functions or variables:
     available.packages contrib.url install_url installed.packages
    Consider adding
     importFrom("utils", "available.packages", "contrib.url",
     "installed.packages")
    to your NAMESPACE file.
Flavors: r-devel-linux-x86_64-debian-clang, r-devel-linux-x86_64-debian-gcc, r-devel-windows-ix86+x86_64, r-patched-linux-x86_64, r-patched-solaris-sparc, r-patched-solaris-x86, r-release-linux-x86_64, r-release-osx-x86_64-mavericks, r-release-windows-ix86+x86_64

Version: 0.3.7
Flags: --no-stop-on-test-error
Check: DESCRIPTION meta-information
Result: NOTE
    Malformed Title field: should not end in a period.
Flavors: r-devel-linux-x86_64-fedora-clang, r-devel-linux-x86_64-fedora-gcc, r-devel-macos-x86_64-clang

Version: 0.3.7
Flags: --no-stop-on-test-error
Check: R code for possible problems
Result: NOTE
    find_available_versions: no visible global function definition for
     ‘contrib.url’
    find_available_versions: no visible global function definition for
     ‘available.packages’
    install_version: no visible global function definition for
     ‘contrib.url’
    install_version: no visible global function definition for
     ‘available.packages’
    install_version: no visible global function definition for
     ‘install_url’
    load_available_packages: no visible global function definition for
     ‘contrib.url’
    validate_installed_package: no visible global function definition for
     ‘installed.packages’
    Undefined global functions or variables:
     available.packages contrib.url install_url installed.packages
    Consider adding
     importFrom("utils", "available.packages", "contrib.url",
     "installed.packages")
    to your NAMESPACE file.
Flavors: r-devel-linux-x86_64-fedora-clang, r-devel-linux-x86_64-fedora-gcc, r-devel-macos-x86_64-clang

Version: 0.3.7
Check: R code for possible problems
Result: NOTE
    install_version: no visible global function definition for
     'install_url'
Flavor: r-oldrel-windows-ix86+x86_64