CRAN Package Check Results for Package rbundler

Last updated on 2015-03-31 19:51:13.

Flavor Version Tinstall Tcheck Ttotal Status Flags
r-devel-linux-x86_64-debian-clang 0.3.7 0.64 12.69 13.34 NOTE
r-devel-linux-x86_64-debian-gcc 0.3.7 0.64 12.03 12.67 NOTE
r-devel-linux-x86_64-fedora-clang 0.3.7 22.23 NOTE
r-devel-linux-x86_64-fedora-gcc 0.3.7 22.53 NOTE
r-devel-osx-x86_64-clang 0.3.7 27.70 NOTE
r-prerel-windows-ix86+x86_64 0.3.7 3.00 21.00 24.00 NOTE
r-prerel-linux-x86_64 0.3.7 0.64 12.30 12.94 NOTE
r-prerel-solaris-sparc 0.3.7 146.70 NOTE
r-prerel-solaris-x86 0.3.7 33.60 NOTE
r-release-linux-x86_64 0.3.7 0.73 14.25 14.98 NOTE
r-release-osx-x86_64-mavericks 0.3.7 NOTE
r-release-osx-x86_64-snowleopard 0.3.7 OK
r-release-windows-ix86+x86_64 0.3.7 3.00 24.00 27.00 NOTE
r-oldrel-windows-ix86+x86_64 0.3.7 4.00 23.00 27.00 OK

Check Details

Version: 0.3.7
Check: DESCRIPTION meta-information
Result: NOTE
    Malformed Title field: should not end in a period.
Flavors: r-devel-linux-x86_64-debian-clang, r-devel-linux-x86_64-debian-gcc, r-devel-linux-x86_64-fedora-clang, r-devel-linux-x86_64-fedora-gcc, r-devel-osx-x86_64-clang, r-prerel-windows-ix86+x86_64, r-prerel-linux-x86_64, r-prerel-solaris-sparc, r-prerel-solaris-x86

Version: 0.3.7
Check: R code for possible problems
Result: NOTE
    install_version: no visible global function definition for
     ‘install_url’
Flavors: r-devel-linux-x86_64-debian-clang, r-devel-linux-x86_64-debian-gcc, r-devel-linux-x86_64-fedora-clang, r-devel-linux-x86_64-fedora-gcc, r-devel-osx-x86_64-clang, r-prerel-windows-ix86+x86_64, r-prerel-linux-x86_64, r-prerel-solaris-sparc, r-prerel-solaris-x86, r-release-linux-x86_64, r-release-osx-x86_64-mavericks, r-release-windows-ix86+x86_64