CRAN Package Check Results for Package rbundler

Last updated on 2015-07-03 09:47:12.

Flavor Version Tinstall Tcheck Ttotal Status Flags
r-devel-linux-x86_64-debian-clang 0.3.7 1.06 23.67 24.73 NOTE
r-devel-linux-x86_64-debian-gcc 0.3.7 1.35 17.75 19.10 NOTE
r-devel-linux-x86_64-fedora-clang 0.3.7 35.37 NOTE
r-devel-linux-x86_64-fedora-gcc 0.3.7 32.37 NOTE
r-devel-osx-x86_64-clang 0.3.7 33.64 NOTE
r-devel-windows-ix86+x86_64 0.3.7 4.00 32.00 36.00 NOTE
r-patched-linux-x86_64 0.3.7 1.09 18.17 19.26 NOTE
r-patched-solaris-sparc 0.3.7 268.40 NOTE
r-patched-solaris-x86 0.3.7 53.50 NOTE
r-release-linux-x86_64 0.3.7 1.11 18.43 19.54 NOTE
r-release-osx-x86_64-mavericks 0.3.7 NOTE
r-release-windows-ix86+x86_64 0.3.7 4.00 34.00 38.00 NOTE
r-oldrel-windows-ix86+x86_64 0.3.7 6.00 44.00 50.00 NOTE

Check Details

Version: 0.3.7
Check: DESCRIPTION meta-information
Result: NOTE
    Malformed Title field: should not end in a period.
Flavors: r-devel-linux-x86_64-debian-clang, r-devel-linux-x86_64-debian-gcc, r-devel-linux-x86_64-fedora-clang, r-devel-linux-x86_64-fedora-gcc, r-devel-osx-x86_64-clang, r-devel-windows-ix86+x86_64, r-patched-linux-x86_64, r-patched-solaris-sparc, r-patched-solaris-x86, r-release-linux-x86_64, r-release-osx-x86_64-mavericks, r-release-windows-ix86+x86_64

Version: 0.3.7
Check: R code for possible problems
Result: NOTE
    find_available_versions: no visible global function definition for
     ‘contrib.url’
    find_available_versions: no visible global function definition for
     ‘available.packages’
    install_version: no visible global function definition for
     ‘contrib.url’
    install_version: no visible global function definition for
     ‘available.packages’
    install_version: no visible global function definition for
     ‘install_url’
    load_available_packages: no visible global function definition for
     ‘contrib.url’
    validate_installed_package: no visible global function definition for
     ‘installed.packages’
    Undefined global functions or variables:
     available.packages contrib.url install_url installed.packages
Flavors: r-devel-linux-x86_64-debian-clang, r-devel-linux-x86_64-debian-gcc, r-devel-linux-x86_64-fedora-clang, r-devel-linux-x86_64-fedora-gcc, r-devel-windows-ix86+x86_64

Version: 0.3.7
Check: R code for possible problems
Result: NOTE
    install_version: no visible global function definition for
     ‘install_url’
    Undefined global functions or variables:
     install_url
Flavor: r-devel-osx-x86_64-clang

Version: 0.3.7
Check: R code for possible problems
Result: NOTE
    install_version: no visible global function definition for
     ‘install_url’
Flavors: r-patched-linux-x86_64, r-patched-solaris-sparc, r-patched-solaris-x86, r-release-linux-x86_64, r-release-osx-x86_64-mavericks, r-release-windows-ix86+x86_64, r-oldrel-windows-ix86+x86_64