CRAN Package Check Results for Package rbundler

Last updated on 2018-05-22 01:46:50 CEST.

Flavor Version Tinstall Tcheck Ttotal Status Flags
r-devel-linux-x86_64-debian-clang 0.3.7 1.49 29.24 30.73 NOTE
r-devel-linux-x86_64-debian-gcc 0.3.7 1.30 25.27 26.57 NOTE
r-devel-linux-x86_64-fedora-clang 0.3.7 41.48 NOTE
r-devel-linux-x86_64-fedora-gcc 0.3.7 39.07 NOTE
r-devel-windows-ix86+x86_64 0.3.7 6.00 49.00 55.00 NOTE
r-patched-linux-x86_64 0.3.7 2.37 32.26 34.63 NOTE
r-patched-solaris-x86 0.3.7 57.70 NOTE
r-release-linux-x86_64 0.3.7 1.77 31.67 33.44 NOTE
r-release-windows-ix86+x86_64 0.3.7 7.00 58.00 65.00 NOTE
r-release-osx-x86_64 0.3.7 NOTE
r-oldrel-windows-ix86+x86_64 0.3.7 7.00 44.00 51.00 NOTE
r-oldrel-osx-x86_64 0.3.7 NOTE

Check Details

Version: 0.3.7
Check: DESCRIPTION meta-information
Result: NOTE
    Malformed Title field: should not end in a period.
Flavors: r-devel-linux-x86_64-debian-clang, r-devel-linux-x86_64-debian-gcc, r-devel-linux-x86_64-fedora-clang, r-devel-linux-x86_64-fedora-gcc, r-devel-windows-ix86+x86_64, r-patched-linux-x86_64, r-patched-solaris-x86, r-release-linux-x86_64, r-release-windows-ix86+x86_64, r-release-osx-x86_64, r-oldrel-windows-ix86+x86_64, r-oldrel-osx-x86_64

Version: 0.3.7
Check: R code for possible problems
Result: NOTE
    find_available_versions: no visible global function definition for
     ‘contrib.url’
    find_available_versions: no visible global function definition for
     ‘available.packages’
    install_version: no visible global function definition for
     ‘contrib.url’
    install_version: no visible global function definition for
     ‘available.packages’
    install_version: no visible global function definition for
     ‘install_url’
    load_available_packages: no visible global function definition for
     ‘contrib.url’
    validate_installed_package: no visible global function definition for
     ‘installed.packages’
    Undefined global functions or variables:
     available.packages contrib.url install_url installed.packages
    Consider adding
     importFrom("utils", "available.packages", "contrib.url",
     "installed.packages")
    to your NAMESPACE file.
Flavors: r-devel-linux-x86_64-debian-clang, r-devel-linux-x86_64-debian-gcc, r-devel-linux-x86_64-fedora-clang, r-devel-linux-x86_64-fedora-gcc, r-devel-windows-ix86+x86_64, r-patched-linux-x86_64, r-patched-solaris-x86, r-release-linux-x86_64, r-release-windows-ix86+x86_64, r-release-osx-x86_64, r-oldrel-windows-ix86+x86_64, r-oldrel-osx-x86_64