CRAN Package Check Results for Package rbundler

Last updated on 2014-10-23 00:48:06.

Flavor Version Tinstall Tcheck Ttotal Status Flags
r-devel-linux-x86_64-debian-clang 0.3.7 0.81 15.59 16.40 NOTE
r-devel-linux-x86_64-debian-gcc 0.3.7 0.81 14.18 14.98 NOTE
r-devel-linux-x86_64-fedora-clang 0.3.7 27.45 NOTE
r-devel-linux-x86_64-fedora-gcc 0.3.7 25.01 NOTE
r-devel-osx-x86_64-clang 0.3.7 28.44 NOTE
r-devel-windows-ix86+x86_64 0.3.7 3.00 23.00 26.00 NOTE
r-patched-linux-x86_64 0.3.7 0.82 13.41 14.23 NOTE
r-patched-solaris-sparc 0.3.7 154.90 NOTE
r-patched-solaris-x86 0.3.7 39.40 NOTE
r-release-linux-ix86 0.3.7 1.11 19.90 21.01 OK
r-release-linux-x86_64 0.3.7 0.80 13.74 14.55 OK
r-release-osx-x86_64-mavericks 0.3.7 OK
r-release-osx-x86_64-snowleopard 0.3.7 OK
r-release-windows-ix86+x86_64 0.3.7 3.00 24.00 27.00 OK
r-oldrel-windows-ix86+x86_64 0.3.7 3.00 22.00 25.00 OK

Check Details

Version: 0.3.7
Check: R code for possible problems
Result: NOTE
    install_version: no visible global function definition for
     ‘install_url’
Flavors: r-devel-linux-x86_64-debian-clang, r-devel-linux-x86_64-debian-gcc, r-devel-linux-x86_64-fedora-clang, r-devel-linux-x86_64-fedora-gcc, r-devel-osx-x86_64-clang, r-devel-windows-ix86+x86_64, r-patched-linux-x86_64, r-patched-solaris-sparc, r-patched-solaris-x86