CRAN Package Check Results for Package rbundler

Last updated on 2015-01-25 09:51:36.

Flavor Version Tinstall Tcheck Ttotal Status Flags
r-devel-linux-x86_64-debian-clang 0.3.7 0.84 14.12 14.96 NOTE
r-devel-linux-x86_64-debian-gcc 0.3.7 0.81 13.58 14.40 NOTE
r-devel-linux-x86_64-fedora-clang 0.3.7 30.09 NOTE
r-devel-linux-x86_64-fedora-gcc 0.3.7 26.43 NOTE
r-devel-osx-x86_64-clang 0.3.7 31.03 NOTE
r-devel-windows-ix86+x86_64 0.3.7 3.00 25.00 28.00 NOTE
r-patched-linux-x86_64 0.3.7 0.85 13.66 14.51 NOTE
r-patched-solaris-sparc 0.3.7 146.50 NOTE
r-patched-solaris-x86 0.3.7 40.00 NOTE
r-release-linux-ix86 0.3.7 1.18 20.83 22.01 NOTE
r-release-linux-x86_64 0.3.7 0.84 13.28 14.12 NOTE
r-release-osx-x86_64-mavericks 0.3.7 NOTE
r-release-osx-x86_64-snowleopard 0.3.7 OK
r-release-windows-ix86+x86_64 0.3.7 4.00 25.00 29.00 NOTE
r-oldrel-windows-ix86+x86_64 0.3.7 4.00 24.00 28.00 OK

Check Details

Version: 0.3.7
Check: R code for possible problems
Result: NOTE
    install_version: no visible global function definition for
     ‘install_url’
Flavors: r-devel-linux-x86_64-debian-clang, r-devel-linux-x86_64-debian-gcc, r-devel-linux-x86_64-fedora-clang, r-devel-linux-x86_64-fedora-gcc, r-devel-osx-x86_64-clang, r-devel-windows-ix86+x86_64, r-patched-linux-x86_64, r-patched-solaris-sparc, r-patched-solaris-x86, r-release-linux-ix86, r-release-linux-x86_64, r-release-osx-x86_64-mavericks, r-release-windows-ix86+x86_64