CRAN Package Check Results for Package rbundler

Last updated on 2015-08-30 23:47:54.

Flavor Version Tinstall Tcheck Ttotal Status Flags
r-devel-linux-x86_64-debian-clang 0.3.7 1.06 19.25 20.32 NOTE
r-devel-linux-x86_64-debian-gcc 0.3.7 1.03 17.93 18.96 NOTE
r-devel-linux-x86_64-fedora-clang 0.3.7 34.22 NOTE
r-devel-linux-x86_64-fedora-gcc 0.3.7 32.91 NOTE
r-devel-osx-x86_64-clang 0.3.7 32.60 NOTE
r-devel-windows-ix86+x86_64 0.3.7 7.00 37.00 44.00 NOTE
r-patched-linux-x86_64 0.3.7 1.14 18.44 19.58 NOTE
r-patched-solaris-sparc 0.3.7 232.60 NOTE
r-patched-solaris-x86 0.3.7 55.90 NOTE
r-release-linux-x86_64 0.3.7 1.20 19.34 20.54 NOTE
r-release-osx-x86_64-mavericks 0.3.7 NOTE
r-release-windows-ix86+x86_64 0.3.7 5.00 53.00 58.00 NOTE
r-oldrel-windows-ix86+x86_64 0.3.7 11.00 65.00 76.00 NOTE

Check Details

Version: 0.3.7
Check: DESCRIPTION meta-information
Result: NOTE
    Malformed Title field: should not end in a period.
Flavors: r-devel-linux-x86_64-debian-clang, r-devel-linux-x86_64-debian-gcc, r-devel-linux-x86_64-fedora-clang, r-devel-linux-x86_64-fedora-gcc, r-devel-osx-x86_64-clang, r-devel-windows-ix86+x86_64, r-patched-linux-x86_64, r-patched-solaris-sparc, r-patched-solaris-x86, r-release-linux-x86_64, r-release-osx-x86_64-mavericks, r-release-windows-ix86+x86_64

Version: 0.3.7
Check: R code for possible problems
Result: NOTE
    find_available_versions: no visible global function definition for
     ‘contrib.url’
    find_available_versions: no visible global function definition for
     ‘available.packages’
    install_version: no visible global function definition for
     ‘contrib.url’
    install_version: no visible global function definition for
     ‘available.packages’
    install_version: no visible global function definition for
     ‘install_url’
    load_available_packages: no visible global function definition for
     ‘contrib.url’
    validate_installed_package: no visible global function definition for
     ‘installed.packages’
    Undefined global functions or variables:
     available.packages contrib.url install_url installed.packages
    Consider adding
     importFrom("utils", "available.packages", "contrib.url",
     "installed.packages")
    to your NAMESPACE.
Flavors: r-devel-linux-x86_64-debian-clang, r-devel-linux-x86_64-debian-gcc, r-devel-linux-x86_64-fedora-clang, r-devel-linux-x86_64-fedora-gcc, r-devel-windows-ix86+x86_64

Version: 0.3.7
Check: R code for possible problems
Result: NOTE
    install_version: no visible global function definition for
     ‘install_url’
    Undefined global functions or variables:
     install_url
Flavor: r-devel-osx-x86_64-clang

Version: 0.3.7
Check: R code for possible problems
Result: NOTE
    install_version: no visible global function definition for
     ‘install_url’
Flavors: r-patched-linux-x86_64, r-patched-solaris-sparc, r-patched-solaris-x86, r-release-linux-x86_64, r-release-osx-x86_64-mavericks, r-release-windows-ix86+x86_64, r-oldrel-windows-ix86+x86_64