CRAN Package Check Results for Package rbundler

Last updated on 2014-08-29 09:48:05.

Flavor Version Tinstall Tcheck Ttotal Status Flags
r-devel-linux-x86_64-debian-clang 0.3.7 1.24 84.28 85.52 NOTE
r-devel-linux-x86_64-debian-gcc 0.3.7 1.23 19.46 20.69 NOTE
r-devel-linux-x86_64-fedora-clang 0.3.7 44.56 NOTE
r-devel-linux-x86_64-fedora-gcc 0.3.7 40.55 NOTE
r-devel-osx-x86_64-clang 0.3.7 42.34 NOTE
r-devel-windows-ix86+x86_64 0.3.7 5.00 36.00 41.00 NOTE
r-patched-linux-x86_64 0.3.7 1.26 23.09 24.35 OK
r-patched-solaris-sparc 0.3.7 240.50 OK
r-patched-solaris-x86 0.3.7 59.80 OK
r-release-linux-ix86 0.3.7 1.64 28.24 29.88 OK
r-release-linux-x86_64 0.3.7 1.32 21.04 22.35 OK
r-release-osx-x86_64-mavericks 0.3.7 OK
r-release-osx-x86_64-snowleopard 0.3.7 OK
r-release-windows-ix86+x86_64 0.3.7 6.00 35.00 41.00 OK
r-oldrel-windows-ix86+x86_64 0.3.7 5.00 41.00 46.00 OK

Check Details

Version: 0.3.7
Check: R code for possible problems
Result: NOTE
    install_version: no visible global function definition for
     ‘install_url’
Flavors: r-devel-linux-x86_64-debian-clang, r-devel-linux-x86_64-debian-gcc, r-devel-linux-x86_64-fedora-clang, r-devel-linux-x86_64-fedora-gcc, r-devel-osx-x86_64-clang, r-devel-windows-ix86+x86_64