CRAN Package Check Results for Package rbundler

Last updated on 2015-04-25 17:46:56.

Flavor Version Tinstall Tcheck Ttotal Status Flags
r-devel-linux-x86_64-debian-clang 0.3.7 0.68 13.67 14.35 NOTE
r-devel-linux-x86_64-debian-gcc 0.3.7 0.84 12.42 13.26 NOTE
r-devel-linux-x86_64-fedora-clang 0.3.7 23.17 NOTE
r-devel-linux-x86_64-fedora-gcc 0.3.7 21.38 NOTE
r-devel-osx-x86_64-clang 0.3.7 25.98 NOTE
r-devel-windows-ix86+x86_64 0.3.7 3.00 22.00 25.00 NOTE
r-patched-linux-x86_64 0.3.7 0.68 12.77 13.46 NOTE
r-patched-solaris-sparc 0.3.7 146.70 NOTE
r-patched-solaris-x86 0.3.7 33.50 NOTE
r-release-linux-x86_64 0.3.7 0.64 12.69 13.32 NOTE
r-release-osx-x86_64-mavericks 0.3.7 NOTE
r-release-osx-x86_64-snowleopard 0.3.7 ERROR
r-release-windows-ix86+x86_64 0.3.7 3.00 22.00 25.00 NOTE
r-oldrel-windows-ix86+x86_64 0.3.7 2.00 20.00 22.00 NOTE

Check Details

Version: 0.3.7
Check: DESCRIPTION meta-information
Result: NOTE
    Malformed Title field: should not end in a period.
Flavors: r-devel-windows-ix86+x86_64, r-release-windows-ix86+x86_64

Version: 0.3.7
Check: R code for possible problems
Result: NOTE
    install_version: no visible global function definition for
     'install_url'
Flavors: r-devel-windows-ix86+x86_64, r-release-windows-ix86+x86_64, r-oldrel-windows-ix86+x86_64