CRAN Package Check Results for Package rbundler

Last updated on 2016-10-01 22:47:33.

Flavor Version Tinstall Tcheck Ttotal Status Flags
r-devel-linux-x86_64-debian-clang 0.3.7 1.30 22.18 23.48 NOTE
r-devel-linux-x86_64-debian-gcc 0.3.7 1.39 22.33 23.72 NOTE
r-devel-linux-x86_64-fedora-clang 0.3.7 38.60 NOTE
r-devel-linux-x86_64-fedora-gcc 0.3.7 36.50 NOTE
r-devel-macos-x86_64-clang 0.3.7 29.43 NOTE
r-devel-windows-ix86+x86_64 0.3.7 9.00 52.00 61.00 NOTE
r-patched-linux-x86_64 0.3.7 1.30 20.95 22.25 NOTE
r-patched-solaris-sparc 0.3.7 121.00 NOTE
r-patched-solaris-x86 0.3.7 43.20 NOTE
r-release-linux-x86_64 0.3.7 1.32 21.06 22.38 NOTE
r-release-osx-x86_64-mavericks 0.3.7 NOTE
r-release-windows-ix86+x86_64 0.3.7 4.00 57.00 61.00 NOTE
r-oldrel-windows-ix86+x86_64 0.3.7 4.00 39.00 43.00 NOTE

Check Details

Version: 0.3.7
Check: DESCRIPTION meta-information
Result: NOTE
    Malformed Title field: should not end in a period.
Flavors: r-devel-linux-x86_64-debian-clang, r-devel-linux-x86_64-debian-gcc, r-devel-linux-x86_64-fedora-clang, r-devel-linux-x86_64-fedora-gcc, r-devel-macos-x86_64-clang, r-devel-windows-ix86+x86_64, r-patched-linux-x86_64, r-patched-solaris-sparc, r-patched-solaris-x86, r-release-linux-x86_64, r-release-osx-x86_64-mavericks, r-release-windows-ix86+x86_64, r-oldrel-windows-ix86+x86_64

Version: 0.3.7
Check: R code for possible problems
Result: NOTE
    find_available_versions: no visible global function definition for
     ‘contrib.url’
    find_available_versions: no visible global function definition for
     ‘available.packages’
    install_version: no visible global function definition for
     ‘contrib.url’
    install_version: no visible global function definition for
     ‘available.packages’
    install_version: no visible global function definition for
     ‘install_url’
    load_available_packages: no visible global function definition for
     ‘contrib.url’
    validate_installed_package: no visible global function definition for
     ‘installed.packages’
    Undefined global functions or variables:
     available.packages contrib.url install_url installed.packages
    Consider adding
     importFrom("utils", "available.packages", "contrib.url",
     "installed.packages")
    to your NAMESPACE file.
Flavors: r-devel-linux-x86_64-debian-clang, r-devel-linux-x86_64-debian-gcc, r-devel-linux-x86_64-fedora-clang, r-devel-linux-x86_64-fedora-gcc, r-devel-macos-x86_64-clang, r-devel-windows-ix86+x86_64, r-patched-linux-x86_64, r-patched-solaris-sparc, r-patched-solaris-x86, r-release-linux-x86_64, r-release-osx-x86_64-mavericks, r-release-windows-ix86+x86_64

Version: 0.3.7
Check: R code for possible problems
Result: NOTE
    install_version: no visible global function definition for
     'install_url'
Flavor: r-oldrel-windows-ix86+x86_64