CRAN Package Check Results for Package rbundler

Last updated on 2016-02-09 06:49:57.

Flavor Version Tinstall Tcheck Ttotal Status Flags
r-devel-linux-x86_64-debian-gcc 0.3.7 0.74 10.61 11.35 NOTE
r-devel-linux-x86_64-fedora-clang 0.3.7 19.27 NOTE
r-devel-linux-x86_64-fedora-gcc 0.3.7 18.14 NOTE
r-devel-osx-x86_64-clang 0.3.7 23.73 NOTE
r-devel-windows-ix86+x86_64 0.3.7 4.00 36.00 40.00 NOTE
r-patched-linux-x86_64 0.3.7 0.70 11.49 12.19 NOTE
r-patched-solaris-sparc 0.3.7 128.90 NOTE
r-patched-solaris-x86 0.3.7 28.40 NOTE
r-release-linux-x86_64 0.3.7 0.77 11.89 12.66 NOTE
r-release-osx-x86_64-mavericks 0.3.7 NOTE
r-release-windows-ix86+x86_64 0.3.7 4.00 31.00 35.00 NOTE
r-oldrel-windows-ix86+x86_64 0.3.7 5.00 40.00 45.00 NOTE

Check Details

Version: 0.3.7
Check: DESCRIPTION meta-information
Result: NOTE
    Malformed Title field: should not end in a period.
Flavors: r-devel-linux-x86_64-debian-gcc, r-devel-linux-x86_64-fedora-clang, r-devel-linux-x86_64-fedora-gcc, r-devel-osx-x86_64-clang, r-devel-windows-ix86+x86_64, r-patched-linux-x86_64, r-patched-solaris-sparc, r-patched-solaris-x86, r-release-linux-x86_64, r-release-osx-x86_64-mavericks, r-release-windows-ix86+x86_64

Version: 0.3.7
Check: R code for possible problems
Result: NOTE
    find_available_versions: no visible global function definition for
     ‘contrib.url’
    find_available_versions: no visible global function definition for
     ‘available.packages’
    install_version: no visible global function definition for
     ‘contrib.url’
    install_version: no visible global function definition for
     ‘available.packages’
    install_version: no visible global function definition for
     ‘install_url’
    load_available_packages: no visible global function definition for
     ‘contrib.url’
    validate_installed_package: no visible global function definition for
     ‘installed.packages’
    Undefined global functions or variables:
     available.packages contrib.url install_url installed.packages
    Consider adding
     importFrom("utils", "available.packages", "contrib.url",
     "installed.packages")
    to your NAMESPACE file.
Flavors: r-devel-linux-x86_64-debian-gcc, r-devel-linux-x86_64-fedora-clang, r-devel-linux-x86_64-fedora-gcc, r-devel-osx-x86_64-clang, r-devel-windows-ix86+x86_64

Version: 0.3.7
Check: R code for possible problems
Result: NOTE
    install_version: no visible global function definition for
     ‘install_url’
Flavors: r-patched-linux-x86_64, r-patched-solaris-sparc, r-patched-solaris-x86, r-release-linux-x86_64, r-release-osx-x86_64-mavericks, r-release-windows-ix86+x86_64, r-oldrel-windows-ix86+x86_64