CRAN Package Check Results for Package rbundler

Last updated on 2014-12-19 12:48:25.

Flavor Version Tinstall Tcheck Ttotal Status Flags
r-devel-linux-x86_64-debian-clang 0.3.7 0.82 14.38 15.20 NOTE
r-devel-linux-x86_64-debian-gcc 0.3.7 0.77 13.65 14.42 NOTE
r-devel-linux-x86_64-fedora-clang 0.3.7 30.25 NOTE
r-devel-linux-x86_64-fedora-gcc 0.3.7 26.10 NOTE
r-devel-osx-x86_64-clang 0.3.7 29.62 NOTE
r-devel-windows-ix86+x86_64 0.3.7 4.00 23.00 27.00 NOTE
r-patched-linux-x86_64 0.3.7 0.87 13.61 14.48 NOTE
r-patched-solaris-sparc 0.3.7 154.90 NOTE
r-patched-solaris-x86 0.3.7 39.80 NOTE
r-release-linux-ix86 0.3.7 1.12 19.28 20.40 NOTE
r-release-linux-x86_64 0.3.7 0.84 14.39 15.23 NOTE
r-release-osx-x86_64-mavericks 0.3.7 OK
r-release-osx-x86_64-snowleopard 0.3.7 OK
r-release-windows-ix86+x86_64 0.3.7 3.00 22.00 25.00 NOTE
r-oldrel-windows-ix86+x86_64 0.3.7 3.00 24.00 27.00 OK

Check Details

Version: 0.3.7
Check: R code for possible problems
Result: NOTE
    install_version: no visible global function definition for
     ‘install_url’
Flavors: r-devel-linux-x86_64-debian-clang, r-devel-linux-x86_64-debian-gcc, r-devel-linux-x86_64-fedora-clang, r-devel-linux-x86_64-fedora-gcc, r-devel-osx-x86_64-clang, r-devel-windows-ix86+x86_64, r-patched-linux-x86_64, r-patched-solaris-sparc, r-patched-solaris-x86, r-release-linux-ix86, r-release-linux-x86_64, r-release-windows-ix86+x86_64