CRAN Package Check Results for Package rcbsubset

Last updated on 2024-04-21 21:51:30 CEST.

Flavor Version Tinstall Tcheck Ttotal Status Flags
r-devel-linux-x86_64-debian-clang 1.1.7 3.95 34.83 38.78 NOTE
r-devel-linux-x86_64-debian-gcc 1.1.7 2.82 26.50 29.32 NOTE
r-devel-linux-x86_64-fedora-clang 1.1.7 49.79 NOTE
r-devel-linux-x86_64-fedora-gcc 1.1.7 47.73 NOTE
r-prerel-macos-arm64 1.1.7 19.00 NOTE
r-prerel-windows-x86_64 1.1.7 4.00 46.00 50.00 NOTE
r-patched-linux-x86_64 1.1.7 2.33 34.25 36.58 NOTE
r-release-linux-x86_64 1.1.7 2.68 34.76 37.44 NOTE
r-release-macos-arm64 1.1.7 20.00 NOTE
r-release-macos-x86_64 1.1.7 28.00 NOTE
r-release-windows-x86_64 1.1.7 5.00 47.00 52.00 NOTE
r-oldrel-macos-arm64 1.1.7 21.00 NOTE
r-oldrel-windows-x86_64 1.1.7 5.00 54.00 59.00 NOTE

Check Details

Version: 1.1.7
Check: package dependencies
Result: NOTE Package suggested but not available for checking: ‘rrelaxiv’ Flavors: r-devel-linux-x86_64-debian-clang, r-devel-linux-x86_64-debian-gcc, r-devel-linux-x86_64-fedora-clang, r-devel-linux-x86_64-fedora-gcc, r-prerel-macos-arm64, r-prerel-windows-x86_64, r-patched-linux-x86_64, r-release-linux-x86_64, r-release-macos-arm64, r-release-macos-x86_64, r-release-windows-x86_64, r-oldrel-macos-arm64, r-oldrel-windows-x86_64

Version: 1.1.7
Check: dependencies in R code
Result: NOTE Namespace in Imports field not imported from: ‘rlemon’ All declared Imports should be used. Flavors: r-devel-linux-x86_64-fedora-clang, r-devel-linux-x86_64-fedora-gcc