CRAN Package Check Results for Package rcdd

Last updated on 2014-12-22 01:47:44.

Flavor Version Tinstall Tcheck Ttotal Status Flags
r-devel-linux-x86_64-debian-clang 1.1-8 6.78 31.07 37.85 NOTE
r-devel-linux-x86_64-debian-gcc 1.1-8 8.40 31.13 39.53 NOTE
r-devel-linux-x86_64-fedora-clang 1.1-8 76.01 NOTE
r-devel-linux-x86_64-fedora-gcc 1.1-8 74.03 NOTE
r-devel-osx-x86_64-clang 1.1-8 70.27 NOTE
r-devel-windows-ix86+x86_64 1.1-8 81.00 88.00 169.00 NOTE
r-patched-linux-x86_64 1.1-8 8.55 31.22 39.77 NOTE
r-patched-solaris-sparc 1.1-8 NOTE
r-patched-solaris-x86 1.1-8 119.30 NOTE
r-release-linux-ix86 1.1-8 11.78 51.47 63.24 NOTE
r-release-linux-x86_64 1.1-8 8.68 31.92 40.60 NOTE
r-release-osx-x86_64-mavericks 1.1-8 OK
r-release-osx-x86_64-snowleopard 1.1-8 OK
r-release-windows-ix86+x86_64 1.1-8 47.00 99.00 146.00 NOTE
r-oldrel-windows-ix86+x86_64 1.1-8 47.00 93.00 140.00 OK

Check Details

Version: 1.1-8
Check: compiled code
Result: NOTE
    File ‘rcdd/libs/rcdd.so’:
     Found ‘rand’, possibly from ‘rand’ (C)
     Objects: ‘cddcore.o’, ‘cddcore_f.o’, ‘cddlp.o’, ‘cddlp_f.o’
     Found ‘srand’, possibly from ‘srand’ (C)
     Objects: ‘cddcore.o’, ‘cddcore_f.o’, ‘cddlp.o’, ‘cddlp_f.o’
    
    Compiled code should not call entry points which might terminate R nor
    write to stdout/stderr instead of to the console, nor the system RNG.
    
    See ‘Writing portable packages’ in the ‘Writing R Extensions’ manual.
Flavors: r-devel-linux-x86_64-debian-clang, r-devel-linux-x86_64-debian-gcc, r-devel-linux-x86_64-fedora-clang, r-devel-linux-x86_64-fedora-gcc, r-patched-linux-x86_64, r-patched-solaris-sparc, r-patched-solaris-x86

Version: 1.1-8
Check: compiled code
Result: NOTE
    File ‘rcdd/libs/rcdd.so’:
     Found ‘_rand’, possibly from ‘rand’ (C)
     Objects: ‘cddcore.o’, ‘cddcore_f.o’, ‘cddlp.o’, ‘cddlp_f.o’
     Found ‘_srand’, possibly from ‘srand’ (C)
     Objects: ‘cddcore.o’, ‘cddcore_f.o’, ‘cddlp.o’, ‘cddlp_f.o’
    
    Compiled code should not call entry points which might terminate R nor
    write to stdout/stderr instead of to the console, nor the system RNG.
    
    See ‘Writing portable packages’ in the ‘Writing R Extensions’ manual.
Flavor: r-devel-osx-x86_64-clang

Version: 1.1-8
Check: compiled code
Result: NOTE
    File 'rcdd/libs/i386/rcdd.dll':
     Found 'rand', possibly from 'rand' (C)
     Objects: 'cddcore.o', 'cddcore_f.o', 'cddlp.o', 'cddlp_f.o'
     Found 'srand', possibly from 'srand' (C)
     Objects: 'cddcore.o', 'cddcore_f.o', 'cddlp.o', 'cddlp_f.o'
    File 'rcdd/libs/x64/rcdd.dll':
     Found 'rand', possibly from 'rand' (C)
     Objects: 'cddcore.o', 'cddcore_f.o', 'cddlp.o', 'cddlp_f.o'
     Found 'srand', possibly from 'srand' (C)
     Objects: 'cddcore.o', 'cddcore_f.o', 'cddlp.o', 'cddlp_f.o'
    
    Compiled code should not call entry points which might terminate R nor
    write to stdout/stderr instead of to the console, nor the system RNG.
    
    See 'Writing portable packages' in the 'Writing R Extensions' manual.
Flavor: r-devel-windows-ix86+x86_64

Version: 1.1-8
Check: compiled code
Result: NOTE
    File ‘rcdd/libs/rcdd.so’:
     Found ‘rand’, possibly from ‘rand’ (C)
     Objects: ‘cddcore.o’, ‘cddcore_f.o’, ‘cddlp.o’, ‘cddlp_f.o’
     Found ‘srand’, possibly from ‘srand’ (C)
     Objects: ‘cddcore.o’, ‘cddcore_f.o’, ‘cddlp.o’, ‘cddlp_f.o’
    
    Compiled code should not call entry points which might terminate R nor
    write to stdout/stderr instead of to the console, nor the C RNG.
    
    See ‘Writing portable packages’ in the ‘Writing R Extensions’ manual.
Flavors: r-release-linux-ix86, r-release-linux-x86_64

Version: 1.1-8
Check: compiled code
Result: NOTE
    File 'rcdd/libs/i386/rcdd.dll':
     Found 'rand', possibly from 'rand' (C)
     Objects: 'cddcore.o', 'cddcore_f.o', 'cddlp.o', 'cddlp_f.o'
     Found 'srand', possibly from 'srand' (C)
     Objects: 'cddcore.o', 'cddcore_f.o', 'cddlp.o', 'cddlp_f.o'
    File 'rcdd/libs/x64/rcdd.dll':
     Found 'rand', possibly from 'rand' (C)
     Objects: 'cddcore.o', 'cddcore_f.o', 'cddlp.o', 'cddlp_f.o'
     Found 'srand', possibly from 'srand' (C)
     Objects: 'cddcore.o', 'cddcore_f.o', 'cddlp.o', 'cddlp_f.o'
    
    Compiled code should not call entry points which might terminate R nor
    write to stdout/stderr instead of to the console, nor the C RNG.
    
    See 'Writing portable packages' in the 'Writing R Extensions' manual.
Flavor: r-release-windows-ix86+x86_64