CRAN Package Check Results for Package rcdd

Last updated on 2017-02-23 07:47:58.

Flavor Version Tinstall Tcheck Ttotal Status Flags
r-devel-linux-x86_64-debian-clang 1.1-10 10.51 32.70 43.21 NOTE
r-devel-linux-x86_64-debian-gcc 1.1-10 9.88 32.97 42.85 NOTE
r-devel-linux-x86_64-fedora-clang 1.1-10 80.81 NOTE --no-stop-on-test-error
r-devel-linux-x86_64-fedora-gcc 1.1-10 75.39 NOTE --no-stop-on-test-error
r-devel-macos-x86_64-clang 1.1-10 66.51 NOTE --no-stop-on-test-error
r-devel-windows-ix86+x86_64 1.1-10 59.00 123.00 182.00 OK
r-patched-linux-x86_64 1.1-10 8.69 28.20 36.89 OK
r-patched-solaris-sparc 1.1-10 402.60 OK
r-patched-solaris-x86 1.1-10 100.70 OK
r-release-linux-x86_64 1.1-10 8.67 28.01 36.69 OK
r-release-osx-x86_64-mavericks 1.1-10 OK
r-release-windows-ix86+x86_64 1.1-10 268.00 86.00 354.00 OK
r-oldrel-windows-ix86+x86_64 1.1-10 152.00 98.00 250.00 OK

Check Details

Version: 1.1-10
Check: compiled code
Result: NOTE
    File ‘rcdd/libs/rcdd.so’:
     Found no call to: ‘R_useDynamicSymbols’
    
    It is good practice to register native routines and to disable symbol
    search.
    
    See ‘Writing portable packages’ in the ‘Writing R Extensions’ manual.
Flavors: r-devel-linux-x86_64-debian-clang, r-devel-linux-x86_64-debian-gcc

Version: 1.1-10
Flags: --no-stop-on-test-error
Check: compiled code
Result: NOTE
    File ‘rcdd/libs/rcdd.so’:
     Found no call to: ‘R_useDynamicSymbols’
    
    It is good practice to register native routines and to disable symbol
    search.
    
    See ‘Writing portable packages’ in the ‘Writing R Extensions’ manual.
Flavors: r-devel-linux-x86_64-fedora-clang, r-devel-linux-x86_64-fedora-gcc, r-devel-macos-x86_64-clang