CRAN Package Check Results for Package rcdd

Last updated on 2017-05-24 07:50:02.

Flavor Version Tinstall Tcheck Ttotal Status Flags
r-devel-linux-x86_64-debian-clang 1.1-13 11.49 33.21 44.69 OK
r-devel-linux-x86_64-debian-gcc 1.1-13 11.95 32.96 44.90 OK
r-devel-linux-x86_64-fedora-clang 1.1-13 77.10 OK --no-stop-on-test-error
r-devel-linux-x86_64-fedora-gcc 1.1-13 74.36 OK --no-stop-on-test-error
r-devel-windows-ix86+x86_64 1.1-13 84.00 97.00 181.00 OK
r-patched-linux-x86_64 1.1-13 12.78 32.70 45.49 OK
r-patched-solaris-sparc 1.1-13 452.30 OK
r-patched-solaris-x86 1.1-13 114.50 OK
r-release-linux-x86_64 1.1-13 11.00 32.93 43.93 OK
r-release-windows-ix86+x86_64 1.1-13 58.00 97.00 155.00 OK
r-release-osx-x86_64 1.1-13 ERROR
r-oldrel-windows-ix86+x86_64 1.1-13 55.00 81.00 136.00 OK
r-oldrel-osx-x86_64 1.1-13 OK

Check Details

Version: 1.1-13
Check: whether package can be installed
Result: ERROR
    Installation failed.
Flavor: r-release-osx-x86_64