CRAN Package Check Results for Package rcdd

Last updated on 2014-10-20 05:47:23.

Flavor Version Tinstall Tcheck Ttotal Status Flags
r-devel-linux-x86_64-debian-clang 1.1-8 6.96 31.35 38.31 NOTE
r-devel-linux-x86_64-debian-gcc 1.1-8 8.70 31.14 39.84 NOTE
r-devel-linux-x86_64-fedora-clang 1.1-8 76.67 NOTE
r-devel-linux-x86_64-fedora-gcc 1.1-8 75.70 NOTE
r-devel-osx-x86_64-clang 1.1-8 65.75 NOTE
r-devel-windows-ix86+x86_64 1.1-8 50.00 79.00 129.00 NOTE
r-patched-linux-x86_64 1.1-8 8.66 31.66 40.32 NOTE
r-patched-solaris-sparc 1.1-8 468.70 NOTE
r-patched-solaris-x86 1.1-8 118.10 NOTE
r-release-linux-ix86 1.1-8 12.31 52.91 65.22 OK
r-release-linux-x86_64 1.1-8 8.60 31.24 39.84 OK
r-release-osx-x86_64-mavericks 1.1-8 OK
r-release-osx-x86_64-snowleopard 1.1-8 OK
r-release-windows-ix86+x86_64 1.1-8 66.00 110.00 176.00 OK
r-oldrel-windows-ix86+x86_64 1.1-8 47.00 93.00 140.00 OK

Check Details

Version: 1.1-8
Check: compiled code
Result: NOTE
    File ‘rcdd/libs/rcdd.so’:
     Found ‘rand’, possibly from ‘rand’ (C)
     Objects: ‘cddcore.o’, ‘cddcore_f.o’, ‘cddlp.o’, ‘cddlp_f.o’
     Found ‘srand’, possibly from ‘srand’ (C)
     Objects: ‘cddcore.o’, ‘cddcore_f.o’, ‘cddlp.o’, ‘cddlp_f.o’
    
    Compiled code should not call entry points which might terminate R nor
    write to stdout/stderr instead of to the console, nor the C RNG.
    
    See ‘Writing portable packages’ in the ‘Writing R Extensions’ manual.
Flavors: r-devel-linux-x86_64-debian-clang, r-devel-linux-x86_64-debian-gcc, r-devel-linux-x86_64-fedora-clang, r-devel-linux-x86_64-fedora-gcc, r-patched-linux-x86_64, r-patched-solaris-sparc, r-patched-solaris-x86

Version: 1.1-8
Check: compiled code
Result: NOTE
    File ‘rcdd/libs/rcdd.so’:
     Found ‘_rand’, possibly from ‘rand’ (C)
     Objects: ‘cddcore.o’, ‘cddcore_f.o’, ‘cddlp.o’, ‘cddlp_f.o’
     Found ‘_srand’, possibly from ‘srand’ (C)
     Objects: ‘cddcore.o’, ‘cddcore_f.o’, ‘cddlp.o’, ‘cddlp_f.o’
    
    Compiled code should not call entry points which might terminate R nor
    write to stdout/stderr instead of to the console, nor the C RNG.
    
    See ‘Writing portable packages’ in the ‘Writing R Extensions’ manual.
Flavor: r-devel-osx-x86_64-clang

Version: 1.1-8
Check: compiled code
Result: NOTE
    File 'rcdd/libs/i386/rcdd.dll':
     Found 'rand', possibly from 'rand' (C)
     Objects: 'cddcore.o', 'cddcore_f.o', 'cddlp.o', 'cddlp_f.o'
     Found 'srand', possibly from 'srand' (C)
     Objects: 'cddcore.o', 'cddcore_f.o', 'cddlp.o', 'cddlp_f.o'
    File 'rcdd/libs/x64/rcdd.dll':
     Found 'rand', possibly from 'rand' (C)
     Objects: 'cddcore.o', 'cddcore_f.o', 'cddlp.o', 'cddlp_f.o'
     Found 'srand', possibly from 'srand' (C)
     Objects: 'cddcore.o', 'cddcore_f.o', 'cddlp.o', 'cddlp_f.o'
    
    Compiled code should not call entry points which might terminate R nor
    write to stdout/stderr instead of to the console, nor the C RNG.
    
    See 'Writing portable packages' in the 'Writing R Extensions' manual.
Flavor: r-devel-windows-ix86+x86_64