CRAN Package Check Results for Package rcdd

Last updated on 2017-06-28 03:48:51.

Flavor Version Tinstall Tcheck Ttotal Status Flags
r-devel-linux-x86_64-debian-clang 1.2 11.32 33.32 44.64 OK
r-devel-linux-x86_64-debian-gcc 1.2 11.77 32.77 44.55 OK
r-devel-linux-x86_64-fedora-clang 1.2 77.88 OK
r-devel-linux-x86_64-fedora-gcc 1.2 75.94 OK
r-devel-windows-ix86+x86_64 1.2 84.00 98.00 182.00 OK
r-patched-linux-x86_64 1.2 12.96 33.20 46.15 OK
r-patched-solaris-sparc 1.2 440.10 OK
r-patched-solaris-x86 1.2 117.00 OK
r-release-linux-x86_64 1.2 12.17 32.93 45.09 OK
r-release-windows-ix86+x86_64 1.2 76.00 117.00 193.00 OK
r-release-osx-x86_64 1.2 ERROR
r-oldrel-windows-ix86+x86_64 1.2 70.00 99.00 169.00 OK
r-oldrel-osx-x86_64 1.2 OK

Check Details

Version: 1.2
Check: whether package can be installed
Result: ERROR
    Installation failed.
Flavor: r-release-osx-x86_64