CRAN Package Check Results for Package rcdd

Last updated on 2015-07-01 17:47:51.

Flavor Version Tinstall Tcheck Ttotal Status Flags
r-devel-linux-x86_64-debian-clang 1.1-8 7.11 29.91 37.02 NOTE
r-devel-linux-x86_64-debian-gcc 1.1-8 8.36 29.65 38.01 NOTE
r-devel-linux-x86_64-fedora-clang 1.1-8 70.69 NOTE
r-devel-linux-x86_64-fedora-gcc 1.1-8 71.32 NOTE
r-devel-osx-x86_64-clang 1.1-8 71.35 NOTE
r-devel-windows-ix86+x86_64 1.1-8 76.00 84.00 160.00 NOTE
r-patched-linux-x86_64 1.1-8 8.50 32.40 40.90 NOTE
r-patched-solaris-sparc 1.1-8 485.80 NOTE
r-patched-solaris-x86 1.1-8 114.40 NOTE
r-release-linux-x86_64 1.1-8 8.42 31.04 39.46 NOTE
r-release-osx-x86_64-mavericks 1.1-8 NOTE
r-release-windows-ix86+x86_64 1.1-8 52.00 85.00 137.00 NOTE
r-oldrel-windows-ix86+x86_64 1.1-8 58.00 88.00 146.00 NOTE

Check Details

Version: 1.1-8
Check: R code for possible problems
Result: NOTE
    lpcdd: no visible global function definition for ‘as’
Flavors: r-devel-linux-x86_64-debian-clang, r-devel-linux-x86_64-debian-gcc, r-devel-linux-x86_64-fedora-clang, r-devel-linux-x86_64-fedora-gcc

Version: 1.1-8
Check: compiled code
Result: NOTE
    File ‘rcdd/libs/rcdd.so’:
     Found ‘rand’, possibly from ‘rand’ (C)
     Objects: ‘cddcore.o’, ‘cddcore_f.o’, ‘cddlp.o’, ‘cddlp_f.o’
     Found ‘srand’, possibly from ‘srand’ (C)
     Objects: ‘cddcore.o’, ‘cddcore_f.o’, ‘cddlp.o’, ‘cddlp_f.o’
    
    Compiled code should not call entry points which might terminate R nor
    write to stdout/stderr instead of to the console, nor the system RNG.
    
    See ‘Writing portable packages’ in the ‘Writing R Extensions’ manual.
Flavors: r-devel-linux-x86_64-debian-clang, r-devel-linux-x86_64-debian-gcc, r-devel-linux-x86_64-fedora-clang, r-devel-linux-x86_64-fedora-gcc, r-patched-linux-x86_64, r-patched-solaris-sparc, r-patched-solaris-x86, r-release-linux-x86_64

Version: 1.1-8
Check: compiled code
Result: NOTE
    File ‘rcdd/libs/rcdd.so’:
     Found ‘_rand’, possibly from ‘rand’ (C)
     Objects: ‘cddcore.o’, ‘cddcore_f.o’, ‘cddlp.o’, ‘cddlp_f.o’
     Found ‘_srand’, possibly from ‘srand’ (C)
     Objects: ‘cddcore.o’, ‘cddcore_f.o’, ‘cddlp.o’, ‘cddlp_f.o’
    
    Compiled code should not call entry points which might terminate R nor
    write to stdout/stderr instead of to the console, nor the system RNG.
    
    See ‘Writing portable packages’ in the ‘Writing R Extensions’ manual.
Flavors: r-devel-osx-x86_64-clang, r-release-osx-x86_64-mavericks

Version: 1.1-8
Check: compiled code
Result: NOTE
    File 'rcdd/libs/i386/rcdd.dll':
     Found 'rand', possibly from 'rand' (C)
     Objects: 'cddcore.o', 'cddcore_f.o', 'cddlp.o', 'cddlp_f.o'
     Found 'srand', possibly from 'srand' (C)
     Objects: 'cddcore.o', 'cddcore_f.o', 'cddlp.o', 'cddlp_f.o'
    File 'rcdd/libs/x64/rcdd.dll':
     Found 'rand', possibly from 'rand' (C)
     Objects: 'cddcore.o', 'cddcore_f.o', 'cddlp.o', 'cddlp_f.o'
     Found 'srand', possibly from 'srand' (C)
     Objects: 'cddcore.o', 'cddcore_f.o', 'cddlp.o', 'cddlp_f.o'
    
    Compiled code should not call entry points which might terminate R nor
    write to stdout/stderr instead of to the console, nor the system RNG.
    
    See 'Writing portable packages' in the 'Writing R Extensions' manual.
Flavors: r-devel-windows-ix86+x86_64, r-release-windows-ix86+x86_64, r-oldrel-windows-ix86+x86_64