CRAN Package Check Results for Package rcdk

Last updated on 2015-07-07 06:46:47.

Flavor Version Tinstall Tcheck Ttotal Status Flags
r-devel-linux-x86_64-debian-clang 3.3.2 1.82 57.11 58.93 NOTE
r-devel-linux-x86_64-debian-gcc 3.3.2 1.77 56.07 57.84 NOTE
r-devel-linux-x86_64-fedora-clang 3.3.2 162.94 NOTE
r-devel-linux-x86_64-fedora-gcc 3.3.2 156.25 NOTE
r-devel-osx-x86_64-clang 3.3.2 93.99 NOTE
r-devel-windows-ix86+x86_64 3.3.2 6.00 97.00 103.00 NOTE
r-patched-linux-x86_64 3.3.2 1.79 56.58 58.37 NOTE
r-patched-solaris-sparc 3.3.2 686.60 NOTE
r-patched-solaris-x86 3.3.2 153.90 NOTE
r-release-linux-x86_64 3.3.2 1.84 55.44 57.28 NOTE
r-release-osx-x86_64-mavericks 3.3.2 OK
r-release-windows-ix86+x86_64 3.3.2 7.00 93.00 100.00 OK
r-oldrel-windows-ix86+x86_64 3.3.2 11.00 109.00 120.00 OK

Check Details

Version: 3.3.2
Check: S3 generic/method consistency
Result: NOTE
    Found the following apparent S3 methods exported but not registered:
     hasNext.iload.molecules
    See section ‘Registering S3 methods’ in the ‘Writing R Extensions’
    manual.
Flavors: r-devel-linux-x86_64-debian-clang, r-devel-linux-x86_64-debian-gcc, r-devel-linux-x86_64-fedora-clang, r-devel-linux-x86_64-fedora-gcc, r-devel-osx-x86_64-clang, r-patched-linux-x86_64, r-patched-solaris-sparc, r-patched-solaris-x86, r-release-linux-x86_64

Version: 3.3.2
Check: R code for possible problems
Result: NOTE
    load.molecules: no visible global function definition for
     ‘download.file’
    Undefined global functions or variables:
     download.file
Flavors: r-devel-linux-x86_64-debian-clang, r-devel-linux-x86_64-debian-gcc, r-devel-linux-x86_64-fedora-clang, r-devel-linux-x86_64-fedora-gcc, r-devel-windows-ix86+x86_64