CRAN Package Check Results for Package rcdk

Last updated on 2015-01-29 16:48:35.

Flavor Version Tinstall Tcheck Ttotal Status Flags
r-devel-linux-x86_64-debian-clang 3.3.2 2.35 61.68 64.03 NOTE
r-devel-linux-x86_64-debian-gcc 3.3.2 2.31 60.03 62.34 NOTE
r-devel-linux-x86_64-fedora-clang 3.3.2 167.15 NOTE
r-devel-linux-x86_64-fedora-gcc 3.3.2 169.16 NOTE
r-devel-osx-x86_64-clang 3.3.2 113.58 NOTE
r-devel-windows-ix86+x86_64 3.3.2 6.00 99.00 105.00 OK
r-patched-linux-x86_64 3.3.2 2.59 67.29 69.88 OK
r-patched-solaris-sparc 3.3.2 809.90 OK
r-patched-solaris-x86 3.3.2 178.30 OK
r-release-linux-ix86 3.3.2 3.49 73.86 77.35 OK
r-release-linux-x86_64 3.3.2 2.56 66.68 69.24 OK
r-release-osx-x86_64-mavericks 3.3.2 OK
r-release-osx-x86_64-snowleopard 3.3.2 OK
r-release-windows-ix86+x86_64 3.3.2 9.00 97.00 106.00 OK
r-oldrel-windows-ix86+x86_64 3.3.2 9.00 90.00 99.00 OK

Check Details

Version: 3.3.2
Check: S3 generic/method consistency
Result: NOTE
    Found the following apparent S3 methods exported but not registered:
     hasNext.iload.molecules
    See section ‘Registering S3 methods’ in the ‘Writing R Extensions’
    manual.
Flavors: r-devel-linux-x86_64-debian-clang, r-devel-linux-x86_64-debian-gcc, r-devel-linux-x86_64-fedora-clang, r-devel-linux-x86_64-fedora-gcc, r-devel-osx-x86_64-clang