CRAN Package Check Results for Package rcdk

Last updated on 2014-04-23 12:48:25.

Flavor Version Tinstall Tcheck Ttotal Status Flags
r-devel-linux-x86_64-debian-clang 3.2.3.2 2.64 66.37 69.01 OK
r-devel-linux-x86_64-debian-gcc 3.2.3.2 2.70 65.79 68.48 OK
r-devel-linux-x86_64-fedora-clang 3.2.3.2 174.30 OK
r-devel-linux-x86_64-fedora-gcc 3.2.3.2 172.52 OK
r-devel-osx-x86_64-clang 3.2.3.2 117.69 OK
r-devel-osx-x86_64-gcc 3.2.3.2 OK
r-devel-windows-ix86+x86_64 3.2.3.2 7.00 96.00 103.00 OK
r-patched-linux-x86_64 3.2.3.2 2.59 66.19 68.78 OK
r-patched-solaris-sparc 3.2.3.2 789.70 OK
r-patched-solaris-x86 3.2.3.2 172.00 OK
r-release-linux-ix86 3.2.3.2 5.00 98.00 103.00 OK
r-release-linux-x86_64 3.2.3.2 2.66 66.56 69.22 OK
r-release-osx-x86_64-mavericks 3.2.3.2 WARN
r-release-osx-x86_64-snowleopard 3.2.3.2 OK
r-release-windows-ix86+x86_64 3.2.3.2 9.00 129.00 138.00 OK
r-oldrel-windows-ix86+x86_64 3.2.3.2 7.00 93.00 100.00 OK

Check Details

Version: 3.2.3.2
Check: PDF version of manual
Result: WARNING
    LaTeX errors when creating PDF version.
    This typically indicates Rd problems.
    LaTeX errors found:
    ! LaTeX Error: File `upquote.sty' not found.
    
    Type X to quit or <RETURN> to proceed,
    or enter new name. (Default extension: sty)
    
    e14fe0/Rd2.tex:8: ==> Fatal error occurred, no output PDF file produced!
Flavor: r-release-osx-x86_64-mavericks