CRAN Package Check Results for Package rcdk

Last updated on 2015-04-21 15:50:22.

Flavor Version Tinstall Tcheck Ttotal Status Flags
r-devel-linux-x86_64-debian-clang 3.3.2 2.03 58.54 60.56 NOTE
r-devel-linux-x86_64-debian-gcc 3.3.2 1.83 57.25 59.08 NOTE
r-devel-linux-x86_64-fedora-clang 3.3.2 166.72 NOTE
r-devel-linux-x86_64-fedora-gcc 3.3.2 160.25 NOTE
r-devel-osx-x86_64-clang 3.3.2 96.82 NOTE
r-devel-windows-ix86+x86_64 3.3.2 6.00 102.00 108.00 OK
r-patched-linux-x86_64 3.3.2 1.88 57.10 58.99 NOTE
r-patched-solaris-sparc 3.3.2 670.50 OK
r-patched-solaris-x86 3.3.2 157.50 OK
r-release-linux-x86_64 3.3.2 1.86 56.80 58.66 NOTE
r-release-osx-x86_64-mavericks 3.3.2 OK
r-release-osx-x86_64-snowleopard 3.3.2 OK
r-release-windows-ix86+x86_64 3.3.2 6.00 103.00 109.00 OK
r-oldrel-windows-ix86+x86_64 3.3.2 11.00 109.00 120.00 OK

Check Details

Version: 3.3.2
Check: S3 generic/method consistency
Result: NOTE
    Found the following apparent S3 methods exported but not registered:
     hasNext.iload.molecules
    See section ‘Registering S3 methods’ in the ‘Writing R Extensions’
    manual.
Flavors: r-devel-linux-x86_64-debian-clang, r-devel-linux-x86_64-debian-gcc, r-devel-linux-x86_64-fedora-clang, r-devel-linux-x86_64-fedora-gcc, r-devel-osx-x86_64-clang, r-patched-linux-x86_64, r-release-linux-x86_64