CRAN Package Check Results for Package rcdk

Last updated on 2016-08-24 16:47:00.

Flavor Version Tinstall Tcheck Ttotal Status Flags
r-devel-linux-x86_64-debian-clang 3.3.6 2.00 43.22 45.22 OK
r-devel-linux-x86_64-debian-gcc 3.3.6 1.93 43.08 45.01 OK
r-devel-linux-x86_64-fedora-clang 3.3.6 111.96 OK
r-devel-linux-x86_64-fedora-gcc 3.3.6 108.35 OK
r-devel-osx-x86_64-clang 3.3.6 88.46 OK
r-devel-windows-ix86+x86_64 3.3.6 9.00 103.00 112.00 OK
r-patched-linux-x86_64 3.3.6 1.91 43.03 44.93 OK
r-patched-solaris-sparc 3.3.6 33.70 ERROR
r-patched-solaris-x86 3.3.6 6.40 ERROR
r-release-linux-x86_64 3.3.6 1.72 43.01 44.73 OK
r-release-osx-x86_64-mavericks 3.3.6 ERROR
r-release-windows-ix86+x86_64 3.3.6 9.00 109.00 118.00 OK
r-oldrel-windows-ix86+x86_64 3.3.6 13.00 106.00 119.00 OK

Check Details

Version: 3.3.6
Check: whether package can be installed
Result: ERROR
    Installation failed.
Flavors: r-patched-solaris-sparc, r-patched-solaris-x86, r-release-osx-x86_64-mavericks