CRAN Package Check Results for Package rcdk

Last updated on 2016-06-24 23:47:42.

Flavor Version Tinstall Tcheck Ttotal Status Flags
r-devel-linux-x86_64-debian-gcc 3.3.6 1.83 43.94 45.77 OK
r-devel-linux-x86_64-fedora-clang 3.3.6 117.28 OK
r-devel-linux-x86_64-fedora-gcc 3.3.6 107.71 OK
r-devel-osx-x86_64-clang 3.3.6 88.18 OK
r-devel-windows-ix86+x86_64 3.3.6 12.00 87.00 99.00 OK
r-patched-linux-x86_64 3.3.6 2.03 44.24 46.27 OK
r-patched-solaris-x86 3.3.6 6.50 ERROR
r-release-linux-x86_64 3.3.6 1.72 44.29 46.01 OK
r-release-osx-x86_64-mavericks 3.3.6 ERROR
r-release-windows-ix86+x86_64 3.3.6 10.00 83.00 93.00 OK
r-oldrel-windows-ix86+x86_64 3.3.6 12.00 150.00 162.00 OK

Check Details

Version: 3.3.6
Check: whether package can be installed
Result: ERROR
    Installation failed.
Flavors: r-patched-solaris-sparc, r-patched-solaris-x86, r-release-osx-x86_64-mavericks