CRAN Package Check Results for Package rcdk

Last updated on 2016-07-28 13:47:38.

Flavor Version Tinstall Tcheck Ttotal Status Flags
r-devel-linux-x86_64-debian-clang 3.3.6 1.99 50.13 52.12 OK
r-devel-linux-x86_64-debian-gcc 3.3.6 2.38 48.93 51.32 OK
r-devel-linux-x86_64-fedora-clang 3.3.6 111.14 OK
r-devel-linux-x86_64-fedora-gcc 3.3.6 106.21 OK
r-devel-osx-x86_64-clang 3.3.6 87.76 OK
r-devel-windows-ix86+x86_64 3.3.6 9.00 106.00 115.00 OK
r-patched-linux-x86_64 3.3.6 2.40 48.02 50.42 OK
r-patched-solaris-sparc 3.3.6 33.70 ERROR
r-patched-solaris-x86 3.3.6 6.50 ERROR
r-release-linux-x86_64 3.3.6 2.40 49.43 51.83 OK
r-release-osx-x86_64-mavericks 3.3.6 ERROR
r-release-windows-ix86+x86_64 3.3.6 9.00 107.00 116.00 OK
r-oldrel-windows-ix86+x86_64 3.3.6 10.00 128.00 138.00 OK

Check Details

Version: 3.3.6
Check: whether package can be installed
Result: ERROR
    Installation failed.
Flavors: r-patched-solaris-sparc, r-patched-solaris-x86, r-release-osx-x86_64-mavericks