CRAN Package Check Results for Package rcdk

Last updated on 2016-10-01 20:47:29.

Flavor Version Tinstall Tcheck Ttotal Status Flags
r-devel-linux-x86_64-debian-clang 3.3.6 1.84 45.75 47.59 OK
r-devel-linux-x86_64-debian-gcc 3.3.6 1.77 44.52 46.29 OK
r-devel-linux-x86_64-fedora-clang 3.3.6 113.48 OK
r-devel-linux-x86_64-fedora-gcc 3.3.6 108.78 OK
r-devel-macos-x86_64-clang 3.3.6 84.93 OK
r-devel-windows-ix86+x86_64 3.3.6 6.00 104.00 110.00 OK
r-patched-linux-x86_64 3.3.6 1.69 43.53 45.23 OK
r-patched-solaris-sparc 3.3.6 33.70 ERROR
r-patched-solaris-x86 3.3.6 6.70 ERROR
r-release-linux-x86_64 3.3.6 1.96 43.13 45.09 OK
r-release-osx-x86_64-mavericks 3.3.6 ERROR
r-release-windows-ix86+x86_64 3.3.6 6.00 81.00 87.00 OK
r-oldrel-windows-ix86+x86_64 3.3.6 7.00 104.00 111.00 OK

Check Details

Version: 3.3.6
Check: whether package can be installed
Result: ERROR
    Installation failed.
Flavors: r-patched-solaris-sparc, r-patched-solaris-x86, r-release-osx-x86_64-mavericks