CRAN Package Check Results for Package rcdk

Last updated on 2015-09-02 11:48:38.

Flavor Version Tinstall Tcheck Ttotal Status Flags
r-devel-linux-x86_64-debian-clang 3.3.2 1.81 57.50 59.31 NOTE
r-devel-linux-x86_64-debian-gcc 3.3.2 1.74 55.31 57.05 NOTE
r-devel-linux-x86_64-fedora-clang 3.3.2 166.66 NOTE
r-devel-linux-x86_64-fedora-gcc 3.3.2 161.99 NOTE
r-devel-osx-x86_64-clang 3.3.2 93.73 NOTE
r-devel-windows-ix86+x86_64 3.3.2 6.00 98.00 104.00 NOTE
r-patched-linux-x86_64 3.3.2 1.92 57.99 59.91 NOTE
r-patched-solaris-sparc 3.3.2 694.30 NOTE
r-patched-solaris-x86 3.3.2 162.40 NOTE
r-release-linux-x86_64 3.3.2 1.99 58.97 60.96 NOTE
r-release-osx-x86_64-mavericks 3.3.2 OK
r-release-windows-ix86+x86_64 3.3.2 10.00 99.00 109.00 OK
r-oldrel-windows-ix86+x86_64 3.3.2 16.00 116.00 132.00 OK

Check Details

Version: 3.3.2
Check: S3 generic/method consistency
Result: NOTE
    Found the following apparent S3 methods exported but not registered:
     hasNext.iload.molecules
    See section ‘Registering S3 methods’ in the ‘Writing R Extensions’
    manual.
Flavors: r-devel-linux-x86_64-debian-clang, r-devel-linux-x86_64-debian-gcc, r-devel-linux-x86_64-fedora-clang, r-devel-linux-x86_64-fedora-gcc, r-devel-osx-x86_64-clang, r-patched-linux-x86_64, r-patched-solaris-sparc, r-patched-solaris-x86, r-release-linux-x86_64

Version: 3.3.2
Check: R code for possible problems
Result: NOTE
    load.molecules: no visible global function definition for
     ‘download.file’
    Undefined global functions or variables:
     download.file
    Consider adding
     importFrom("utils", "download.file")
    to your NAMESPACE.
Flavors: r-devel-linux-x86_64-debian-clang, r-devel-linux-x86_64-debian-gcc, r-devel-linux-x86_64-fedora-clang, r-devel-linux-x86_64-fedora-gcc, r-devel-windows-ix86+x86_64