CRAN Package Check Results for Package rcdk

Last updated on 2014-08-29 17:47:41.

Flavor Version Tinstall Tcheck Ttotal Status Flags
r-release-osx-x86_64-snowleopard 3.2.9.1 ERROR

Check Details

Version: 3.2.9.1
Check: package dependencies
Result: ERROR
    Package required and available but unsuitable version: ‘rcdklibs’
    
    See the information on DESCRIPTION files in the chapter ‘Creating R
    packages’ of the ‘Writing R Extensions’ manual.
Flavor: r-release-osx-x86_64-snowleopard