CRAN Package Check Results for Package rcdk

Last updated on 2015-03-01 16:47:04.

Flavor Version Tinstall Tcheck Ttotal Status Flags
r-devel-linux-x86_64-debian-clang 3.3.2 1.91 57.50 59.41 NOTE
r-devel-linux-x86_64-debian-gcc 3.3.2 1.84 56.78 58.62 NOTE
r-devel-linux-x86_64-fedora-clang 3.3.2 152.31 NOTE
r-devel-linux-x86_64-fedora-gcc 3.3.2 147.08 NOTE
r-devel-osx-x86_64-clang 3.3.2 104.26 NOTE
r-devel-windows-ix86+x86_64 3.3.2 6.00 89.00 95.00 OK
r-patched-linux-x86_64 3.3.2 2.60 67.17 69.78 OK
r-patched-solaris-sparc 3.3.2 809.90 OK
r-patched-solaris-x86 3.3.2 181.80 OK
r-release-linux-ix86 3.3.2 3.42 76.56 79.98 OK
r-release-linux-x86_64 3.3.2 2.56 67.60 70.16 OK
r-release-osx-x86_64-mavericks 3.3.2 OK
r-release-osx-x86_64-snowleopard 3.3.2 OK
r-release-windows-ix86+x86_64 3.3.2 9.00 97.00 106.00 OK
r-oldrel-windows-ix86+x86_64 3.3.2 9.00 90.00 99.00 OK

Check Details

Version: 3.3.2
Check: S3 generic/method consistency
Result: NOTE
    Found the following apparent S3 methods exported but not registered:
     hasNext.iload.molecules
    See section ‘Registering S3 methods’ in the ‘Writing R Extensions’
    manual.
Flavors: r-devel-linux-x86_64-debian-clang, r-devel-linux-x86_64-debian-gcc, r-devel-linux-x86_64-fedora-clang, r-devel-linux-x86_64-fedora-gcc, r-devel-osx-x86_64-clang