CRAN Package Check Results for Package rcdk

Last updated on 2015-08-05 11:48:11.

Flavor Version Tinstall Tcheck Ttotal Status Flags
r-devel-linux-x86_64-debian-clang 3.3.2 1.89 59.62 61.51 NOTE
r-devel-linux-x86_64-debian-gcc 3.3.2 1.94 59.20 61.14 NOTE
r-devel-linux-x86_64-fedora-clang 3.3.2 167.94 NOTE
r-devel-linux-x86_64-fedora-gcc 3.3.2 164.34 NOTE
r-devel-osx-x86_64-clang 3.3.2 93.29 NOTE
r-devel-windows-ix86+x86_64 3.3.2 7.00 93.00 100.00 NOTE
r-patched-linux-x86_64 3.3.2 1.96 57.94 59.90 NOTE
r-patched-solaris-sparc 3.3.2 694.30 NOTE
r-patched-solaris-x86 3.3.2 155.20 NOTE
r-release-linux-x86_64 3.3.2 1.84 57.86 59.70 NOTE
r-release-osx-x86_64-mavericks 3.3.2 OK
r-release-windows-ix86+x86_64 3.3.2 9.00 92.00 101.00 OK
r-oldrel-windows-ix86+x86_64 3.3.2 13.00 104.00 117.00 OK

Check Details

Version: 3.3.2
Check: S3 generic/method consistency
Result: NOTE
    Found the following apparent S3 methods exported but not registered:
     hasNext.iload.molecules
    See section ‘Registering S3 methods’ in the ‘Writing R Extensions’
    manual.
Flavors: r-devel-linux-x86_64-debian-clang, r-devel-linux-x86_64-debian-gcc, r-devel-linux-x86_64-fedora-clang, r-devel-linux-x86_64-fedora-gcc, r-devel-osx-x86_64-clang, r-patched-linux-x86_64, r-patched-solaris-sparc, r-patched-solaris-x86, r-release-linux-x86_64

Version: 3.3.2
Check: R code for possible problems
Result: NOTE
    load.molecules: no visible global function definition for
     ‘download.file’
    Undefined global functions or variables:
     download.file
    Consider adding
     importFrom("utils", "download.file")
    to your NAMESPACE.
Flavors: r-devel-linux-x86_64-debian-clang, r-devel-linux-x86_64-debian-gcc, r-devel-linux-x86_64-fedora-clang, r-devel-linux-x86_64-fedora-gcc, r-devel-windows-ix86+x86_64