CRAN Package Check Results for Package rcdklibs

Last updated on 2017-06-23 14:47:28.

Flavor Version Tinstall Tcheck Ttotal Status Flags
r-devel-linux-x86_64-debian-clang 2.0 2.66 18.78 21.44 OK
r-devel-linux-x86_64-debian-gcc 2.0 2.50 18.33 20.84 OK
r-devel-linux-x86_64-fedora-clang 2.0 36.42 NOTE
r-devel-linux-x86_64-fedora-gcc 2.0 35.29 NOTE
r-devel-windows-ix86+x86_64 2.0 7.00 61.00 68.00 NOTE
r-patched-linux-x86_64 2.0 2.40 17.97 20.37 OK
r-patched-solaris-sparc 2.0 222.70 NOTE
r-patched-solaris-x86 2.0 52.10 NOTE
r-release-linux-x86_64 2.0 2.57 18.25 20.82 OK
r-release-windows-ix86+x86_64 2.0 9.00 52.00 61.00 NOTE
r-release-osx-x86_64 2.0 NOTE
r-oldrel-windows-ix86+x86_64 2.0 8.00 42.00 50.00 NOTE
r-oldrel-osx-x86_64 2.0 NOTE

Check Details

Version: 2.0
Check: installed package size
Result: NOTE
     installed size is 23.4Mb
     sub-directories of 1Mb or more:
     cont 23.3Mb
Flavors: r-devel-linux-x86_64-fedora-clang, r-devel-linux-x86_64-fedora-gcc, r-devel-windows-ix86+x86_64, r-patched-solaris-sparc, r-patched-solaris-x86, r-release-windows-ix86+x86_64, r-release-osx-x86_64, r-oldrel-windows-ix86+x86_64, r-oldrel-osx-x86_64