CRAN Package Check Results for Package rcdklibs

Last updated on 2015-04-19 11:51:17.

Flavor Version Tinstall Tcheck Ttotal Status Flags
r-devel-linux-x86_64-debian-clang 1.5.8.4 2.27 17.01 19.28 NOTE
r-devel-linux-x86_64-debian-gcc 1.5.8.4 2.60 16.90 19.50 NOTE
r-devel-linux-x86_64-fedora-clang 1.5.8.4 38.56 NOTE
r-devel-linux-x86_64-fedora-gcc 1.5.8.4 36.62 NOTE
r-devel-osx-x86_64-clang 1.5.8.4 36.65 NOTE
r-devel-windows-ix86+x86_64 1.5.8.4 14.00 39.00 53.00 NOTE
r-patched-linux-x86_64 1.5.8.4 3.30 16.77 20.07 NOTE
r-patched-solaris-sparc 1.5.8.4 219.10 NOTE
r-patched-solaris-x86 1.5.8.4 58.40 NOTE
r-release-linux-x86_64 1.5.8.4 2.17 16.41 18.58 NOTE
r-release-osx-x86_64-mavericks 1.5.8.4 NOTE
r-release-osx-x86_64-snowleopard 1.5.8.4 NOTE
r-release-windows-ix86+x86_64 1.5.8.4 6.00 32.00 38.00 NOTE
r-oldrel-windows-ix86+x86_64 1.5.8.4 16.00 36.00 52.00 NOTE

Check Details

Version: 1.5.8.4
Check: installed package size
Result: NOTE
     installed size is 20.0Mb
     sub-directories of 1Mb or more:
     cont 19.9Mb
Flavors: r-devel-linux-x86_64-debian-clang, r-devel-linux-x86_64-debian-gcc, r-devel-linux-x86_64-fedora-clang, r-devel-linux-x86_64-fedora-gcc, r-devel-osx-x86_64-clang, r-devel-windows-ix86+x86_64, r-patched-linux-x86_64, r-patched-solaris-sparc, r-patched-solaris-x86, r-release-linux-x86_64, r-release-osx-x86_64-mavericks, r-release-osx-x86_64-snowleopard, r-release-windows-ix86+x86_64, r-oldrel-windows-ix86+x86_64

Version: 1.5.8.4
Check: DESCRIPTION meta-information
Result: NOTE
    Malformed Description field: should contain one or more complete sentences.
Flavors: r-devel-linux-x86_64-debian-clang, r-devel-linux-x86_64-debian-gcc, r-devel-linux-x86_64-fedora-clang, r-devel-linux-x86_64-fedora-gcc, r-devel-osx-x86_64-clang, r-devel-windows-ix86+x86_64, r-patched-linux-x86_64, r-patched-solaris-sparc, r-patched-solaris-x86, r-release-linux-x86_64, r-release-osx-x86_64-mavericks, r-release-osx-x86_64-snowleopard, r-release-windows-ix86+x86_64