CRAN Package Check Results for Package rcdklibs

Last updated on 2014-08-02 08:48:41.

Flavor Version Tinstall Tcheck Ttotal Status Flags
r-devel-linux-x86_64-debian-clang 1.5.4 2.64 18.71 21.35 NOTE
r-devel-linux-x86_64-debian-gcc 1.5.4 3.87 18.29 22.16 NOTE
r-devel-linux-x86_64-fedora-clang 1.5.4 43.29 NOTE
r-devel-linux-x86_64-fedora-gcc 1.5.4 39.42 NOTE
r-devel-osx-x86_64-clang 1.5.4 40.19 NOTE
r-devel-windows-ix86+x86_64 1.5.4 8.00 29.00 37.00 NOTE
r-patched-linux-x86_64 1.5.4 2.51 18.96 21.47 NOTE
r-patched-solaris-sparc 1.5.4 254.20 NOTE
r-patched-solaris-x86 1.5.4 60.00 NOTE
r-release-linux-ix86 1.5.4 3.32 25.02 28.33 NOTE
r-release-linux-x86_64 1.5.4 2.73 18.68 21.41 NOTE
r-release-osx-x86_64-mavericks 1.5.4 NOTE
r-release-osx-x86_64-snowleopard 1.5.4 NOTE
r-release-windows-ix86+x86_64 1.5.4 9.00 45.00 54.00 NOTE
r-oldrel-windows-ix86+x86_64 1.5.4 5.00 42.00 47.00 NOTE

Check Details

Version: 1.5.4
Check: installed package size
Result: NOTE
     installed size is 19.8Mb
     sub-directories of 1Mb or more:
     cont 19.7Mb
Flavors: r-devel-linux-x86_64-debian-clang, r-devel-linux-x86_64-debian-gcc, r-devel-linux-x86_64-fedora-clang, r-devel-linux-x86_64-fedora-gcc, r-devel-osx-x86_64-clang, r-devel-windows-ix86+x86_64, r-patched-linux-x86_64, r-patched-solaris-sparc, r-patched-solaris-x86, r-release-linux-ix86, r-release-linux-x86_64, r-release-osx-x86_64-mavericks, r-release-osx-x86_64-snowleopard, r-release-windows-ix86+x86_64, r-oldrel-windows-ix86+x86_64