CRAN Package Check Results for Package rcdklibs

Last updated on 2016-12-07 10:48:42.

Flavor Version Tinstall Tcheck Ttotal Status Flags
r-devel-linux-x86_64-debian-clang 1.5.13 2.56 18.22 20.78 OK
r-devel-linux-x86_64-debian-gcc 1.5.13 2.67 17.96 20.63 OK
r-devel-linux-x86_64-fedora-clang 1.5.13 36.63 NOTE --no-stop-on-test-error
r-devel-linux-x86_64-fedora-gcc 1.5.13 34.87 NOTE --no-stop-on-test-error
r-devel-macos-x86_64-clang 1.5.13 31.30 NOTE
r-devel-windows-ix86+x86_64 1.5.13 11.00 40.00 51.00 NOTE
r-patched-linux-x86_64 1.5.13 2.20 15.63 17.83 OK
r-patched-solaris-sparc 1.5.13 200.00 NOTE
r-patched-solaris-x86 1.5.13 42.80 NOTE
r-release-linux-x86_64 1.5.13 2.60 15.47 18.08 OK
r-release-osx-x86_64-mavericks 1.5.13 NOTE
r-release-windows-ix86+x86_64 1.5.13 6.00 37.00 43.00 NOTE
r-oldrel-windows-ix86+x86_64 1.5.13 7.00 34.00 41.00 NOTE

Check Details

Version: 1.5.13
Flags: --no-stop-on-test-error
Check: installed package size
Result: NOTE
     installed size is 25.6Mb
     sub-directories of 1Mb or more:
     cont 25.5Mb
Flavors: r-devel-linux-x86_64-fedora-clang, r-devel-linux-x86_64-fedora-gcc

Version: 1.5.13
Check: installed package size
Result: NOTE
     installed size is 25.6Mb
     sub-directories of 1Mb or more:
     cont 25.5Mb
Flavors: r-devel-macos-x86_64-clang, r-devel-windows-ix86+x86_64, r-patched-solaris-sparc, r-patched-solaris-x86, r-release-osx-x86_64-mavericks, r-release-windows-ix86+x86_64, r-oldrel-windows-ix86+x86_64