CRAN Package Check Results for Package rcdklibs

Last updated on 2016-02-08 14:47:12.

Flavor Version Tinstall Tcheck Ttotal Status Flags
r-devel-linux-x86_64-debian-gcc 1.5.8.4 2.29 15.42 17.71 NOTE
r-devel-linux-x86_64-fedora-clang 1.5.8.4 32.76 NOTE
r-devel-linux-x86_64-fedora-gcc 1.5.8.4 31.66 NOTE
r-devel-osx-x86_64-clang 1.5.8.4 38.68 NOTE
r-devel-windows-ix86+x86_64 1.5.8.4 13.00 32.00 45.00 NOTE
r-patched-linux-x86_64 1.5.8.4 2.31 16.60 18.91 NOTE
r-patched-solaris-sparc 1.5.8.4 222.60 NOTE
r-patched-solaris-x86 1.5.8.4 47.40 NOTE
r-release-linux-x86_64 1.5.8.4 2.29 16.42 18.71 NOTE
r-release-osx-x86_64-mavericks 1.5.8.4 NOTE
r-release-windows-ix86+x86_64 1.5.8.4 13.00 30.00 43.00 NOTE
r-oldrel-windows-ix86+x86_64 1.5.8.4 15.00 38.00 53.00 NOTE

Check Details

Version: 1.5.8.4
Check: installed package size
Result: NOTE
     installed size is 20.0Mb
     sub-directories of 1Mb or more:
     cont 19.9Mb
Flavors: r-devel-linux-x86_64-debian-gcc, r-devel-linux-x86_64-fedora-clang, r-devel-linux-x86_64-fedora-gcc, r-devel-osx-x86_64-clang, r-devel-windows-ix86+x86_64, r-patched-linux-x86_64, r-patched-solaris-sparc, r-patched-solaris-x86, r-release-linux-x86_64, r-release-osx-x86_64-mavericks, r-release-windows-ix86+x86_64, r-oldrel-windows-ix86+x86_64

Version: 1.5.8.4
Check: DESCRIPTION meta-information
Result: NOTE
    Malformed Description field: should contain one or more complete sentences.
Flavors: r-devel-linux-x86_64-debian-gcc, r-devel-linux-x86_64-fedora-clang, r-devel-linux-x86_64-fedora-gcc, r-devel-osx-x86_64-clang, r-devel-windows-ix86+x86_64, r-patched-linux-x86_64, r-patched-solaris-sparc, r-patched-solaris-x86, r-release-linux-x86_64, r-release-osx-x86_64-mavericks, r-release-windows-ix86+x86_64