CRAN Package Check Results for Package rcdklibs

Last updated on 2014-07-24 17:49:06.

Flavor Version Tinstall Tcheck Ttotal Status Flags
r-devel-linux-x86_64-debian-clang 1.5.4 2.72 18.44 21.16 NOTE
r-devel-linux-x86_64-debian-gcc 1.5.4 2.41 18.38 20.79 NOTE
r-devel-linux-x86_64-fedora-clang 1.5.4 43.15 NOTE
r-devel-linux-x86_64-fedora-gcc 1.5.4 41.88 NOTE
r-devel-osx-x86_64-clang 1.5.4 39.61 NOTE
r-devel-windows-ix86+x86_64 1.5.4 7.00 31.00 38.00 NOTE
r-patched-linux-x86_64 1.5.4 2.49 18.21 20.70 NOTE
r-patched-solaris-sparc 1.5.4 259.10 NOTE
r-patched-solaris-x86 1.5.4 61.30 NOTE
r-release-linux-ix86 1.5.4 3.43 26.03 29.46 NOTE
r-release-linux-x86_64 1.5.4 2.62 18.65 21.27 NOTE
r-release-osx-x86_64-mavericks 1.5.4 NOTE
r-release-osx-x86_64-snowleopard 1.5.4 NOTE
r-release-windows-ix86+x86_64 1.5.4 9.00 45.00 54.00 NOTE
r-oldrel-windows-ix86+x86_64 1.5.4 5.00 42.00 47.00 NOTE

Check Details

Version: 1.5.4
Check: installed package size
Result: NOTE
     installed size is 19.8Mb
     sub-directories of 1Mb or more:
     cont 19.7Mb
Flavors: r-devel-linux-x86_64-debian-clang, r-devel-linux-x86_64-debian-gcc, r-devel-linux-x86_64-fedora-clang, r-devel-linux-x86_64-fedora-gcc, r-devel-osx-x86_64-clang, r-devel-windows-ix86+x86_64, r-patched-linux-x86_64, r-patched-solaris-sparc, r-patched-solaris-x86, r-release-linux-ix86, r-release-linux-x86_64, r-release-osx-x86_64-mavericks, r-release-osx-x86_64-snowleopard, r-release-windows-ix86+x86_64, r-oldrel-windows-ix86+x86_64