CRAN Package Check Results for Package rcdklibs

Last updated on 2016-06-30 06:47:13.

Flavor Version Tinstall Tcheck Ttotal Status Flags
r-devel-linux-x86_64-debian-gcc 1.5.13 2.28 16.10 18.39 NOTE
r-devel-linux-x86_64-fedora-clang 1.5.13 29.97 NOTE
r-devel-linux-x86_64-fedora-gcc 1.5.13 27.80 NOTE
r-devel-osx-x86_64-clang 1.5.13 27.31 NOTE
r-devel-windows-ix86+x86_64 1.5.13 8.00 36.00 44.00 NOTE
r-patched-linux-x86_64 1.5.13 2.22 15.66 17.89 NOTE
r-patched-solaris-sparc 1.5.13 200.00 NOTE
r-patched-solaris-x86 1.5.13 43.40 NOTE
r-release-linux-x86_64 1.5.13 2.21 15.10 17.31 NOTE
r-release-osx-x86_64-mavericks 1.5.13 NOTE
r-release-windows-ix86+x86_64 1.5.13 10.00 43.00 53.00 NOTE
r-oldrel-windows-ix86+x86_64 1.5.13 9.00 33.00 42.00 NOTE

Check Details

Version: 1.5.13
Check: installed package size
Result: NOTE
     installed size is 25.6Mb
     sub-directories of 1Mb or more:
     cont 25.5Mb
Flavors: r-devel-linux-x86_64-debian-gcc, r-devel-linux-x86_64-fedora-clang, r-devel-linux-x86_64-fedora-gcc, r-devel-osx-x86_64-clang, r-devel-windows-ix86+x86_64, r-patched-linux-x86_64, r-patched-solaris-sparc, r-patched-solaris-x86, r-release-linux-x86_64, r-release-osx-x86_64-mavericks, r-release-windows-ix86+x86_64, r-oldrel-windows-ix86+x86_64