CRAN Package Check Results for Package rcdklibs

Last updated on 2017-02-22 23:54:15.

Flavor Version Tinstall Tcheck Ttotal Status Flags
r-devel-linux-x86_64-debian-clang 1.5.13 2.51 18.24 20.75 OK
r-devel-linux-x86_64-debian-gcc 1.5.13 2.49 17.87 20.36 OK
r-devel-linux-x86_64-fedora-clang 1.5.13 38.32 NOTE --no-stop-on-test-error
r-devel-linux-x86_64-fedora-gcc 1.5.13 34.54 NOTE --no-stop-on-test-error
r-devel-macos-x86_64-clang 1.5.13 31.18 NOTE --no-stop-on-test-error
r-devel-windows-ix86+x86_64 1.5.13 7.00 53.00 60.00 NOTE
r-patched-linux-x86_64 1.5.13 2.18 15.57 17.75 OK
r-patched-solaris-sparc 1.5.13 198.60 NOTE
r-patched-solaris-x86 1.5.13 45.50 NOTE
r-release-linux-x86_64 1.5.13 2.22 15.34 17.56 OK
r-release-osx-x86_64-mavericks 1.5.13 NOTE
r-release-windows-ix86+x86_64 1.5.13 6.00 37.00 43.00 NOTE
r-oldrel-windows-ix86+x86_64 1.5.13 7.00 34.00 41.00 NOTE

Check Details

Version: 1.5.13
Flags: --no-stop-on-test-error
Check: installed package size
Result: NOTE
     installed size is 25.6Mb
     sub-directories of 1Mb or more:
     cont 25.5Mb
Flavors: r-devel-linux-x86_64-fedora-clang, r-devel-linux-x86_64-fedora-gcc, r-devel-macos-x86_64-clang

Version: 1.5.13
Check: installed package size
Result: NOTE
     installed size is 25.5Mb
     sub-directories of 1Mb or more:
     cont 25.5Mb
Flavors: r-devel-windows-ix86+x86_64, r-patched-solaris-sparc, r-patched-solaris-x86, r-release-osx-x86_64-mavericks, r-release-windows-ix86+x86_64, r-oldrel-windows-ix86+x86_64