CRAN Package Check Results for Package rcdklibs

Last updated on 2015-08-28 12:48:06.

Flavor Version Tinstall Tcheck Ttotal Status Flags
r-devel-linux-x86_64-debian-clang 1.5.8.4 2.16 16.29 18.45 NOTE
r-devel-linux-x86_64-debian-gcc 1.5.8.4 2.00 16.02 18.02 NOTE
r-devel-linux-x86_64-fedora-clang 1.5.8.4 36.50 NOTE
r-devel-linux-x86_64-fedora-gcc 1.5.8.4 34.78 NOTE
r-devel-osx-x86_64-clang 1.5.8.4 32.95 NOTE
r-devel-windows-ix86+x86_64 1.5.8.4 13.00 31.00 44.00 NOTE
r-patched-linux-x86_64 1.5.8.4 2.25 16.66 18.92 NOTE
r-patched-solaris-sparc 1.5.8.4 236.30 NOTE
r-patched-solaris-x86 1.5.8.4 63.90 NOTE
r-release-linux-x86_64 1.5.8.4 2.11 17.30 19.41 NOTE
r-release-osx-x86_64-mavericks 1.5.8.4 NOTE
r-release-windows-ix86+x86_64 1.5.8.4 10.00 31.00 41.00 NOTE
r-oldrel-windows-ix86+x86_64 1.5.8.4 15.00 36.00 51.00 NOTE

Check Details

Version: 1.5.8.4
Check: installed package size
Result: NOTE
     installed size is 20.0Mb
     sub-directories of 1Mb or more:
     cont 19.9Mb
Flavors: r-devel-linux-x86_64-debian-clang, r-devel-linux-x86_64-debian-gcc, r-devel-linux-x86_64-fedora-clang, r-devel-linux-x86_64-fedora-gcc, r-devel-osx-x86_64-clang, r-devel-windows-ix86+x86_64, r-patched-linux-x86_64, r-patched-solaris-sparc, r-patched-solaris-x86, r-release-linux-x86_64, r-release-osx-x86_64-mavericks, r-release-windows-ix86+x86_64, r-oldrel-windows-ix86+x86_64

Version: 1.5.8.4
Check: DESCRIPTION meta-information
Result: NOTE
    Malformed Description field: should contain one or more complete sentences.
Flavors: r-devel-linux-x86_64-debian-clang, r-devel-linux-x86_64-debian-gcc, r-devel-linux-x86_64-fedora-clang, r-devel-linux-x86_64-fedora-gcc, r-devel-osx-x86_64-clang, r-devel-windows-ix86+x86_64, r-patched-linux-x86_64, r-patched-solaris-sparc, r-patched-solaris-x86, r-release-linux-x86_64, r-release-osx-x86_64-mavericks, r-release-windows-ix86+x86_64