CRAN Package Check Results for Package rcdklibs

Last updated on 2015-02-28 12:51:23.

Flavor Version Tinstall Tcheck Ttotal Status Flags
r-devel-linux-x86_64-debian-clang 1.5.8.4 3.04 16.95 19.99 NOTE
r-devel-linux-x86_64-debian-gcc 1.5.8.4 2.22 16.37 18.60 NOTE
r-devel-linux-x86_64-fedora-clang 1.5.8.4 37.42 NOTE
r-devel-linux-x86_64-fedora-gcc 1.5.8.4 34.96 NOTE
r-devel-osx-x86_64-clang 1.5.8.4 37.48 NOTE
r-devel-windows-ix86+x86_64 1.5.8.4 10.00 28.00 38.00 NOTE
r-patched-linux-x86_64 1.5.8.4 2.70 21.40 24.10 NOTE
r-patched-solaris-sparc 1.5.8.4 274.50 NOTE
r-patched-solaris-x86 1.5.8.4 71.10 NOTE
r-release-linux-ix86 1.5.8.4 3.34 27.31 30.65 NOTE
r-release-linux-x86_64 1.5.8.4 2.79 21.04 23.83 NOTE
r-release-osx-x86_64-mavericks 1.5.8.4 NOTE
r-release-osx-x86_64-snowleopard 1.5.8.4 NOTE
r-release-windows-ix86+x86_64 1.5.8.4 9.00 45.00 54.00 NOTE
r-oldrel-windows-ix86+x86_64 1.5.8.4 8.00 28.00 36.00 NOTE

Check Details

Version: 1.5.8.4
Check: installed package size
Result: NOTE
     installed size is 20.0Mb
     sub-directories of 1Mb or more:
     cont 19.9Mb
Flavors: r-devel-linux-x86_64-debian-clang, r-devel-linux-x86_64-debian-gcc, r-devel-linux-x86_64-fedora-clang, r-devel-linux-x86_64-fedora-gcc, r-devel-osx-x86_64-clang, r-devel-windows-ix86+x86_64, r-patched-linux-x86_64, r-patched-solaris-sparc, r-patched-solaris-x86, r-release-linux-ix86, r-release-linux-x86_64, r-release-osx-x86_64-mavericks, r-release-osx-x86_64-snowleopard, r-release-windows-ix86+x86_64, r-oldrel-windows-ix86+x86_64

Version: 1.5.8.4
Check: DESCRIPTION meta-information
Result: NOTE
    Malformed Description field: should contain one or more complete sentences.
Flavors: r-devel-linux-x86_64-debian-clang, r-devel-linux-x86_64-debian-gcc, r-devel-linux-x86_64-fedora-clang, r-devel-linux-x86_64-fedora-gcc, r-devel-osx-x86_64-clang, r-devel-windows-ix86+x86_64