CRAN Package Check Results for Package rcdklibs

Last updated on 2017-12-13 07:48:40 CET.

Flavor Version Tinstall Tcheck Ttotal Status Flags
r-devel-linux-x86_64-debian-clang 2.0 3.15 27.24 30.39 OK
r-devel-linux-x86_64-debian-gcc 2.0 2.57 22.15 24.72 OK
r-devel-linux-x86_64-fedora-clang 2.0 34.32 NOTE
r-devel-linux-x86_64-fedora-gcc 2.0 35.57 NOTE
r-devel-windows-ix86+x86_64 2.0 9.00 40.00 49.00 NOTE
r-patched-linux-x86_64 2.0 3.54 28.32 31.86 OK
r-patched-solaris-x86 2.0 53.30 NOTE
r-release-linux-x86_64 2.0 3.06 28.67 31.73 OK
r-release-windows-ix86+x86_64 2.0 8.00 53.00 61.00 NOTE
r-release-osx-x86_64 2.0 NOTE
r-oldrel-windows-ix86+x86_64 2.0 8.00 42.00 50.00 NOTE
r-oldrel-osx-x86_64 2.0 NOTE

Check Details

Version: 2.0
Check: installed package size
Result: NOTE
     installed size is 23.4Mb
     sub-directories of 1Mb or more:
     cont 23.3Mb
Flavors: r-devel-linux-x86_64-fedora-clang, r-devel-linux-x86_64-fedora-gcc, r-devel-windows-ix86+x86_64, r-patched-solaris-x86, r-release-windows-ix86+x86_64, r-release-osx-x86_64, r-oldrel-windows-ix86+x86_64, r-oldrel-osx-x86_64