CRAN Package Check Results for Package rcdklibs

Last updated on 2016-05-06 12:52:52.

Flavor Version Tinstall Tcheck Ttotal Status Flags
r-devel-linux-x86_64-debian-gcc 1.5.8.4 2.49 16.21 18.70 NOTE
r-devel-linux-x86_64-fedora-clang 1.5.8.4 33.24 NOTE
r-devel-linux-x86_64-fedora-gcc 1.5.8.4 31.11 NOTE
r-devel-osx-x86_64-clang 1.5.8.4 40.55 NOTE
r-devel-windows-ix86+x86_64 1.5.8.4 11.00 57.00 68.00 NOTE
r-patched-linux-x86_64 1.5.8.4 2.23 16.01 18.24 NOTE
r-patched-solaris-sparc 1.5.8.4 202.00 NOTE
r-patched-solaris-x86 1.5.8.4 44.80 NOTE
r-release-linux-x86_64 1.5.8.4 2.10 16.38 18.48 NOTE
r-release-osx-x86_64-mavericks 1.5.8.4 NOTE
r-release-windows-ix86+x86_64 1.5.8.4 11.00 57.00 68.00 NOTE
r-oldrel-windows-ix86+x86_64 1.5.8.4 13.00 30.00 43.00 NOTE

Check Details

Version: 1.5.8.4
Check: installed package size
Result: NOTE
     installed size is 20.0Mb
     sub-directories of 1Mb or more:
     cont 19.9Mb
Flavors: r-devel-linux-x86_64-debian-gcc, r-devel-linux-x86_64-fedora-clang, r-devel-linux-x86_64-fedora-gcc, r-devel-osx-x86_64-clang, r-devel-windows-ix86+x86_64, r-patched-linux-x86_64, r-patched-solaris-sparc, r-patched-solaris-x86, r-release-linux-x86_64, r-release-osx-x86_64-mavericks, r-release-windows-ix86+x86_64, r-oldrel-windows-ix86+x86_64

Version: 1.5.8.4
Check: DESCRIPTION meta-information
Result: NOTE
    Malformed Description field: should contain one or more complete sentences.
Flavors: r-devel-linux-x86_64-debian-gcc, r-devel-linux-x86_64-fedora-clang, r-devel-linux-x86_64-fedora-gcc, r-devel-osx-x86_64-clang, r-devel-windows-ix86+x86_64, r-patched-linux-x86_64, r-patched-solaris-sparc, r-patched-solaris-x86, r-release-linux-x86_64, r-release-osx-x86_64-mavericks, r-release-windows-ix86+x86_64, r-oldrel-windows-ix86+x86_64