CRAN Package Check Results for Package rcdklibs

Last updated on 2015-03-28 11:49:23.

Flavor Version Tinstall Tcheck Ttotal Status Flags
r-devel-linux-x86_64-debian-clang 1.5.8.4 2.25 16.94 19.20 NOTE
r-devel-linux-x86_64-debian-gcc 1.5.8.4 2.24 17.11 19.35 NOTE
r-devel-linux-x86_64-fedora-clang 1.5.8.4 38.54 NOTE
r-devel-linux-x86_64-fedora-gcc 1.5.8.4 37.14 NOTE
r-devel-osx-x86_64-clang 1.5.8.4 36.66 NOTE
r-prerel-windows-ix86+x86_64 1.5.8.4 9.00 30.00 39.00 NOTE
r-prerel-linux-x86_64 1.5.8.4 2.09 16.13 18.22 NOTE
r-prerel-solaris-sparc 1.5.8.4 219.10 NOTE
r-prerel-solaris-x86 1.5.8.4 57.50 NOTE
r-release-linux-x86_64 1.5.8.4 2.64 21.22 23.86 NOTE
r-release-osx-x86_64-mavericks 1.5.8.4 NOTE
r-release-osx-x86_64-snowleopard 1.5.8.4 NOTE
r-release-windows-ix86+x86_64 1.5.8.4 16.00 36.00 52.00 NOTE
r-oldrel-windows-ix86+x86_64 1.5.8.4 8.00 28.00 36.00 NOTE

Check Details

Version: 1.5.8.4
Check: installed package size
Result: NOTE
     installed size is 20.0Mb
     sub-directories of 1Mb or more:
     cont 19.9Mb
Flavors: r-devel-linux-x86_64-debian-clang, r-devel-linux-x86_64-debian-gcc, r-devel-linux-x86_64-fedora-clang, r-devel-linux-x86_64-fedora-gcc, r-devel-osx-x86_64-clang, r-prerel-windows-ix86+x86_64, r-prerel-linux-x86_64, r-prerel-solaris-sparc, r-prerel-solaris-x86, r-release-linux-x86_64, r-release-osx-x86_64-mavericks, r-release-osx-x86_64-snowleopard, r-release-windows-ix86+x86_64, r-oldrel-windows-ix86+x86_64

Version: 1.5.8.4
Check: DESCRIPTION meta-information
Result: NOTE
    Malformed Description field: should contain one or more complete sentences.
Flavors: r-devel-linux-x86_64-debian-clang, r-devel-linux-x86_64-debian-gcc, r-devel-linux-x86_64-fedora-clang, r-devel-linux-x86_64-fedora-gcc, r-devel-osx-x86_64-clang, r-prerel-windows-ix86+x86_64, r-prerel-linux-x86_64, r-prerel-solaris-sparc, r-prerel-solaris-x86