CRAN Package Check Results for Package rcdklibs

Last updated on 2018-04-25 01:47:07 CEST.

Flavor Version Tinstall Tcheck Ttotal Status Flags
r-devel-linux-x86_64-debian-clang 2.0 3.22 31.51 34.73 OK
r-devel-linux-x86_64-debian-gcc 2.0 2.62 25.29 27.91 OK
r-devel-linux-x86_64-fedora-clang 2.0 35.44 NOTE
r-devel-linux-x86_64-fedora-gcc 2.0 33.76 NOTE
r-devel-windows-ix86+x86_64 2.0 8.00 43.00 51.00 NOTE
r-patched-linux-x86_64 2.0 3.28 31.13 34.41 OK
r-patched-solaris-x86 2.0 62.30 NOTE
r-release-linux-x86_64 2.0 3.31 31.01 34.32 OK
r-release-windows-ix86+x86_64 2.0 8.00 43.00 51.00 NOTE
r-release-osx-x86_64 2.0 NOTE
r-oldrel-windows-ix86+x86_64 2.0 10.00 51.00 61.00 NOTE
r-oldrel-osx-x86_64 2.0 NOTE

Check Details

Version: 2.0
Check: installed package size
Result: NOTE
     installed size is 23.4Mb
     sub-directories of 1Mb or more:
     cont 23.3Mb
Flavors: r-devel-linux-x86_64-fedora-clang, r-devel-linux-x86_64-fedora-gcc, r-devel-windows-ix86+x86_64, r-patched-solaris-x86, r-release-windows-ix86+x86_64, r-release-osx-x86_64, r-oldrel-windows-ix86+x86_64, r-oldrel-osx-x86_64