CRAN Package Check Results for Package rcdklibs

Last updated on 2016-07-24 06:47:04.

Flavor Version Tinstall Tcheck Ttotal Status Flags
r-devel-linux-x86_64-debian-clang 1.5.13 3.04 18.32 21.36 NOTE
r-devel-linux-x86_64-debian-gcc 1.5.13 2.69 17.85 20.53 NOTE
r-devel-linux-x86_64-fedora-clang 1.5.13 31.33 NOTE
r-devel-linux-x86_64-fedora-gcc 1.5.13 28.16 NOTE
r-devel-osx-x86_64-clang 1.5.13 27.58 NOTE
r-devel-windows-ix86+x86_64 1.5.13 7.00 36.00 43.00 NOTE
r-patched-linux-x86_64 1.5.13 2.74 18.02 20.76 NOTE
r-patched-solaris-sparc 1.5.13 200.00 NOTE
r-patched-solaris-x86 1.5.13 42.70 NOTE
r-release-linux-x86_64 1.5.13 2.75 17.28 20.03 NOTE
r-release-osx-x86_64-mavericks 1.5.13 NOTE
r-release-windows-ix86+x86_64 1.5.13 10.00 43.00 53.00 NOTE
r-oldrel-windows-ix86+x86_64 1.5.13 9.00 33.00 42.00 NOTE

Check Details

Version: 1.5.13
Check: installed package size
Result: NOTE
     installed size is 25.6Mb
     sub-directories of 1Mb or more:
     cont 25.5Mb
Flavors: r-devel-linux-x86_64-debian-clang, r-devel-linux-x86_64-debian-gcc, r-devel-linux-x86_64-fedora-clang, r-devel-linux-x86_64-fedora-gcc, r-devel-osx-x86_64-clang, r-devel-windows-ix86+x86_64, r-patched-linux-x86_64, r-patched-solaris-sparc, r-patched-solaris-x86, r-release-linux-x86_64, r-release-osx-x86_64-mavericks, r-release-windows-ix86+x86_64, r-oldrel-windows-ix86+x86_64