CRAN Package Check Results for Package rcdklibs

Last updated on 2014-04-24 11:48:53.

Flavor Version Tinstall Tcheck Ttotal Status Flags
r-devel-linux-x86_64-debian-clang 1.5.4 2.75 19.66 22.42 NOTE
r-devel-linux-x86_64-debian-gcc 1.5.4 2.62 19.45 22.08 NOTE
r-devel-linux-x86_64-fedora-clang 1.5.4 43.67 NOTE
r-devel-linux-x86_64-fedora-gcc 1.5.4 40.85 NOTE
r-devel-osx-x86_64-clang 1.5.4 41.35 NOTE
r-devel-osx-x86_64-gcc 1.5.4 NOTE
r-devel-windows-ix86+x86_64 1.5.4 7.00 30.00 37.00 NOTE
r-patched-linux-x86_64 1.5.4 2.58 19.86 22.44 NOTE
r-patched-solaris-sparc 1.5.4 259.10 NOTE
r-patched-solaris-x86 1.5.4 64.80 NOTE
r-release-linux-ix86 1.5.4 5.00 35.00 40.00 NOTE
r-release-linux-x86_64 1.5.4 2.76 19.48 22.24 NOTE
r-release-osx-x86_64-mavericks 1.5.4 NOTE
r-release-osx-x86_64-snowleopard 1.5.4 NOTE
r-release-windows-ix86+x86_64 1.5.4 10.00 39.00 49.00 NOTE
r-oldrel-windows-ix86+x86_64 1.5.4 5.00 42.00 47.00 NOTE

Check Details

Version: 1.5.4
Check: installed package size
Result: NOTE
     installed size is 19.8Mb
     sub-directories of 1Mb or more:
     cont 19.7Mb
Flavors: r-devel-linux-x86_64-debian-clang, r-devel-linux-x86_64-debian-gcc, r-devel-linux-x86_64-fedora-clang, r-devel-linux-x86_64-fedora-gcc, r-devel-osx-x86_64-clang, r-devel-osx-x86_64-gcc, r-devel-windows-ix86+x86_64, r-patched-linux-x86_64, r-patched-solaris-sparc, r-patched-solaris-x86, r-release-linux-ix86, r-release-linux-x86_64, r-release-osx-x86_64-mavericks, r-release-osx-x86_64-snowleopard, r-release-windows-ix86+x86_64, r-oldrel-windows-ix86+x86_64