CRAN Package Check Results for Package rcdklibs

Last updated on 2014-11-23 12:46:39.

Flavor Version Tinstall Tcheck Ttotal Status Flags
r-devel-linux-x86_64-debian-clang 1.5.8.4 2.62 20.36 22.99 NOTE
r-devel-linux-x86_64-debian-gcc 1.5.8.4 2.44 19.92 22.36 NOTE
r-devel-linux-x86_64-fedora-clang 1.5.8.4 46.51 NOTE
r-devel-linux-x86_64-fedora-gcc 1.5.8.4 44.27 NOTE
r-devel-osx-x86_64-clang 1.5.8.4 43.39 NOTE
r-devel-windows-ix86+x86_64 1.5.8.4 9.00 33.00 42.00 NOTE
r-patched-linux-x86_64 1.5.8.4 2.66 20.48 23.14 NOTE
r-patched-solaris-sparc 1.5.8.4 254.10 NOTE
r-patched-solaris-x86 1.5.8.4 69.40 NOTE
r-release-linux-ix86 1.5.8.4 3.61 26.27 29.88 NOTE
r-release-linux-x86_64 1.5.8.4 2.65 20.62 23.27 NOTE
r-release-osx-x86_64-mavericks 1.5.8.4 NOTE
r-release-osx-x86_64-snowleopard 1.5.8.4 NOTE
r-release-windows-ix86+x86_64 1.5.8.4 9.00 45.00 54.00 NOTE
r-oldrel-windows-ix86+x86_64 1.5.8.4 8.00 28.00 36.00 NOTE

Check Details

Version: 1.5.8.4
Check: installed package size
Result: NOTE
     installed size is 20.0Mb
     sub-directories of 1Mb or more:
     cont 19.9Mb
Flavors: r-devel-linux-x86_64-debian-clang, r-devel-linux-x86_64-debian-gcc, r-devel-linux-x86_64-fedora-clang, r-devel-linux-x86_64-fedora-gcc, r-devel-osx-x86_64-clang, r-devel-windows-ix86+x86_64, r-patched-linux-x86_64, r-patched-solaris-sparc, r-patched-solaris-x86, r-release-linux-ix86, r-release-linux-x86_64, r-release-osx-x86_64-mavericks, r-release-osx-x86_64-snowleopard, r-release-windows-ix86+x86_64, r-oldrel-windows-ix86+x86_64