CRAN Package Check Results for Package rcdklibs

Last updated on 2017-05-22 18:52:04.

Flavor Version Tinstall Tcheck Ttotal Status Flags
r-devel-linux-x86_64-debian-clang 1.5.13 2.39 18.45 20.85 OK
r-devel-linux-x86_64-debian-gcc 1.5.13 2.46 18.22 20.68 OK
r-devel-linux-x86_64-fedora-clang 1.5.13 36.39 NOTE --no-stop-on-test-error
r-devel-linux-x86_64-fedora-gcc 1.5.13 34.92 NOTE --no-stop-on-test-error
r-devel-windows-ix86+x86_64 1.5.13 10.00 39.00 49.00 NOTE
r-patched-linux-x86_64 1.5.13 2.35 18.09 20.44 OK
r-patched-solaris-sparc 1.5.13 231.70 NOTE
r-patched-solaris-x86 1.5.13 51.70 NOTE
r-release-linux-x86_64 1.5.13 2.40 18.10 20.50 OK
r-release-windows-ix86+x86_64 1.5.13 7.00 42.00 49.00 NOTE
r-release-osx-x86_64 1.5.13 NOTE
r-oldrel-windows-ix86+x86_64 1.5.13 6.00 37.00 43.00 NOTE
r-oldrel-osx-x86_64 1.5.13 NOTE

Check Details

Version: 1.5.13
Flags: --no-stop-on-test-error
Check: installed package size
Result: NOTE
     installed size is 25.6Mb
     sub-directories of 1Mb or more:
     cont 25.5Mb
Flavors: r-devel-linux-x86_64-fedora-clang, r-devel-linux-x86_64-fedora-gcc

Version: 1.5.13
Check: installed package size
Result: NOTE
     installed size is 25.5Mb
     sub-directories of 1Mb or more:
     cont 25.5Mb
Flavors: r-devel-windows-ix86+x86_64, r-patched-solaris-sparc, r-patched-solaris-x86, r-release-windows-ix86+x86_64, r-release-osx-x86_64, r-oldrel-windows-ix86+x86_64, r-oldrel-osx-x86_64