CRAN Package Check Results for Package rcdklibs

Last updated on 2015-07-28 03:48:28.

Flavor Version Tinstall Tcheck Ttotal Status Flags
r-devel-linux-x86_64-debian-clang 1.5.8.4 2.20 16.98 19.18 NOTE
r-devel-linux-x86_64-debian-gcc 1.5.8.4 2.07 16.58 18.65 NOTE
r-devel-linux-x86_64-fedora-clang 1.5.8.4 38.22 NOTE
r-devel-linux-x86_64-fedora-gcc 1.5.8.4 35.62 NOTE
r-devel-osx-x86_64-clang 1.5.8.4 31.32 NOTE
r-devel-windows-ix86+x86_64 1.5.8.4 10.00 31.00 41.00 NOTE
r-patched-linux-x86_64 1.5.8.4 2.10 16.74 18.84 NOTE
r-patched-solaris-sparc 1.5.8.4 236.30 NOTE
r-patched-solaris-x86 1.5.8.4 56.40 NOTE
r-release-linux-x86_64 1.5.8.4 2.10 16.62 18.72 NOTE
r-release-osx-x86_64-mavericks 1.5.8.4 NOTE
r-release-windows-ix86+x86_64 1.5.8.4 10.00 30.00 40.00 NOTE
r-oldrel-windows-ix86+x86_64 1.5.8.4 16.00 36.00 52.00 NOTE

Check Details

Version: 1.5.8.4
Check: installed package size
Result: NOTE
     installed size is 20.0Mb
     sub-directories of 1Mb or more:
     cont 19.9Mb
Flavors: r-devel-linux-x86_64-debian-clang, r-devel-linux-x86_64-debian-gcc, r-devel-linux-x86_64-fedora-clang, r-devel-linux-x86_64-fedora-gcc, r-devel-osx-x86_64-clang, r-devel-windows-ix86+x86_64, r-patched-linux-x86_64, r-patched-solaris-sparc, r-patched-solaris-x86, r-release-linux-x86_64, r-release-osx-x86_64-mavericks, r-release-windows-ix86+x86_64, r-oldrel-windows-ix86+x86_64

Version: 1.5.8.4
Check: DESCRIPTION meta-information
Result: NOTE
    Malformed Description field: should contain one or more complete sentences.
Flavors: r-devel-linux-x86_64-debian-clang, r-devel-linux-x86_64-debian-gcc, r-devel-linux-x86_64-fedora-clang, r-devel-linux-x86_64-fedora-gcc, r-devel-osx-x86_64-clang, r-devel-windows-ix86+x86_64, r-patched-linux-x86_64, r-patched-solaris-sparc, r-patched-solaris-x86, r-release-linux-x86_64, r-release-osx-x86_64-mavericks, r-release-windows-ix86+x86_64