CRAN Package Check Results for Package rcdklibs

Last updated on 2016-08-25 23:48:26.

Flavor Version Tinstall Tcheck Ttotal Status Flags
r-devel-linux-x86_64-debian-clang 1.5.13 2.40 15.68 18.08 NOTE
r-devel-linux-x86_64-debian-gcc 1.5.13 2.21 15.67 17.89 NOTE
r-devel-linux-x86_64-fedora-clang 1.5.13 30.58 NOTE
r-devel-linux-x86_64-fedora-gcc 1.5.13 29.38 NOTE
r-devel-osx-x86_64-clang 1.5.13 27.43 NOTE
r-devel-windows-ix86+x86_64 1.5.13 9.00 56.00 65.00 NOTE
r-patched-linux-x86_64 1.5.13 2.21 15.34 17.55 NOTE
r-patched-solaris-sparc 1.5.13 200.00 NOTE
r-patched-solaris-x86 1.5.13 42.30 NOTE
r-release-linux-x86_64 1.5.13 2.28 15.46 17.74 NOTE
r-release-osx-x86_64-mavericks 1.5.13 NOTE
r-release-windows-ix86+x86_64 1.5.13 10.00 43.00 53.00 NOTE
r-oldrel-windows-ix86+x86_64 1.5.13 9.00 33.00 42.00 NOTE

Check Details

Version: 1.5.13
Check: installed package size
Result: NOTE
     installed size is 25.6Mb
     sub-directories of 1Mb or more:
     cont 25.5Mb
Flavors: r-devel-linux-x86_64-debian-clang, r-devel-linux-x86_64-debian-gcc, r-devel-linux-x86_64-fedora-clang, r-devel-linux-x86_64-fedora-gcc, r-devel-osx-x86_64-clang, r-devel-windows-ix86+x86_64, r-patched-linux-x86_64, r-patched-solaris-sparc, r-patched-solaris-x86, r-release-linux-x86_64, r-release-osx-x86_64-mavericks, r-release-windows-ix86+x86_64, r-oldrel-windows-ix86+x86_64