CRAN Package Check Results for Package rcdklibs

Last updated on 2014-09-17 03:47:45.

Flavor Version Tinstall Tcheck Ttotal Status Flags
r-devel-linux-x86_64-debian-clang 1.5.8.4 2.63 20.94 23.56 NOTE
r-devel-linux-x86_64-debian-gcc 1.5.8.4 2.56 19.65 22.21 NOTE
r-devel-linux-x86_64-fedora-clang 1.5.8.4 45.89 NOTE
r-devel-linux-x86_64-fedora-gcc 1.5.8.4 42.16 NOTE
r-devel-osx-x86_64-clang 1.5.8.4 43.30 NOTE
r-devel-windows-ix86+x86_64 1.5.8.4 10.00 34.00 44.00 NOTE
r-patched-linux-x86_64 1.5.8.4 2.92 20.29 23.21 NOTE
r-patched-solaris-sparc 1.5.8.4 254.10 NOTE
r-patched-solaris-x86 1.5.8.4 67.30 NOTE
r-release-linux-ix86 1.5.8.4 3.55 29.48 33.03 NOTE
r-release-linux-x86_64 1.5.8.4 3.12 20.57 23.68 NOTE
r-release-osx-x86_64-mavericks 1.5.8.4 NOTE
r-release-osx-x86_64-snowleopard 1.5.8.4 NOTE
r-release-windows-ix86+x86_64 1.5.8.4 7.00 31.00 38.00 NOTE
r-oldrel-windows-ix86+x86_64 1.5.8.4 8.00 28.00 36.00 NOTE

Check Details

Version: 1.5.8.4
Check: installed package size
Result: NOTE
     installed size is 20.0Mb
     sub-directories of 1Mb or more:
     cont 19.9Mb
Flavors: r-devel-linux-x86_64-debian-clang, r-devel-linux-x86_64-debian-gcc, r-devel-linux-x86_64-fedora-clang, r-devel-linux-x86_64-fedora-gcc, r-devel-osx-x86_64-clang, r-devel-windows-ix86+x86_64, r-patched-linux-x86_64, r-patched-solaris-sparc, r-patched-solaris-x86, r-release-linux-ix86, r-release-linux-x86_64, r-release-osx-x86_64-mavericks, r-release-osx-x86_64-snowleopard, r-release-windows-ix86+x86_64, r-oldrel-windows-ix86+x86_64