CRAN Package Check Results for Package rcdklibs

Last updated on 2017-08-19 16:46:41.

Flavor Version Tinstall Tcheck Ttotal Status Flags
r-devel-linux-x86_64-debian-clang 2.0 2.39 18.84 21.23 OK
r-devel-linux-x86_64-debian-gcc 2.0 2.58 17.84 20.42 OK
r-devel-linux-x86_64-fedora-clang 2.0 36.30 NOTE
r-devel-linux-x86_64-fedora-gcc 2.0 35.53 NOTE
r-devel-windows-ix86+x86_64 2.0 9.00 42.00 51.00 NOTE
r-patched-linux-x86_64 2.0 2.48 17.95 20.43 OK
r-patched-solaris-x86 2.0 53.00 NOTE
r-release-linux-x86_64 2.0 2.30 18.13 20.43 OK
r-release-windows-ix86+x86_64 2.0 7.00 42.00 49.00 NOTE
r-release-osx-x86_64 2.0 NOTE
r-oldrel-windows-ix86+x86_64 2.0 8.00 42.00 50.00 NOTE
r-oldrel-osx-x86_64 2.0 NOTE

Check Details

Version: 2.0
Check: installed package size
Result: NOTE
     installed size is 23.4Mb
     sub-directories of 1Mb or more:
     cont 23.3Mb
Flavors: r-devel-linux-x86_64-fedora-clang, r-devel-linux-x86_64-fedora-gcc, r-devel-windows-ix86+x86_64, r-patched-solaris-x86, r-release-windows-ix86+x86_64, r-release-osx-x86_64, r-oldrel-windows-ix86+x86_64, r-oldrel-osx-x86_64