CRAN Package Check Results for Package rchallenge

Last updated on 2019-07-22 13:47:04 CEST.

Flavor Version Tinstall Tcheck Ttotal Status Flags
r-devel-linux-x86_64-debian-clang 1.3.0 3.42 30.51 33.93 OK
r-devel-linux-x86_64-debian-gcc 1.3.0 2.48 24.95 27.43 OK
r-devel-linux-x86_64-fedora-clang 1.3.0 39.89 OK
r-devel-linux-x86_64-fedora-gcc 1.3.0 42.51 OK
r-devel-windows-ix86+x86_64 1.3.0 7.00 56.00 63.00 OK
r-patched-linux-x86_64 1.3.0 2.81 30.53 33.34 OK
r-patched-solaris-x86 1.3.0 59.70 ERROR
r-release-linux-x86_64 1.3.0 2.93 30.33 33.26 OK
r-release-windows-ix86+x86_64 1.3.0 6.00 45.00 51.00 OK
r-release-osx-x86_64 1.3.0 ERROR
r-oldrel-windows-ix86+x86_64 1.3.0 6.00 57.00 63.00 OK
r-oldrel-osx-x86_64 1.3.0 ERROR

Check Details

Version: 1.3.0
Check: examples
Result: ERROR
    Running examples in ‘rchallenge-Ex.R’ failed
    The error most likely occurred in:
    
    > ### Name: icon
    > ### Title: HTML code for icons. Currently only supports Font Awesome icons.
    > ### Aliases: icon
    >
    > ### ** Examples
    >
    > rmd <- '
    + ```{r}
    + library(rchallenge)
    + ```
    + <link rel="stylesheet"
    + href="https://maxcdn.bootstrapcdn.com/font-awesome/4.6.3/css/font-awesome.min.css">
    + `r icon("fa-user")`
    + `r icon("fa-user fa-lg")`
    + `r icon("fa-user fa-2x")`
    + `r icon("fa-user fa-3x")`
    + `r icon("fa-user fa-3x fa-border")`
    + '
    > file <- tempfile()
    > cat(rmd, file=file)
    > writeLines(readLines(file))
    
    ```{r}
    library(rchallenge)
    ```
    <link rel="stylesheet"
     href="https://maxcdn.bootstrapcdn.com/font-awesome/4.6.3/css/font-awesome.min.css">
    `r icon("fa-user")`
    `r icon("fa-user fa-lg")`
    `r icon("fa-user fa-2x")`
    `r icon("fa-user fa-3x")`
    `r icon("fa-user fa-3x fa-border")`
    > rmarkdown::render(file)
    Error: pandoc version 1.12.3 or higher is required and was not found (see the help page ?rmarkdown::pandoc_available).
    Execution halted
Flavors: r-patched-solaris-x86, r-release-osx-x86_64, r-oldrel-osx-x86_64