CRAN Package Check Results for Package rcppbugs

Last updated on 2014-07-24 17:49:07.

Flavor Version Tinstall Tcheck Ttotal Status Flags
r-devel-linux-x86_64-debian-clang 0.1.4.1 21.87 13.44 35.31 NOTE
r-devel-linux-x86_64-debian-gcc 0.1.4.1 31.16 13.70 44.87 NOTE
r-devel-linux-x86_64-fedora-clang 0.1.4.1 74.72 NOTE
r-devel-linux-x86_64-fedora-gcc 0.1.4.1 89.15 NOTE
r-devel-osx-x86_64-clang 0.1.4.1 63.37 OK
r-devel-windows-ix86+x86_64 0.1.4.1 81.00 41.00 122.00 OK
r-patched-linux-x86_64 0.1.4.1 31.52 13.50 45.02 NOTE
r-patched-solaris-sparc 0.1.4.1 818.40 NOTE
r-patched-solaris-x86 0.1.4.1 119.80 NOTE
r-release-linux-ix86 0.1.4.1 41.60 21.11 62.71 NOTE
r-release-linux-x86_64 0.1.4.1 31.44 14.04 45.48 NOTE
r-release-osx-x86_64-mavericks 0.1.4.1 NOTE
r-release-osx-x86_64-snowleopard 0.1.4.1 ERROR
r-release-windows-ix86+x86_64 0.1.4.1 99.00 58.00 157.00 OK
r-oldrel-windows-ix86+x86_64 0.1.4.1 84.00 42.00 126.00 OK

Check Details

Version: 0.1.4.1
Check: installed package size
Result: NOTE
     installed size is 11.5Mb
     sub-directories of 1Mb or more:
     libs 11.4Mb
Flavors: r-devel-linux-x86_64-debian-clang, r-devel-linux-x86_64-debian-gcc, r-devel-linux-x86_64-fedora-clang, r-devel-linux-x86_64-fedora-gcc, r-patched-linux-x86_64, r-patched-solaris-sparc, r-patched-solaris-x86, r-release-linux-ix86, r-release-linux-x86_64, r-release-osx-x86_64-mavericks

Version: 0.1.4.1
Check: top-level files
Result: NOTE
    Non-standard file/directory found at top level:
     ‘README.rst’
Flavors: r-devel-linux-x86_64-fedora-clang, r-devel-linux-x86_64-fedora-gcc

Version: 0.1.4.1
Check: whether package can be installed
Result: ERROR
    Installation failed.
    See ‘/Volumes/XT3/Builds/R-dev-web/QA/Simon/packages/snowleopard-x86_64/results/3.1/rcppbugs.Rcheck/00install.out’ for details.
Flavor: r-release-osx-x86_64-snowleopard