CRAN Package Check Results for Package rcppbugs

Last updated on 2014-08-21 07:49:21.

Flavor Version Tinstall Tcheck Ttotal Status Flags
r-devel-linux-x86_64-debian-clang 0.1.4.1 21.56 13.68 35.24 NOTE
r-devel-linux-x86_64-debian-gcc 0.1.4.1 31.84 13.77 45.62 NOTE
r-devel-linux-x86_64-fedora-clang 0.1.4.1 74.11 NOTE
r-devel-linux-x86_64-fedora-gcc 0.1.4.1 93.52 NOTE
r-devel-osx-x86_64-clang 0.1.4.1 61.09 OK
r-devel-windows-ix86+x86_64 0.1.4.1 71.00 40.00 111.00 OK
r-patched-linux-x86_64 0.1.4.1 31.36 13.60 44.96 NOTE
r-patched-solaris-sparc 0.1.4.1 846.30 NOTE
r-patched-solaris-x86 0.1.4.1 121.00 NOTE
r-release-linux-ix86 0.1.4.1 41.80 20.42 62.22 NOTE
r-release-linux-x86_64 0.1.4.1 30.93 14.10 45.03 NOTE
r-release-osx-x86_64-mavericks 0.1.4.1 NOTE
r-release-osx-x86_64-snowleopard 0.1.4.1 ERROR
r-release-windows-ix86+x86_64 0.1.4.1 81.00 38.00 119.00 OK
r-oldrel-windows-ix86+x86_64 0.1.4.1 81.00 45.00 126.00 OK

Check Details

Version: 0.1.4.1
Check: installed package size
Result: NOTE
     installed size is 12.0Mb
     sub-directories of 1Mb or more:
     libs 11.9Mb
Flavors: r-devel-linux-x86_64-debian-clang, r-devel-linux-x86_64-debian-gcc, r-devel-linux-x86_64-fedora-clang, r-devel-linux-x86_64-fedora-gcc, r-patched-linux-x86_64, r-patched-solaris-sparc, r-patched-solaris-x86, r-release-linux-ix86, r-release-linux-x86_64, r-release-osx-x86_64-mavericks

Version: 0.1.4.1
Check: top-level files
Result: NOTE
    Non-standard file/directory found at top level:
     ‘README.rst’
Flavors: r-devel-linux-x86_64-fedora-clang, r-devel-linux-x86_64-fedora-gcc

Version: 0.1.4.1
Check: whether package can be installed
Result: ERROR
    Installation failed.
Flavor: r-release-osx-x86_64-snowleopard