CRAN Package Check Results for Package rcppbugs

Last updated on 2016-02-14 10:46:55.

Flavor Version Tinstall Tcheck Ttotal Status Flags
r-devel-linux-x86_64-debian-gcc 0.1.4.1 9.40 1.53 10.93 ERROR
r-devel-linux-x86_64-fedora-clang 0.1.4.1 21.94 ERROR
r-devel-linux-x86_64-fedora-gcc 0.1.4.1 21.49 ERROR
r-devel-osx-x86_64-clang 0.1.4.1 18.79 ERROR
r-devel-windows-ix86+x86_64 0.1.4.1 26.00 4.00 30.00 ERROR
r-patched-linux-x86_64 0.1.4.1 29.96 13.04 43.00 NOTE
r-patched-solaris-sparc 0.1.4.1 476.60 NOTE
r-patched-solaris-x86 0.1.4.1 87.80 NOTE
r-release-linux-x86_64 0.1.4.1 31.00 12.89 43.89 NOTE
r-release-osx-x86_64-mavericks 0.1.4.1 NOTE
r-release-windows-ix86+x86_64 0.1.4.1 99.00 59.00 158.00 NOTE
r-oldrel-windows-ix86+x86_64 0.1.4.1 108.00 52.00 160.00 OK

Check Details

Version: 0.1.4.1
Check: whether package can be installed
Result: ERROR
    Installation failed.
Flavors: r-devel-linux-x86_64-debian-gcc, r-devel-linux-x86_64-fedora-clang, r-devel-linux-x86_64-fedora-gcc, r-devel-osx-x86_64-clang, r-devel-windows-ix86+x86_64

Version: 0.1.4.1
Check: installed package size
Result: NOTE
     installed size is 11.5Mb
     sub-directories of 1Mb or more:
     libs 11.4Mb
Flavors: r-patched-linux-x86_64, r-release-linux-x86_64, r-release-osx-x86_64-mavericks

Version: 0.1.4.1
Check: DESCRIPTION meta-information
Result: NOTE
    Malformed Description field: should contain one or more complete sentences.
Flavors: r-patched-linux-x86_64, r-patched-solaris-sparc, r-patched-solaris-x86, r-release-linux-x86_64, r-release-osx-x86_64-mavericks, r-release-windows-ix86+x86_64

Version: 0.1.4.1
Check: top-level files
Result: NOTE
    Non-standard file/directory found at top level:
     ‘README.rst’
Flavors: r-patched-linux-x86_64, r-release-linux-x86_64