CRAN Package Check Results for Package rcppbugs

Last updated on 2015-05-28 19:47:40.

Flavor Version Tinstall Tcheck Ttotal Status Flags
r-devel-linux-x86_64-debian-clang 0.1.4.1 25.11 12.90 38.01 NOTE
r-devel-linux-x86_64-debian-gcc 0.1.4.1 33.14 13.02 46.16 NOTE
r-devel-linux-x86_64-fedora-clang 0.1.4.1 83.46 NOTE
r-devel-linux-x86_64-fedora-gcc 0.1.4.1 86.14 NOTE
r-devel-osx-x86_64-clang 0.1.4.1 72.75 NOTE
r-devel-windows-ix86+x86_64 0.1.4.1 81.00 48.00 129.00 NOTE
r-patched-linux-x86_64 0.1.4.1 30.83 12.74 43.57 NOTE
r-patched-solaris-sparc 0.1.4.1 904.00 NOTE
r-patched-solaris-x86 0.1.4.1 118.70 NOTE
r-release-linux-x86_64 0.1.4.1 32.11 12.79 44.90 NOTE
r-release-osx-x86_64-mavericks 0.1.4.1 NOTE
r-release-osx-x86_64-snowleopard 0.1.4.1 ERROR
r-release-windows-ix86+x86_64 0.1.4.1 79.00 47.00 126.00 NOTE
r-oldrel-windows-ix86+x86_64 0.1.4.1 79.00 77.00 156.00 OK

Check Details

Version: 0.1.4.1
Check: installed package size
Result: NOTE
     installed size is 12.4Mb
     sub-directories of 1Mb or more:
     libs 12.3Mb
Flavors: r-devel-linux-x86_64-debian-clang, r-devel-linux-x86_64-debian-gcc, r-devel-linux-x86_64-fedora-clang, r-devel-linux-x86_64-fedora-gcc, r-patched-linux-x86_64, r-patched-solaris-sparc, r-patched-solaris-x86, r-release-linux-x86_64, r-release-osx-x86_64-mavericks

Version: 0.1.4.1
Check: DESCRIPTION meta-information
Result: NOTE
    Malformed Description field: should contain one or more complete sentences.
Flavors: r-devel-linux-x86_64-debian-clang, r-devel-linux-x86_64-debian-gcc, r-devel-linux-x86_64-fedora-clang, r-devel-linux-x86_64-fedora-gcc, r-devel-osx-x86_64-clang, r-devel-windows-ix86+x86_64, r-patched-linux-x86_64, r-patched-solaris-sparc, r-patched-solaris-x86, r-release-linux-x86_64, r-release-osx-x86_64-mavericks, r-release-windows-ix86+x86_64

Version: 0.1.4.1
Check: top-level files
Result: NOTE
    Non-standard file/directory found at top level:
     ‘README.rst’
Flavors: r-devel-linux-x86_64-debian-clang, r-devel-linux-x86_64-debian-gcc, r-devel-linux-x86_64-fedora-clang, r-devel-linux-x86_64-fedora-gcc, r-patched-linux-x86_64, r-release-linux-x86_64

Version: 0.1.4.1
Check: whether package can be installed
Result: ERROR
    Installation failed.
Flavor: r-release-osx-x86_64-snowleopard