CRAN Package Check Results for Package rcppbugs

Last updated on 2015-03-27 21:47:58.

Flavor Version Tinstall Tcheck Ttotal Status Flags
r-devel-linux-x86_64-debian-clang 0.1.4.1 25.22 12.65 37.87 NOTE
r-devel-linux-x86_64-debian-gcc 0.1.4.1 31.89 12.27 44.16 NOTE
r-devel-linux-x86_64-fedora-clang 0.1.4.1 83.39 NOTE
r-devel-linux-x86_64-fedora-gcc 0.1.4.1 85.51 NOTE
r-devel-osx-x86_64-clang 0.1.4.1 65.05 NOTE
r-prerel-windows-ix86+x86_64 0.1.4.1 85.00 39.00 124.00 NOTE
r-prerel-linux-x86_64 0.1.4.1 33.70 12.38 46.08 NOTE
r-prerel-solaris-sparc 0.1.4.1 217.10 ERROR
r-prerel-solaris-x86 0.1.4.1 119.00 NOTE
r-release-linux-x86_64 0.1.4.1 32.03 14.63 46.66 NOTE
r-release-osx-x86_64-mavericks 0.1.4.1 NOTE
r-release-osx-x86_64-snowleopard 0.1.4.1 ERROR
r-release-windows-ix86+x86_64 0.1.4.1 77.00 49.00 126.00 OK
r-oldrel-windows-ix86+x86_64 0.1.4.1 73.00 68.00 141.00 OK

Check Details

Version: 0.1.4.1
Check: installed package size
Result: NOTE
     installed size is 12.5Mb
     sub-directories of 1Mb or more:
     libs 12.4Mb
Flavors: r-devel-linux-x86_64-debian-clang, r-devel-linux-x86_64-debian-gcc, r-devel-linux-x86_64-fedora-clang, r-devel-linux-x86_64-fedora-gcc, r-prerel-linux-x86_64, r-prerel-solaris-x86, r-release-linux-x86_64, r-release-osx-x86_64-mavericks

Version: 0.1.4.1
Check: DESCRIPTION meta-information
Result: NOTE
    Malformed Description field: should contain one or more complete sentences.
Flavors: r-devel-linux-x86_64-debian-clang, r-devel-linux-x86_64-debian-gcc, r-devel-linux-x86_64-fedora-clang, r-devel-linux-x86_64-fedora-gcc, r-devel-osx-x86_64-clang, r-prerel-windows-ix86+x86_64, r-prerel-linux-x86_64, r-prerel-solaris-x86

Version: 0.1.4.1
Check: top-level files
Result: NOTE
    Non-standard file/directory found at top level:
     ‘README.rst’
Flavors: r-devel-linux-x86_64-debian-clang, r-devel-linux-x86_64-debian-gcc, r-devel-linux-x86_64-fedora-clang, r-devel-linux-x86_64-fedora-gcc, r-prerel-linux-x86_64, r-release-linux-x86_64

Version: 0.1.4.1
Check: whether package can be installed
Result: ERROR
    Installation failed.
Flavors: r-prerel-solaris-sparc, r-release-osx-x86_64-snowleopard