CRAN Package Check Results for Package rcppbugs

Last updated on 2014-12-20 03:49:39.

Flavor Version Tinstall Tcheck Ttotal Status Flags
r-devel-linux-x86_64-debian-clang 0.1.4.1 23.31 14.29 37.60 NOTE
r-devel-linux-x86_64-debian-gcc 0.1.4.1 34.02 14.55 48.57 NOTE
r-devel-linux-x86_64-fedora-clang 0.1.4.1 80.09 NOTE
r-devel-linux-x86_64-fedora-gcc 0.1.4.1 71.31 NOTE
r-devel-osx-x86_64-clang 0.1.4.1 73.88 OK
r-devel-windows-ix86+x86_64 0.1.4.1 84.00 45.00 129.00 OK
r-patched-linux-x86_64 0.1.4.1 31.84 14.42 46.26 NOTE
r-patched-solaris-sparc 0.1.4.1 831.00 NOTE
r-patched-solaris-x86 0.1.4.1 121.40 NOTE
r-release-linux-ix86 0.1.4.1 39.65 19.94 59.59 NOTE
r-release-linux-x86_64 0.1.4.1 32.19 14.70 46.90 NOTE
r-release-osx-x86_64-mavericks 0.1.4.1 NOTE
r-release-osx-x86_64-snowleopard 0.1.4.1 ERROR
r-release-windows-ix86+x86_64 0.1.4.1 81.00 43.00 124.00 OK
r-oldrel-windows-ix86+x86_64 0.1.4.1 81.00 54.00 135.00 OK

Check Details

Version: 0.1.4.1
Check: installed package size
Result: NOTE
     installed size is 13.5Mb
     sub-directories of 1Mb or more:
     libs 13.4Mb
Flavors: r-devel-linux-x86_64-debian-clang, r-devel-linux-x86_64-debian-gcc, r-devel-linux-x86_64-fedora-clang, r-devel-linux-x86_64-fedora-gcc, r-patched-linux-x86_64, r-patched-solaris-sparc, r-patched-solaris-x86, r-release-linux-ix86, r-release-linux-x86_64, r-release-osx-x86_64-mavericks

Version: 0.1.4.1
Check: top-level files
Result: NOTE
    Non-standard file/directory found at top level:
     ‘README.rst’
Flavors: r-devel-linux-x86_64-debian-clang, r-devel-linux-x86_64-debian-gcc, r-devel-linux-x86_64-fedora-clang, r-devel-linux-x86_64-fedora-gcc, r-patched-linux-x86_64, r-release-linux-x86_64

Version: 0.1.4.1
Check: whether package can be installed
Result: ERROR
    Installation failed.
Flavor: r-release-osx-x86_64-snowleopard