CRAN Package Check Results for Package rcppbugs

Last updated on 2014-11-22 05:48:30.

Flavor Version Tinstall Tcheck Ttotal Status Flags
r-devel-linux-x86_64-debian-clang 0.1.4.1 24.14 14.82 38.96 NOTE
r-devel-linux-x86_64-debian-gcc 0.1.4.1 32.36 13.80 46.16 NOTE
r-devel-linux-x86_64-fedora-clang 0.1.4.1 81.13 NOTE
r-devel-linux-x86_64-fedora-gcc 0.1.4.1 88.13 NOTE
r-devel-osx-x86_64-clang 0.1.4.1 68.71 OK
r-devel-windows-ix86+x86_64 0.1.4.1 73.00 46.00 119.00 OK
r-patched-linux-x86_64 0.1.4.1 32.21 14.67 46.88 NOTE
r-patched-solaris-sparc 0.1.4.1 831.00 NOTE
r-patched-solaris-x86 0.1.4.1 124.20 NOTE
r-release-linux-ix86 0.1.4.1 39.48 20.46 59.93 NOTE
r-release-linux-x86_64 0.1.4.1 31.31 14.60 45.91 NOTE
r-release-osx-x86_64-mavericks 0.1.4.1 NOTE
r-release-osx-x86_64-snowleopard 0.1.4.1 ERROR
r-release-windows-ix86+x86_64 0.1.4.1 104.00 38.00 142.00 OK
r-oldrel-windows-ix86+x86_64 0.1.4.1 78.00 44.00 122.00 OK

Check Details

Version: 0.1.4.1
Check: installed package size
Result: NOTE
     installed size is 13.5Mb
     sub-directories of 1Mb or more:
     libs 13.4Mb
Flavors: r-devel-linux-x86_64-debian-clang, r-devel-linux-x86_64-debian-gcc, r-devel-linux-x86_64-fedora-clang, r-devel-linux-x86_64-fedora-gcc, r-patched-linux-x86_64, r-patched-solaris-sparc, r-patched-solaris-x86, r-release-linux-ix86, r-release-linux-x86_64, r-release-osx-x86_64-mavericks

Version: 0.1.4.1
Check: top-level files
Result: NOTE
    Non-standard file/directory found at top level:
     ‘README.rst’
Flavors: r-devel-linux-x86_64-debian-clang, r-devel-linux-x86_64-debian-gcc, r-devel-linux-x86_64-fedora-clang, r-devel-linux-x86_64-fedora-gcc, r-patched-linux-x86_64, r-release-linux-x86_64

Version: 0.1.4.1
Check: whether package can be installed
Result: ERROR
    Installation failed.
Flavor: r-release-osx-x86_64-snowleopard