CRAN Package Check Results for Package rcppbugs

Last updated on 2015-06-30 06:47:13.

Flavor Version Tinstall Tcheck Ttotal Status Flags
r-devel-linux-x86_64-debian-clang 0.1.4.1 24.96 12.93 37.89 NOTE
r-devel-linux-x86_64-debian-gcc 0.1.4.1 31.58 13.07 44.65 NOTE
r-devel-linux-x86_64-fedora-clang 0.1.4.1 81.54 NOTE
r-devel-linux-x86_64-fedora-gcc 0.1.4.1 86.08 NOTE
r-devel-osx-x86_64-clang 0.1.4.1 74.44 NOTE
r-devel-windows-ix86+x86_64 0.1.4.1 85.00 47.00 132.00 NOTE
r-patched-linux-x86_64 0.1.4.1 30.77 12.68 43.45 NOTE
r-patched-solaris-sparc 0.1.4.1 904.00 NOTE
r-patched-solaris-x86 0.1.4.1 119.60 NOTE
r-release-linux-x86_64 0.1.4.1 33.51 12.86 46.37 NOTE
r-release-osx-x86_64-mavericks 0.1.4.1 NOTE
r-release-windows-ix86+x86_64 0.1.4.1 105.00 68.00 173.00 NOTE
r-oldrel-windows-ix86+x86_64 0.1.4.1 83.00 55.00 138.00 OK

Check Details

Version: 0.1.4.1
Check: installed package size
Result: NOTE
     installed size is 12.4Mb
     sub-directories of 1Mb or more:
     libs 12.3Mb
Flavors: r-devel-linux-x86_64-debian-clang, r-devel-linux-x86_64-debian-gcc, r-devel-linux-x86_64-fedora-clang, r-devel-linux-x86_64-fedora-gcc, r-patched-linux-x86_64, r-patched-solaris-sparc, r-patched-solaris-x86, r-release-linux-x86_64, r-release-osx-x86_64-mavericks

Version: 0.1.4.1
Check: DESCRIPTION meta-information
Result: NOTE
    Malformed Description field: should contain one or more complete sentences.
Flavors: r-devel-linux-x86_64-debian-clang, r-devel-linux-x86_64-debian-gcc, r-devel-linux-x86_64-fedora-clang, r-devel-linux-x86_64-fedora-gcc, r-devel-osx-x86_64-clang, r-devel-windows-ix86+x86_64, r-patched-linux-x86_64, r-patched-solaris-sparc, r-patched-solaris-x86, r-release-linux-x86_64, r-release-osx-x86_64-mavericks, r-release-windows-ix86+x86_64

Version: 0.1.4.1
Check: top-level files
Result: NOTE
    Non-standard file/directory found at top level:
     ‘README.rst’
Flavors: r-devel-linux-x86_64-debian-clang, r-devel-linux-x86_64-debian-gcc, r-devel-linux-x86_64-fedora-clang, r-devel-linux-x86_64-fedora-gcc, r-patched-linux-x86_64, r-release-linux-x86_64