CRAN Package Check Results for Package rcppbugs

Last updated on 2014-04-17 21:47:54.

Flavor Version Tinstall Tcheck Ttotal Status Flags
r-devel-linux-x86_64-debian-clang 0.1.4 23.23 14.84 38.07 NOTE
r-devel-linux-x86_64-debian-gcc 0.1.4 32.24 14.93 47.17 NOTE
r-devel-linux-x86_64-fedora-clang 0.1.4 76.06 NOTE
r-devel-linux-x86_64-fedora-gcc 0.1.4 89.98 NOTE
r-devel-macosx-x86_64-clang 0.1.4 67.33 NOTE
r-devel-macosx-x86_64-gcc 0.1.4 ERROR
r-devel-windows-ix86+x86_64 0.1.4 86.00 41.00 127.00 NOTE
r-patched-linux-x86_64 0.1.4 32.38 15.46 47.84 NOTE
r-patched-solaris-sparc 0.1.4 199.40 ERROR
r-patched-solaris-x86 0.1.4 44.30 ERROR
r-release-linux-ix86 0.1.4 81.00 31.00 112.00 NOTE
r-release-linux-x86_64 0.1.4 32.30 14.99 47.30 NOTE
r-release-macosx-x86_64 0.1.4 ERROR
r-release-windows-ix86+x86_64 0.1.4 115.00 54.00 169.00 NOTE
r-oldrel-windows-ix86+x86_64 0.1.4 84.00 43.00 127.00 NOTE

Check Details

Version: 0.1.4
Check: installed package size
Result: NOTE
     installed size is 11.6Mb
     sub-directories of 1Mb or more:
     libs 11.5Mb
Flavors: r-devel-linux-x86_64-debian-clang, r-devel-linux-x86_64-debian-gcc, r-devel-linux-x86_64-fedora-clang, r-devel-linux-x86_64-fedora-gcc, r-patched-linux-x86_64, r-release-linux-ix86, r-release-linux-x86_64

Version: 0.1.4
Check: dependencies in R code
Result: NOTE
    Packages in Depends field not imported from:
     ‘Rcpp’ ‘RcppArmadillo’
     These packages need to be imported from (in the NAMESPACE file)
     for when this namespace is loaded but not attached.
    See the information on DESCRIPTION files in the chapter ‘Creating R
    packages’ of the ‘Writing R Extensions’ manual.
Flavors: r-devel-linux-x86_64-debian-clang, r-devel-linux-x86_64-debian-gcc, r-devel-linux-x86_64-fedora-clang, r-devel-linux-x86_64-fedora-gcc, r-devel-macosx-x86_64-clang, r-devel-windows-ix86+x86_64, r-patched-linux-x86_64, r-release-linux-ix86, r-release-linux-x86_64, r-release-windows-ix86+x86_64, r-oldrel-windows-ix86+x86_64

Version: 0.1.4
Check: top-level files
Result: NOTE
    Non-standard file/directory found at top level:
     ‘README.rst’
Flavors: r-devel-linux-x86_64-fedora-clang, r-devel-linux-x86_64-fedora-gcc

Version: 0.1.4
Check: whether package can be installed
Result: ERROR
    Installation failed.
    See ‘/Volumes/XT3/Builds/R-dev-web/QA/Simon/packages/snowleopard-x86_64/results/3.2/rcppbugs.Rcheck/00install.out’ for details.
Flavor: r-devel-macosx-x86_64-gcc

Version: 0.1.4
Check: whether package can be installed
Result: ERROR
    Installation failed.
    See ‘/home/ripley/R/packages/tests32/rcppbugs.Rcheck/00install.out’ for details.
Flavors: r-patched-solaris-sparc, r-patched-solaris-x86

Version: 0.1.4
Check: whether package can be installed
Result: ERROR
    Installation failed.
    See ‘/Volumes/XT3/Builds/R-dev-web/QA/Simon/packages/snowleopard-x86_64/results/3.1/rcppbugs.Rcheck/00install.out’ for details.
Flavor: r-release-macosx-x86_64