CRAN Package Check Results for Package rcppbugs

Last updated on 2015-08-30 21:46:56.

Flavor Version Tinstall Tcheck Ttotal Status Flags
r-devel-linux-x86_64-debian-clang 0.1.4.1 24.55 12.23 36.78 NOTE
r-devel-linux-x86_64-debian-gcc 0.1.4.1 31.24 11.76 43.00 NOTE
r-devel-linux-x86_64-fedora-clang 0.1.4.1 79.41 NOTE
r-devel-linux-x86_64-fedora-gcc 0.1.4.1 85.39 NOTE
r-devel-osx-x86_64-clang 0.1.4.1 68.65 NOTE
r-devel-windows-ix86+x86_64 0.1.4.1 103.00 47.00 150.00 NOTE
r-patched-linux-x86_64 0.1.4.1 31.30 12.60 43.90 NOTE
r-patched-solaris-sparc 0.1.4.1 509.00 NOTE
r-patched-solaris-x86 0.1.4.1 99.70 NOTE
r-release-linux-x86_64 0.1.4.1 31.54 12.89 44.42 NOTE
r-release-osx-x86_64-mavericks 0.1.4.1 NOTE
r-release-windows-ix86+x86_64 0.1.4.1 100.00 45.00 145.00 NOTE
r-oldrel-windows-ix86+x86_64 0.1.4.1 106.00 47.00 153.00 OK

Check Details

Version: 0.1.4.1
Check: installed package size
Result: NOTE
     installed size is 12.4Mb
     sub-directories of 1Mb or more:
     libs 12.3Mb
Flavors: r-devel-linux-x86_64-debian-clang, r-devel-linux-x86_64-debian-gcc, r-devel-linux-x86_64-fedora-clang, r-devel-linux-x86_64-fedora-gcc, r-patched-linux-x86_64, r-release-linux-x86_64, r-release-osx-x86_64-mavericks

Version: 0.1.4.1
Check: DESCRIPTION meta-information
Result: NOTE
    Malformed Description field: should contain one or more complete sentences.
Flavors: r-devel-linux-x86_64-debian-clang, r-devel-linux-x86_64-debian-gcc, r-devel-linux-x86_64-fedora-clang, r-devel-linux-x86_64-fedora-gcc, r-devel-osx-x86_64-clang, r-devel-windows-ix86+x86_64, r-patched-linux-x86_64, r-patched-solaris-sparc, r-patched-solaris-x86, r-release-linux-x86_64, r-release-osx-x86_64-mavericks, r-release-windows-ix86+x86_64

Version: 0.1.4.1
Check: top-level files
Result: NOTE
    Non-standard file/directory found at top level:
     ‘README.rst’
Flavors: r-devel-linux-x86_64-debian-clang, r-devel-linux-x86_64-debian-gcc, r-devel-linux-x86_64-fedora-clang, r-devel-linux-x86_64-fedora-gcc, r-patched-linux-x86_64, r-release-linux-x86_64