CRAN Package Check Results for Package rcppbugs

Last updated on 2014-09-02 22:47:47.

Flavor Version Tinstall Tcheck Ttotal Status Flags
r-devel-linux-x86_64-debian-clang 0.1.4.1 22.18 13.69 35.87 NOTE
r-devel-linux-x86_64-debian-gcc 0.1.4.1 31.66 13.07 44.73 NOTE
r-devel-linux-x86_64-fedora-clang 0.1.4.1 79.15 NOTE
r-devel-linux-x86_64-fedora-gcc 0.1.4.1 88.33 NOTE
r-devel-osx-x86_64-clang 0.1.4.1 64.15 NOTE
r-devel-windows-ix86+x86_64 0.1.4.1 75.00 44.00 119.00 NOTE
r-patched-linux-x86_64 0.1.4.1 31.47 13.51 44.98 NOTE
r-patched-solaris-sparc 0.1.4.1 846.30 NOTE
r-patched-solaris-x86 0.1.4.1 121.30 NOTE
r-release-linux-ix86 0.1.4.1 41.75 20.40 62.14 NOTE
r-release-linux-x86_64 0.1.4.1 31.56 13.92 45.48 NOTE
r-release-osx-x86_64-mavericks 0.1.4.1 NOTE
r-release-osx-x86_64-snowleopard 0.1.4.1 ERROR
r-release-windows-ix86+x86_64 0.1.4.1 72.00 44.00 116.00 OK
r-oldrel-windows-ix86+x86_64 0.1.4.1 85.00 47.00 132.00 OK

Check Details

Version: 0.1.4.1
Check: installed package size
Result: NOTE
     installed size is 12.0Mb
     sub-directories of 1Mb or more:
     libs 11.9Mb
Flavors: r-devel-linux-x86_64-debian-clang, r-devel-linux-x86_64-debian-gcc, r-devel-linux-x86_64-fedora-clang, r-devel-linux-x86_64-fedora-gcc, r-patched-linux-x86_64, r-patched-solaris-sparc, r-patched-solaris-x86, r-release-linux-ix86, r-release-linux-x86_64, r-release-osx-x86_64-mavericks

Version: 0.1.4.1
Check: compiled code
Result: NOTE
    File ‘/home/hornik/tmp/R.check/r-devel-clang/Work/build/Packages/rcppbugs/libs/rcppbugs.so’:
     Found ‘rand’, possibly from ‘rand’ (C)
     Object: ‘interface.o’
    
    Compiled code should not call entry points which might terminate R nor
    write to stdout/stderr instead of to the console, nor the C RNG.
    
    See ‘Writing portable packages’ in the ‘Writing R Extensions’ manual.
Flavor: r-devel-linux-x86_64-debian-clang

Version: 0.1.4.1
Check: compiled code
Result: NOTE
    File ‘/home/hornik/tmp/R.check/r-devel-gcc/Work/build/Packages/rcppbugs/libs/rcppbugs.so’:
     Found ‘rand’, possibly from ‘rand’ (C)
     Object: ‘interface.o’
    
    Compiled code should not call entry points which might terminate R nor
    write to stdout/stderr instead of to the console, nor the C RNG.
    
    See ‘Writing portable packages’ in the ‘Writing R Extensions’ manual.
Flavor: r-devel-linux-x86_64-debian-gcc

Version: 0.1.4.1
Check: top-level files
Result: NOTE
    Non-standard file/directory found at top level:
     ‘README.rst’
Flavors: r-devel-linux-x86_64-fedora-clang, r-devel-linux-x86_64-fedora-gcc

Version: 0.1.4.1
Check: compiled code
Result: NOTE
    File ‘/data/gannet/ripley/R/packages/tests-clang/rcppbugs.Rcheck/rcppbugs/libs/rcppbugs.so’:
     Found ‘rand’, possibly from ‘rand’ (C)
     Object: ‘interface.o’
    
    Compiled code should not call entry points which might terminate R nor
    write to stdout/stderr instead of to the console, nor the C RNG.
    
    See ‘Writing portable packages’ in the ‘Writing R Extensions’ manual.
Flavor: r-devel-linux-x86_64-fedora-clang

Version: 0.1.4.1
Check: compiled code
Result: NOTE
    File ‘/data/gannet/ripley/R/packages/tests-devel/rcppbugs.Rcheck/rcppbugs/libs/rcppbugs.so’:
     Found ‘rand’, possibly from ‘rand’ (C)
     Object: ‘interface.o’
    
    Compiled code should not call entry points which might terminate R nor
    write to stdout/stderr instead of to the console, nor the C RNG.
    
    See ‘Writing portable packages’ in the ‘Writing R Extensions’ manual.
Flavor: r-devel-linux-x86_64-fedora-gcc

Version: 0.1.4.1
Check: compiled code
Result: NOTE
    File ‘/Users/ripley/R/packages/tests-devel/rcppbugs.Rcheck/rcppbugs/libs/rcppbugs.so’:
     Found ‘_rand’, possibly from ‘rand’ (C)
     Object: ‘interface.o’
    
    Compiled code should not call entry points which might terminate R nor
    write to stdout/stderr instead of to the console, nor the C RNG.
    
    See ‘Writing portable packages’ in the ‘Writing R Extensions’ manual.
Flavor: r-devel-osx-x86_64-clang

Version: 0.1.4.1
Check: compiled code
Result: NOTE
    File 'd:/Rcompile/CRANpkg/lib/3.2/rcppbugs/libs/i386/rcppbugs.dll':
     Found 'rand', possibly from 'rand' (C)
     Object: 'interface.o'
    File 'd:/Rcompile/CRANpkg/lib/3.2/rcppbugs/libs/x64/rcppbugs.dll':
     Found 'rand', possibly from 'rand' (C)
     Object: 'interface.o'
    
    Compiled code should not call entry points which might terminate R nor
    write to stdout/stderr instead of to the console, nor the C RNG.
    
    See 'Writing portable packages' in the 'Writing R Extensions' manual.
Flavor: r-devel-windows-ix86+x86_64

Version: 0.1.4.1
Check: whether package can be installed
Result: ERROR
    Installation failed.
Flavor: r-release-osx-x86_64-snowleopard