CRAN Package Check Results for Package rcppbugs

Last updated on 2016-05-05 06:47:28.

Flavor Version Tinstall Tcheck Ttotal Status Flags
r-devel-linux-x86_64-debian-gcc 0.1.4.2 30.25 12.57 42.82 NOTE
r-devel-linux-x86_64-fedora-clang 0.1.4.2 82.33 NOTE
r-devel-linux-x86_64-fedora-gcc 0.1.4.2 81.84 NOTE
r-devel-osx-x86_64-clang 0.1.4.2 81.46 NOTE
r-devel-windows-ix86+x86_64 0.1.4.2 84.00 33.00 117.00 NOTE
r-patched-linux-x86_64 0.1.4.2 30.02 12.36 42.38 NOTE
r-patched-solaris-sparc 0.1.4.2 434.90 NOTE
r-patched-solaris-x86 0.1.4.2 89.80 NOTE
r-release-linux-x86_64 0.1.4.2 30.15 12.63 42.77 NOTE
r-release-osx-x86_64-mavericks 0.1.4.2 NOTE
r-release-windows-ix86+x86_64 0.1.4.2 84.00 33.00 117.00 NOTE
r-oldrel-windows-ix86+x86_64 0.1.4.2 105.00 59.00 164.00 NOTE

Memtest notes: gcc6-ASAN

Check Details

Version: 0.1.4.2
Check: installed package size
Result: NOTE
     installed size is 11.5Mb
     sub-directories of 1Mb or more:
     libs 11.4Mb
Flavors: r-devel-linux-x86_64-debian-gcc, r-devel-linux-x86_64-fedora-clang, r-devel-linux-x86_64-fedora-gcc, r-patched-linux-x86_64, r-release-linux-x86_64, r-release-osx-x86_64-mavericks

Version: 0.1.4.2
Check: DESCRIPTION meta-information
Result: NOTE
    Malformed Description field: should contain one or more complete sentences.
Flavors: r-devel-linux-x86_64-debian-gcc, r-devel-linux-x86_64-fedora-clang, r-devel-linux-x86_64-fedora-gcc, r-devel-osx-x86_64-clang, r-devel-windows-ix86+x86_64, r-patched-linux-x86_64, r-patched-solaris-sparc, r-patched-solaris-x86, r-release-linux-x86_64, r-release-osx-x86_64-mavericks, r-release-windows-ix86+x86_64, r-oldrel-windows-ix86+x86_64

Version: 0.1.4.2
Check: top-level files
Result: NOTE
    Non-standard file/directory found at top level:
     ‘README.rst’
Flavors: r-devel-linux-x86_64-debian-gcc, r-devel-linux-x86_64-fedora-clang, r-devel-linux-x86_64-fedora-gcc, r-patched-linux-x86_64, r-release-linux-x86_64