CRAN Package Check Results for Package rcppbugs

Last updated on 2014-10-02 03:47:54.

Flavor Version Tinstall Tcheck Ttotal Status Flags
r-devel-linux-x86_64-debian-clang 0.1.4.1 23.42 14.36 37.78 NOTE
r-devel-linux-x86_64-debian-gcc 0.1.4.1 32.02 13.72 45.74 NOTE
r-devel-linux-x86_64-fedora-clang 0.1.4.1 80.20 NOTE
r-devel-linux-x86_64-fedora-gcc 0.1.4.1 88.62 NOTE
r-devel-osx-x86_64-clang 0.1.4.1 69.07 OK
r-devel-windows-ix86+x86_64 0.1.4.1 70.00 42.00 112.00 OK
r-patched-linux-x86_64 0.1.4.1 32.00 14.25 46.26 NOTE
r-patched-solaris-sparc 0.1.4.1 846.30 NOTE
r-patched-solaris-x86 0.1.4.1 124.40 NOTE
r-release-linux-ix86 0.1.4.1 41.81 20.52 62.33 NOTE
r-release-linux-x86_64 0.1.4.1 31.59 14.01 45.60 NOTE
r-release-osx-x86_64-mavericks 0.1.4.1 NOTE
r-release-osx-x86_64-snowleopard 0.1.4.1 ERROR
r-release-windows-ix86+x86_64 0.1.4.1 78.00 44.00 122.00 OK
r-oldrel-windows-ix86+x86_64 0.1.4.1 81.00 47.00 128.00 OK

Check Details

Version: 0.1.4.1
Check: installed package size
Result: NOTE
     installed size is 13.5Mb
     sub-directories of 1Mb or more:
     libs 13.4Mb
Flavors: r-devel-linux-x86_64-debian-clang, r-devel-linux-x86_64-debian-gcc, r-devel-linux-x86_64-fedora-clang, r-devel-linux-x86_64-fedora-gcc, r-patched-linux-x86_64, r-patched-solaris-sparc, r-patched-solaris-x86, r-release-linux-ix86, r-release-linux-x86_64, r-release-osx-x86_64-mavericks

Version: 0.1.4.1
Check: top-level files
Result: NOTE
    Non-standard file/directory found at top level:
     ‘README.rst’
Flavors: r-devel-linux-x86_64-debian-clang, r-devel-linux-x86_64-debian-gcc, r-devel-linux-x86_64-fedora-clang, r-devel-linux-x86_64-fedora-gcc, r-patched-linux-x86_64, r-release-linux-x86_64

Version: 0.1.4.1
Check: whether package can be installed
Result: ERROR
    Installation failed.
Flavor: r-release-osx-x86_64-snowleopard