CRAN Package Check Results for Package rcppbugs

Last updated on 2015-02-27 05:48:12.

Flavor Version Tinstall Tcheck Ttotal Status Flags
r-devel-linux-x86_64-debian-clang 0.1.4.1 23.82 13.04 36.86 NOTE
r-devel-linux-x86_64-debian-gcc 0.1.4.1 35.35 12.50 47.85 NOTE
r-devel-linux-x86_64-fedora-clang 0.1.4.1 78.97 NOTE
r-devel-linux-x86_64-fedora-gcc 0.1.4.1 86.36 NOTE
r-devel-osx-x86_64-clang 0.1.4.1 71.25 NOTE
r-devel-windows-ix86+x86_64 0.1.4.1 102.00 41.00 143.00 NOTE
r-patched-linux-x86_64 0.1.4.1 32.64 14.72 47.37 NOTE
r-patched-solaris-sparc 0.1.4.1 231.70 ERROR
r-patched-solaris-x86 0.1.4.1 126.70 NOTE
r-release-linux-ix86 0.1.4.1 41.59 20.97 62.56 NOTE
r-release-linux-x86_64 0.1.4.1 32.64 0.25 32.89 OK
r-release-osx-x86_64-mavericks 0.1.4.1 NOTE
r-release-osx-x86_64-snowleopard 0.1.4.1 ERROR
r-release-windows-ix86+x86_64 0.1.4.1 89.00 52.00 141.00 OK
r-oldrel-windows-ix86+x86_64 0.1.4.1 79.00 51.00 130.00 OK

Check Details

Version: 0.1.4.1
Check: installed package size
Result: NOTE
     installed size is 13.6Mb
     sub-directories of 1Mb or more:
     libs 13.5Mb
Flavors: r-devel-linux-x86_64-debian-clang, r-devel-linux-x86_64-debian-gcc, r-devel-linux-x86_64-fedora-clang, r-devel-linux-x86_64-fedora-gcc, r-patched-linux-x86_64, r-patched-solaris-x86, r-release-linux-ix86, r-release-osx-x86_64-mavericks

Version: 0.1.4.1
Check: DESCRIPTION meta-information
Result: NOTE
    Malformed Description field: should contain one or more complete sentences.
Flavors: r-devel-linux-x86_64-debian-clang, r-devel-linux-x86_64-debian-gcc, r-devel-linux-x86_64-fedora-clang, r-devel-linux-x86_64-fedora-gcc, r-devel-osx-x86_64-clang, r-devel-windows-ix86+x86_64

Version: 0.1.4.1
Check: top-level files
Result: NOTE
    Non-standard file/directory found at top level:
     ‘README.rst’
Flavors: r-devel-linux-x86_64-debian-clang, r-devel-linux-x86_64-debian-gcc, r-devel-linux-x86_64-fedora-clang, r-devel-linux-x86_64-fedora-gcc, r-patched-linux-x86_64, r-release-linux-ix86

Version: 0.1.4.1
Check: whether package can be installed
Result: ERROR
    Installation failed.
Flavors: r-patched-solaris-sparc, r-release-osx-x86_64-snowleopard