CRAN Package Check Results for Package rcqp

Last updated on 2018-05-20 15:48:01 CEST.

Flavor Version Tinstall Tcheck Ttotal Status Flags
r-devel-linux-x86_64-debian-clang 0.5 22.84 37.50 60.34 WARN
r-devel-linux-x86_64-debian-gcc 0.5 19.24 29.86 49.10 WARN
r-devel-linux-x86_64-fedora-clang 0.5 74.78 WARN
r-devel-linux-x86_64-fedora-gcc 0.5 70.66 WARN
r-patched-linux-x86_64 0.5 23.13 35.49 58.62 WARN
r-patched-solaris-x86 0.5 104.10 NOTE
r-release-linux-x86_64 0.5 23.85 35.27 59.12 WARN
r-release-osx-x86_64 0.5 ERROR
r-oldrel-osx-x86_64 0.5 ERROR

Check Details

Version: 0.5
Check: whether package can be installed
Result: WARN
    Found the following significant warnings:
     cwb/cqp/corpmanag.c:1832:12: warning: comparison of function 'split_subcorpus_name' equal to a null pointer is always false [-Wtautological-pointer-compare]
Flavors: r-devel-linux-x86_64-debian-clang, r-devel-linux-x86_64-fedora-clang

Version: 0.5
Check: for GNU extensions in Makefiles
Result: NOTE
    GNU make is a SystemRequirements.
Flavors: r-devel-linux-x86_64-debian-clang, r-devel-linux-x86_64-debian-gcc, r-devel-linux-x86_64-fedora-clang, r-devel-linux-x86_64-fedora-gcc, r-patched-linux-x86_64, r-patched-solaris-x86, r-release-linux-x86_64

Version: 0.5
Check: whether package can be installed
Result: WARN
    Found the following significant warnings:
     cwb/cl/special-chars.c:1771:22: warning: suggest parentheses around assignment used as truth value [-Wparentheses]
Flavors: r-devel-linux-x86_64-debian-gcc, r-devel-linux-x86_64-fedora-gcc, r-patched-linux-x86_64, r-release-linux-x86_64

Version: 0.5
Check: whether package can be installed
Result: ERROR
    Installation failed.
Flavors: r-release-osx-x86_64, r-oldrel-osx-x86_64