CRAN Package Check Results for Package rcqp

Last updated on 2014-07-23 21:47:12.

Flavor Version Tinstall Tcheck Ttotal Status Flags
r-devel-linux-x86_64-debian-clang 0.3 10.31 18.57 28.88 WARN
r-devel-linux-x86_64-debian-gcc 0.3 13.79 18.20 31.99 WARN
r-devel-linux-x86_64-fedora-clang 0.3 59.68 WARN
r-devel-linux-x86_64-fedora-gcc 0.3 62.36 WARN
r-devel-osx-x86_64-clang 0.3 53.35 WARN
r-patched-linux-x86_64 0.3 13.89 19.10 32.99 WARN
r-patched-solaris-sparc 0.3 357.50 NOTE
r-patched-solaris-x86 0.3 89.90 NOTE
r-release-linux-ix86 0.3 19.67 27.05 46.72 WARN
r-release-linux-x86_64 0.3 14.16 18.97 33.12 WARN
r-release-osx-x86_64-mavericks 0.3 ERROR
r-release-osx-x86_64-snowleopard 0.3 ERROR
r-oldrel-windows-ix86+x86_64 0.1 10.00 2.00 12.00 ERROR

Check Details

Version: 0.3
Check: whether package can be installed
Result: WARNING
    Found the following significant warnings:
     /tmp/RtmpiQ5cgi/R.INSTALL111c39d8c3f0/rcqp/src/cwb/cqp/table.h:18:9: warning: '_cqp_table_h' is used as a header guard here, followed by #define of a different macro [-Wheader-guard]
     cwb/cl/binsert.c:108:30: warning: arithmetic on a pointer to void is a GNU extension [-Wpointer-arith]
     cwb/cl/binsert.c:119:20: warning: arithmetic on a pointer to void is a GNU extension [-Wpointer-arith]
     cwb/cl/binsert.c:138:23: warning: arithmetic on a pointer to void is a GNU extension [-Wpointer-arith]
     cwb/cl/binsert.c:139:23: warning: arithmetic on a pointer to void is a GNU extension [-Wpointer-arith]
     cwb/cl/binsert.c:142:21: warning: arithmetic on a pointer to void is a GNU extension [-Wpointer-arith]
     cwb/cl/binsert.c:145:20: warning: arithmetic on a pointer to void is a GNU extension [-Wpointer-arith]
    See ‘/home/hornik/tmp/R.check/r-devel-clang/Work/PKGS/rcqp.Rcheck/00install.out’ for details.
Flavor: r-devel-linux-x86_64-debian-clang

Version: 0.3
Check: top-level files
Result: NOTE
    File
     LICENCE
    is not mentioned in the DESCRIPTION file.
Flavors: r-devel-linux-x86_64-debian-clang, r-devel-linux-x86_64-debian-gcc, r-devel-osx-x86_64-clang, r-patched-linux-x86_64, r-patched-solaris-sparc, r-patched-solaris-x86, r-release-linux-ix86, r-release-linux-x86_64

Version: 0.3
Check: dependencies in R code
Result: NOTE
    Package in Depends field not imported from: ‘plyr’
     These packages need to be imported from (in the NAMESPACE file)
     for when this namespace is loaded but not attached.
    See the information on DESCRIPTION files in the chapter ‘Creating R
    packages’ of the ‘Writing R Extensions’ manual.
Flavors: r-devel-linux-x86_64-debian-clang, r-devel-linux-x86_64-debian-gcc, r-devel-linux-x86_64-fedora-clang, r-devel-linux-x86_64-fedora-gcc, r-devel-osx-x86_64-clang, r-patched-linux-x86_64, r-patched-solaris-sparc, r-patched-solaris-x86, r-release-linux-ix86, r-release-linux-x86_64

Version: 0.3
Check: for old-style vignette sources
Result: NOTE
    Vignette sources only in ‘inst/doc’:
     ‘rcqp.Rnw’
    A ‘vignettes’ directory is required as from R 3.1.0
    and these will not be indexed nor checked
Flavors: r-devel-linux-x86_64-debian-clang, r-devel-linux-x86_64-debian-gcc, r-devel-linux-x86_64-fedora-clang, r-devel-linux-x86_64-fedora-gcc, r-devel-osx-x86_64-clang, r-patched-linux-x86_64, r-patched-solaris-sparc, r-patched-solaris-x86, r-release-linux-ix86, r-release-linux-x86_64

Version: 0.3
Check: whether package can be installed
Result: WARNING
    Found the following significant warnings:
     cwb/cl/binsert.c:108:30: warning: pointer of type ‘void *’ used in arithmetic [-Wpointer-arith]
     cwb/cl/binsert.c:119:20: warning: pointer of type ‘void *’ used in arithmetic [-Wpointer-arith]
     cwb/cl/binsert.c:138:23: warning: pointer of type ‘void *’ used in arithmetic [-Wpointer-arith]
     cwb/cl/binsert.c:139:23: warning: pointer of type ‘void *’ used in arithmetic [-Wpointer-arith]
     cwb/cl/binsert.c:142:21: warning: pointer of type ‘void *’ used in arithmetic [-Wpointer-arith]
     cwb/cl/binsert.c:145:20: warning: pointer of type ‘void *’ used in arithmetic [-Wpointer-arith]
    See ‘/home/hornik/tmp/R.check/r-devel-gcc/Work/PKGS/rcqp.Rcheck/00install.out’ for details.
Flavor: r-devel-linux-x86_64-debian-gcc

Version: 0.3
Check: whether package can be installed
Result: WARNING
    Found the following significant warnings:
     /data/gannet/ripley/R/packages/tests-clang/rcqp/src/cwb/cqp/table.h:18:9: warning: '_cqp_table_h' is used as a header guard here, followed by #define of a different macro [-Wheader-guard]
     cwb/cl/binsert.c:108:30: warning: arithmetic on a pointer to void is a GNU extension [-Wpointer-arith]
     cwb/cl/binsert.c:119:20: warning: arithmetic on a pointer to void is a GNU extension [-Wpointer-arith]
     cwb/cl/binsert.c:138:23: warning: arithmetic on a pointer to void is a GNU extension [-Wpointer-arith]
     cwb/cl/binsert.c:139:23: warning: arithmetic on a pointer to void is a GNU extension [-Wpointer-arith]
     cwb/cl/binsert.c:142:21: warning: arithmetic on a pointer to void is a GNU extension [-Wpointer-arith]
     cwb/cl/binsert.c:145:20: warning: arithmetic on a pointer to void is a GNU extension [-Wpointer-arith]
    See ‘/data/gannet/ripley/R/packages/tests-clang/rcqp.Rcheck/00install.out’ for details.
Flavor: r-devel-linux-x86_64-fedora-clang

Version: 0.3
Check: top-level files
Result: NOTE
    File
     LICENCE
    is not mentioned in the DESCRIPTION file.
    Non-standard file/directory found at top level:
     ‘rcqp-Ex.R’
Flavors: r-devel-linux-x86_64-fedora-clang, r-devel-linux-x86_64-fedora-gcc

Version: 0.3
Check: Rd line widths
Result: NOTE
    Rd file 'cqp_flist.Rd':
     \usage lines wider than 90 characters:
     cqp_flist(x, anchor, attribute, left.context = 0, right.context = 0, cutoff = 0, offset = 0, ...)
    
    Rd file 'cqp_ftable.Rd':
     \usage lines wider than 90 characters:
     cqp_ftable(x, attribute1, attribute2, attribute1.use.id = FALSE, attribute2.use.id = FALSE, structural.attribute.unique.id = FALSE, sub ... [TRUNCATED]
    
    Rd file 'print.Rd':
     \usage lines wider than 90 characters:
     print(x, from = 0, to = min(20, nrow(x)-1), print_tokens = function(x, cpos) cqi_cpos2str(paste(attr(x, "parent.cqp_corpus.name"), "wor ... [TRUNCATED]
    
    Rd file 'sort.cqp_kwic.Rd':
     \usage lines wider than 90 characters:
     sort(x, decreasing = FALSE, sort.anchor = "match", sort.attribute = "word", sort.offset = 0, ...)
    
    These lines will be truncated in the PDF manual.
Flavors: r-devel-linux-x86_64-fedora-clang, r-devel-linux-x86_64-fedora-gcc

Version: 0.3
Check: whether package can be installed
Result: WARNING
    Found the following significant warnings:
     cwb/cl/binsert.c:108:30: warning: pointer of type ‘void *’ used in arithmetic [-Wpedantic]
     cwb/cl/binsert.c:119:20: warning: pointer of type ‘void *’ used in arithmetic [-Wpedantic]
     cwb/cl/binsert.c:138:23: warning: pointer of type ‘void *’ used in arithmetic [-Wpedantic]
     cwb/cl/binsert.c:139:23: warning: pointer of type ‘void *’ used in arithmetic [-Wpedantic]
     cwb/cl/binsert.c:142:21: warning: pointer of type ‘void *’ used in arithmetic [-Wpedantic]
     cwb/cl/binsert.c:145:20: warning: pointer of type ‘void *’ used in arithmetic [-Wpedantic]
    See ‘/data/gannet/ripley/R/packages/tests-devel/rcqp.Rcheck/00install.out’ for details.
Flavor: r-devel-linux-x86_64-fedora-gcc

Version: 0.3
Check: whether package can be installed
Result: WARNING
    Found the following significant warnings:
     /Users/ripley/R/packages/tests-devel/rcqp/src/cwb/cqp/table.h:18:9: warning: '_cqp_table_h' is used as a header guard here, followed by #define of a different macro [-Wheader-guard]
     cwb/cl/binsert.c:108:30: warning: arithmetic on a pointer to void is a GNU extension [-Wpointer-arith]
     cwb/cl/binsert.c:119:20: warning: arithmetic on a pointer to void is a GNU extension [-Wpointer-arith]
     cwb/cl/binsert.c:138:23: warning: arithmetic on a pointer to void is a GNU extension [-Wpointer-arith]
     cwb/cl/binsert.c:139:23: warning: arithmetic on a pointer to void is a GNU extension [-Wpointer-arith]
     cwb/cl/binsert.c:142:21: warning: arithmetic on a pointer to void is a GNU extension [-Wpointer-arith]
     cwb/cl/binsert.c:145:20: warning: arithmetic on a pointer to void is a GNU extension [-Wpointer-arith]
    See ‘/Users/ripley/R/packages/tests-devel/rcqp.Rcheck/00install.out’ for details.
Flavor: r-devel-osx-x86_64-clang

Version: 0.3
Check: whether package can be installed
Result: WARNING
    Found the following significant warnings:
     cwb/cl/binsert.c:108:30: warning: pointer of type ‘void *’ used in arithmetic [-Wpointer-arith]
     cwb/cl/binsert.c:119:20: warning: pointer of type ‘void *’ used in arithmetic [-Wpointer-arith]
     cwb/cl/binsert.c:138:23: warning: pointer of type ‘void *’ used in arithmetic [-Wpointer-arith]
     cwb/cl/binsert.c:139:23: warning: pointer of type ‘void *’ used in arithmetic [-Wpointer-arith]
     cwb/cl/binsert.c:142:21: warning: pointer of type ‘void *’ used in arithmetic [-Wpointer-arith]
     cwb/cl/binsert.c:145:20: warning: pointer of type ‘void *’ used in arithmetic [-Wpointer-arith]
    See ‘/home/hornik/tmp/R.check/r-patched-gcc/Work/PKGS/rcqp.Rcheck/00install.out’ for details.
Flavor: r-patched-linux-x86_64

Version: 0.3
Check: whether package can be installed
Result: WARNING
    Found the following significant warnings:
     cwb/cl/binsert.c:108:30: warning: pointer of type ‘void *’ used in arithmetic [-Wpointer-arith]
     cwb/cl/binsert.c:119:20: warning: pointer of type ‘void *’ used in arithmetic [-Wpointer-arith]
     cwb/cl/binsert.c:138:23: warning: pointer of type ‘void *’ used in arithmetic [-Wpointer-arith]
     cwb/cl/binsert.c:139:23: warning: pointer of type ‘void *’ used in arithmetic [-Wpointer-arith]
     cwb/cl/binsert.c:142:21: warning: pointer of type ‘void *’ used in arithmetic [-Wpointer-arith]
     cwb/cl/binsert.c:145:20: warning: pointer of type ‘void *’ used in arithmetic [-Wpointer-arith]
    See ‘/home/hornik/tmp/R.check/r-release-gcc/Work/PKGS/rcqp.Rcheck/00install.out’ for details.
Flavors: r-release-linux-ix86, r-release-linux-x86_64

Version: 0.3
Check: whether package can be installed
Result: ERROR
    Installation failed.
    See ‘/Builds/CRAN-QA-Simon/packages/mavericks-x86_64/results/3.1/rcqp.Rcheck/00install.out’ for details.
Flavor: r-release-osx-x86_64-mavericks

Version: 0.3
Check: whether package can be installed
Result: ERROR
    Installation failed.
    See ‘/Volumes/XT3/Builds/R-dev-web/QA/Simon/packages/snowleopard-x86_64/results/3.1/rcqp.Rcheck/00install.out’ for details.
Flavor: r-release-osx-x86_64-snowleopard

Version: 0.1
Check: for hidden files and directories
Result: NOTE
    Found the following hidden files and directories:
     src/.DS_Store
     src/._.DS_Store
    These were most likely included in error. See section 'Package
    structure' in the 'Writing R Extensions' manual.
Flavor: r-oldrel-windows-ix86+x86_64

Version: 0.1
Check: whether package can be installed
Result: ERROR
    Installation failed.
    See 'd:/Rcompile/CRANpkg/local/2.16/rcqp.Rcheck/00install.out' for details.
Flavor: r-oldrel-windows-ix86+x86_64