CRAN Package Check Results for Package rcqp

Last updated on 2017-09-21 13:47:16.

Flavor Version Tinstall Tcheck Ttotal Status Flags
r-devel-linux-x86_64-debian-clang 0.4 15.41 25.32 40.73 NOTE
r-devel-linux-x86_64-debian-gcc 0.4 15.33 24.67 40.00 NOTE
r-devel-linux-x86_64-fedora-clang 0.4 67.99 NOTE
r-devel-linux-x86_64-fedora-gcc 0.4 66.09 NOTE
r-patched-linux-x86_64 0.4 14.94 25.12 40.06 NOTE
r-patched-solaris-x86 0.4 94.90 NOTE
r-release-linux-x86_64 0.4 15.39 24.81 40.20 NOTE
r-release-osx-x86_64 0.4 ERROR
r-oldrel-osx-x86_64 0.4 ERROR

Additional issues

rchk

Check Details

Version: 0.4
Check: S3 generic/method consistency
Result: NOTE
    Found the following apparent S3 methods exported but not registered:
     $.cqp_corpus [[.cqp_corpus
    See section ‘Registering S3 methods’ in the ‘Writing R Extensions’
    manual.
Flavors: r-devel-linux-x86_64-debian-clang, r-devel-linux-x86_64-debian-gcc, r-devel-linux-x86_64-fedora-clang, r-devel-linux-x86_64-fedora-gcc, r-patched-linux-x86_64, r-patched-solaris-x86, r-release-linux-x86_64

Version: 0.4
Check: for GNU extensions in Makefiles
Result: NOTE
    GNU make is a SystemRequirements.
Flavors: r-devel-linux-x86_64-debian-clang, r-devel-linux-x86_64-debian-gcc, r-devel-linux-x86_64-fedora-clang, r-devel-linux-x86_64-fedora-gcc, r-patched-linux-x86_64, r-patched-solaris-x86, r-release-linux-x86_64

Version: 0.4
Check: compiled code
Result: NOTE
    File ‘rcqp/libs/rcqp.so’:
     Found no calls to: ‘R_registerRoutines’, ‘R_useDynamicSymbols’
    
    It is good practice to register native routines and to disable symbol
    search.
    
    See ‘Writing portable packages’ in the ‘Writing R Extensions’ manual.
Flavors: r-devel-linux-x86_64-debian-clang, r-devel-linux-x86_64-debian-gcc, r-devel-linux-x86_64-fedora-clang, r-devel-linux-x86_64-fedora-gcc, r-patched-linux-x86_64, r-release-linux-x86_64

Version: 0.4
Check: whether package can be installed
Result: ERROR
    Installation failed.
Flavors: r-release-osx-x86_64, r-oldrel-osx-x86_64