CRAN Package Check Results for Package rcrimeanalysis

Last updated on 2020-02-28 19:52:20 CET.

Flavor Version Tinstall Tcheck Ttotal Status Flags
r-devel-linux-x86_64-debian-clang 0.3.1 20.40 144.80 165.20 OK
r-devel-linux-x86_64-debian-gcc 0.3.1 17.59 114.98 132.57 OK
r-devel-linux-x86_64-fedora-clang 0.3.1 194.47 OK
r-devel-linux-x86_64-fedora-gcc 0.3.1 200.52 OK
r-devel-windows-ix86+x86_64 0.3.1 212.00 149.00 361.00 OK
r-devel-windows-ix86+x86_64-gcc8 0.3.1 210.00 146.00 356.00 OK
r-patched-linux-x86_64 0.3.1 16.64 128.40 145.04 OK
r-patched-solaris-x86 0.3.1 83.80 ERROR
r-release-linux-x86_64 0.3.1 16.04 132.52 148.56 OK
r-release-windows-ix86+x86_64 0.3.1 178.00 192.00 370.00 OK
r-release-osx-x86_64 0.3.1 OK
r-oldrel-windows-ix86+x86_64 0.3.1 95.00 137.00 232.00 OK
r-oldrel-osx-x86_64 0.3.1 OK

Check Details

Version: 0.3.1
Check: whether package can be installed
Result: ERROR
    Installation failed.
Flavor: r-patched-solaris-x86