CRAN Package Check Results for Package rcss

Last updated on 2019-12-15 17:49:14 CET.

Flavor Version Tinstall Tcheck Ttotal Status Flags
r-devel-linux-x86_64-debian-clang 1.8 260.19 32.84 293.03 OK
r-devel-linux-x86_64-debian-gcc 1.8 181.78 25.92 207.70 OK
r-devel-linux-x86_64-fedora-clang 1.8 425.48 NOTE
r-devel-linux-x86_64-fedora-gcc 1.8 423.99 OK
r-devel-windows-ix86+x86_64 1.8 484.00 98.00 582.00 OK
r-devel-windows-ix86+x86_64-gcc8 1.8 519.00 104.00 623.00 OK
r-patched-linux-x86_64 1.8 205.60 30.37 235.97 OK
r-patched-solaris-x86 1.8 352.50 OK
r-release-linux-x86_64 1.8 210.99 30.17 241.16 OK
r-release-windows-ix86+x86_64 1.8 406.00 71.00 477.00 OK
r-release-osx-x86_64 1.8 NOTE
r-oldrel-windows-ix86+x86_64 1.8 413.00 67.00 480.00 OK
r-oldrel-osx-x86_64 1.8 NOTE

Check Details

Version: 1.8
Check: installed package size
Result: NOTE
     installed size is 9.7Mb
     sub-directories of 1Mb or more:
     libs 9.5Mb
Flavors: r-devel-linux-x86_64-fedora-clang, r-release-osx-x86_64, r-oldrel-osx-x86_64