CRAN Package Check Results for Package rcv

Last updated on 2019-05-22 08:53:29 CEST.

Flavor Version Tinstall Tcheck Ttotal Status Flags
r-devel-linux-x86_64-debian-clang 0.2.1 20.05 67.47 87.52 OK
r-devel-linux-x86_64-debian-gcc 0.2.1 16.12 54.90 71.02 OK
r-devel-linux-x86_64-fedora-clang 0.2.1 112.04 NOTE
r-devel-linux-x86_64-fedora-gcc 0.2.1 107.62 NOTE
r-devel-windows-ix86+x86_64 0.2.1 31.00 124.00 155.00 OK
r-patched-linux-x86_64 0.2.1 16.51 67.52 84.03 OK
r-patched-solaris-x86 0.2.1 191.60 NOTE
r-release-linux-x86_64 0.2.1 18.35 66.47 84.82 OK
r-release-windows-ix86+x86_64 0.2.1 40.00 106.00 146.00 OK
r-release-osx-x86_64 0.2.1 NOTE
r-oldrel-windows-ix86+x86_64 0.2.1 22.00 72.00 94.00 ERROR
r-oldrel-osx-x86_64 0.2.1 NOTE

Check Details

Version: 0.2.1
Check: data for non-ASCII characters
Result: NOTE
     Note: found 6543 marked UTF-8 strings
Flavors: r-devel-linux-x86_64-fedora-clang, r-devel-linux-x86_64-fedora-gcc, r-patched-solaris-x86, r-release-osx-x86_64, r-oldrel-osx-x86_64

Version: 0.2.1
Check: examples
Result: ERROR
    Running examples in 'rcv-Ex.R' failed
    The error most likely occurred in:
    
    > ### Name: import_data
    > ### Title: Imports election data
    > ### Aliases: import_data
    >
    > ### ** Examples
    >
    > import_data("http://www.sfelections.org/results/20161108/data/20161206/20161206_masterlookup.txt",
    + header = FALSE)
    `curl` package not installed, falling back to using `url()`
    Warning in open.connection(con, "rb") :
     InternetOpenUrl failed: 'Eine Umleitungsanforderung √§ndert eine nicht sichere in eine sichere Verbindung.'
    Error in open.connection(con, "rb") : cannot open the connection
    Calls: import_data ... datasource_connection -> read_connection -> open -> open.connection
    Execution halted
Flavor: r-oldrel-windows-ix86+x86_64