CRAN Package Check Results for Package rcv

Last updated on 2019-08-22 00:51:21 CEST.

Flavor Version Tinstall Tcheck Ttotal Status Flags
r-devel-linux-x86_64-debian-clang 0.2.1 17.90 67.65 85.55 OK
r-devel-linux-x86_64-debian-gcc 0.2.1 17.39 53.67 71.06 ERROR
r-devel-linux-x86_64-fedora-clang 0.2.1 111.94 NOTE
r-devel-linux-x86_64-fedora-gcc 0.2.1 113.45 NOTE
r-devel-windows-ix86+x86_64 0.2.1 41.00 183.00 224.00 OK
r-patched-linux-x86_64 0.2.1 17.34 66.10 83.44 OK
r-patched-solaris-x86 0.2.1 195.60 NOTE
r-release-linux-x86_64 0.2.1 18.50 67.14 85.64 OK
r-release-windows-ix86+x86_64 0.2.1 40.00 108.00 148.00 OK
r-release-osx-x86_64 0.2.1 NOTE
r-oldrel-windows-ix86+x86_64 0.2.1 28.00 66.00 94.00 ERROR
r-oldrel-osx-x86_64 0.2.1 NOTE

Check Details

Version: 0.2.1
Check: examples
Result: ERROR
    Running examples in ‘rcv-Ex.R’ failed
    The error most likely occurred in:
    
    > base::assign(".ptime", proc.time(), pos = "CheckExEnv")
    > ### Name: import_data
    > ### Title: Imports election data
    > ### Aliases: import_data
    >
    > ### ** Examples
    >
    > import_data("http://www.sfelections.org/results/20161108/data/20161206/20161206_masterlookup.txt",
    + header = FALSE)
    Error in open.connection(con, "rb") : HTTP error 522.
    Calls: import_data ... datasource_connection -> read_connection -> open -> open.connection
    Execution halted
Flavor: r-devel-linux-x86_64-debian-gcc

Version: 0.2.1
Check: data for non-ASCII characters
Result: NOTE
     Note: found 6543 marked UTF-8 strings
Flavors: r-devel-linux-x86_64-fedora-clang, r-devel-linux-x86_64-fedora-gcc, r-patched-solaris-x86, r-release-osx-x86_64, r-oldrel-osx-x86_64

Version: 0.2.1
Check: examples
Result: ERROR
    Running examples in 'rcv-Ex.R' failed
    The error most likely occurred in:
    
    > ### Name: import_data
    > ### Title: Imports election data
    > ### Aliases: import_data
    >
    > ### ** Examples
    >
    > import_data("http://www.sfelections.org/results/20161108/data/20161206/20161206_masterlookup.txt",
    + header = FALSE)
    `curl` package not installed, falling back to using `url()`
    Warning in open.connection(con, "rb") :
     InternetOpenUrl failed: 'Eine Umleitungsanforderung ändert eine nicht sichere in eine sichere Verbindung.'
    Error in open.connection(con, "rb") : cannot open the connection
    Calls: import_data ... datasource_connection -> read_connection -> open -> open.connection
    Execution halted
Flavor: r-oldrel-windows-ix86+x86_64