CRAN Package Check Results for Package rda

Last updated on 2015-02-28 12:51:24.

Flavor Version Tinstall Tcheck Ttotal Status Flags
r-devel-linux-x86_64-debian-clang 1.0.2-2 0.70 29.15 29.85 NOTE
r-devel-linux-x86_64-debian-gcc 1.0.2-2 0.64 28.16 28.80 NOTE
r-devel-linux-x86_64-fedora-clang 1.0.2-2 63.14 NOTE
r-devel-linux-x86_64-fedora-gcc 1.0.2-2 58.26 NOTE
r-devel-osx-x86_64-clang 1.0.2-2 60.60 NOTE
r-devel-windows-ix86+x86_64 1.0.2-2 3.00 51.00 54.00 OK
r-patched-linux-x86_64 1.0.2-2 0.68 33.33 34.01 OK
r-patched-solaris-sparc 1.0.2-2 482.10 OK
r-patched-solaris-x86 1.0.2-2 97.30 OK
r-release-linux-ix86 1.0.2-2 1.08 53.32 54.40 OK
r-release-linux-x86_64 1.0.2-2 0.68 32.07 32.75 OK
r-release-osx-x86_64-mavericks 1.0.2-2 OK
r-release-windows-ix86+x86_64 1.0.2-2 2.00 65.00 67.00 OK
r-oldrel-windows-ix86+x86_64 1.0.2-2 2.00 71.00 73.00 OK

Check Details

Version: 1.0.2-2
Check: S3 generic/method consistency
Result: NOTE
    Found the following apparent S3 methods exported but not registered:
     plot.rdacv predict.rda
    See section ‘Registering S3 methods’ in the ‘Writing R Extensions’
    manual.
Flavors: r-devel-linux-x86_64-debian-clang, r-devel-linux-x86_64-debian-gcc, r-devel-linux-x86_64-fedora-clang, r-devel-linux-x86_64-fedora-gcc, r-devel-osx-x86_64-clang