CRAN Package Check Results for Package rda

Last updated on 2015-08-01 23:47:29.

Flavor Version Tinstall Tcheck Ttotal Status Flags
r-devel-linux-x86_64-debian-clang 1.0.2-2 0.63 28.33 28.96 NOTE
r-devel-linux-x86_64-debian-gcc 1.0.2-2 0.78 27.27 28.05 NOTE
r-devel-linux-x86_64-fedora-clang 1.0.2-2 58.09 NOTE
r-devel-linux-x86_64-fedora-gcc 1.0.2-2 55.36 NOTE
r-devel-osx-x86_64-clang 1.0.2-2 48.33 NOTE
r-devel-windows-ix86+x86_64 1.0.2-2 3.00 51.00 54.00 NOTE
r-patched-linux-x86_64 1.0.2-2 0.64 28.28 28.92 NOTE
r-patched-solaris-sparc 1.0.2-2 463.80 NOTE
r-patched-solaris-x86 1.0.2-2 81.80 NOTE
r-release-linux-x86_64 1.0.2-2 0.65 27.65 28.30 NOTE
r-release-osx-x86_64-mavericks 1.0.2-2 OK
r-release-windows-ix86+x86_64 1.0.2-2 3.00 44.00 47.00 OK
r-oldrel-windows-ix86+x86_64 1.0.2-2 3.00 48.00 51.00 OK

Check Details

Version: 1.0.2-2
Check: S3 generic/method consistency
Result: NOTE
    Found the following apparent S3 methods exported but not registered:
     plot.rdacv predict.rda
    See section ‘Registering S3 methods’ in the ‘Writing R Extensions’
    manual.
Flavors: r-devel-linux-x86_64-debian-clang, r-devel-linux-x86_64-debian-gcc, r-devel-linux-x86_64-fedora-clang, r-devel-linux-x86_64-fedora-gcc, r-devel-osx-x86_64-clang, r-patched-linux-x86_64, r-patched-solaris-sparc, r-patched-solaris-x86, r-release-linux-x86_64

Version: 1.0.2-2
Check: R code for possible problems
Result: NOTE
    Drda1: no visible global function definition for ‘model.matrix’
    permute.rows: no visible global function definition for ‘runif’
    plot.rdacv: no visible global function definition for ‘par’
    rda.plotmat: no visible global function definition for ‘par’
    rda.plotmat: no visible global function definition for ‘plot’
    rda.plotmat: no visible global function definition for ‘layout’
    rda.plotmat: no visible global function definition for ‘image’
    rda.plotmat: no visible global function definition for ‘terrain.colors’
    rda.plotmat: no visible global function definition for ‘axis’
    rda.plotmat: no visible global function definition for ‘points’
    rda.plotmat: no visible global function definition for ‘legend’
    rda1: no visible global function definition for ‘model.matrix’
    Undefined global functions or variables:
     axis image layout legend model.matrix par plot points runif
     terrain.colors
    Consider adding
     importFrom("grDevices", "terrain.colors")
     importFrom("graphics", "axis", "image", "layout", "legend", "par",
     "plot", "points")
     importFrom("stats", "model.matrix", "runif")
    to your NAMESPACE.
Flavors: r-devel-linux-x86_64-debian-clang, r-devel-linux-x86_64-debian-gcc, r-devel-linux-x86_64-fedora-clang, r-devel-linux-x86_64-fedora-gcc, r-devel-windows-ix86+x86_64