CRAN Package Check Results for Package rda

Last updated on 2017-06-29 06:53:18.

Flavor Version Tinstall Tcheck Ttotal Status Flags
r-devel-linux-x86_64-debian-clang 1.0.2-2 0.66 32.86 33.52 NOTE
r-devel-linux-x86_64-debian-gcc 1.0.2-2 0.80 32.98 33.79 NOTE
r-devel-linux-x86_64-fedora-clang 1.0.2-2 58.79 NOTE
r-devel-linux-x86_64-fedora-gcc 1.0.2-2 57.75 NOTE
r-devel-windows-ix86+x86_64 1.0.2-2 3.00 51.00 54.00 NOTE
r-patched-linux-x86_64 1.0.2-2 0.75 30.36 31.11 NOTE
r-patched-solaris-sparc 1.0.2-2 449.40 NOTE
r-patched-solaris-x86 1.0.2-2 83.00 NOTE
r-release-linux-x86_64 1.0.2-2 0.70 29.73 30.43 NOTE
r-release-windows-ix86+x86_64 1.0.2-2 2.00 57.00 59.00 NOTE
r-release-osx-x86_64 1.0.2-2 NOTE
r-oldrel-windows-ix86+x86_64 1.0.2-2 3.00 55.00 58.00 NOTE
r-oldrel-osx-x86_64 1.0.2-2 NOTE

Check Details

Version: 1.0.2-2
Check: S3 generic/method consistency
Result: NOTE
    Found the following apparent S3 methods exported but not registered:
     plot.rdacv predict.rda
    See section ‘Registering S3 methods’ in the ‘Writing R Extensions’
    manual.
Flavors: r-devel-linux-x86_64-debian-clang, r-devel-linux-x86_64-debian-gcc, r-devel-linux-x86_64-fedora-clang, r-devel-linux-x86_64-fedora-gcc, r-patched-linux-x86_64, r-patched-solaris-sparc, r-patched-solaris-x86, r-release-linux-x86_64

Version: 1.0.2-2
Check: R code for possible problems
Result: NOTE
    Drda1: no visible global function definition for ‘model.matrix’
    permute.rows: no visible global function definition for ‘runif’
    plot.rdacv: no visible global function definition for ‘par’
    rda.plotmat: no visible global function definition for ‘par’
    rda.plotmat: no visible global function definition for ‘plot’
    rda.plotmat: no visible global function definition for ‘layout’
    rda.plotmat: no visible global function definition for ‘image’
    rda.plotmat: no visible global function definition for ‘terrain.colors’
    rda.plotmat: no visible global function definition for ‘axis’
    rda.plotmat: no visible global function definition for ‘points’
    rda.plotmat: no visible global function definition for ‘legend’
    rda1: no visible global function definition for ‘model.matrix’
    Undefined global functions or variables:
     axis image layout legend model.matrix par plot points runif
     terrain.colors
    Consider adding
     importFrom("grDevices", "terrain.colors")
     importFrom("graphics", "axis", "image", "layout", "legend", "par",
     "plot", "points")
     importFrom("stats", "model.matrix", "runif")
    to your NAMESPACE file.
Flavors: r-devel-linux-x86_64-debian-clang, r-devel-linux-x86_64-debian-gcc, r-devel-linux-x86_64-fedora-clang, r-devel-linux-x86_64-fedora-gcc, r-devel-windows-ix86+x86_64, r-patched-linux-x86_64, r-patched-solaris-sparc, r-patched-solaris-x86, r-release-linux-x86_64, r-release-windows-ix86+x86_64, r-release-osx-x86_64, r-oldrel-windows-ix86+x86_64, r-oldrel-osx-x86_64