CRAN Package Check Results for Package rda

Last updated on 2016-09-27 11:49:00.

Flavor Version Tinstall Tcheck Ttotal Status Flags
r-devel-linux-x86_64-debian-clang 1.0.2-2 0.62 29.62 30.24 NOTE
r-devel-linux-x86_64-debian-gcc 1.0.2-2 0.70 27.06 27.76 NOTE
r-devel-linux-x86_64-fedora-clang 1.0.2-2 57.99 NOTE
r-devel-linux-x86_64-fedora-gcc 1.0.2-2 51.11 NOTE
r-devel-macos-x86_64-clang 1.0.2-2 43.86 NOTE
r-devel-windows-ix86+x86_64 1.0.2-2 5.00 77.00 82.00 NOTE
r-patched-linux-x86_64 1.0.2-2 0.62 27.84 28.46 NOTE
r-patched-solaris-sparc 1.0.2-2 456.70 NOTE
r-patched-solaris-x86 1.0.2-2 77.40 NOTE
r-release-linux-x86_64 1.0.2-2 0.69 27.87 28.56 NOTE
r-release-osx-x86_64-mavericks 1.0.2-2 NOTE
r-release-windows-ix86+x86_64 1.0.2-2 3.00 51.00 54.00 NOTE
r-oldrel-windows-ix86+x86_64 1.0.2-2 2.00 44.00 46.00 OK

Check Details

Version: 1.0.2-2
Check: S3 generic/method consistency
Result: NOTE
    Found the following apparent S3 methods exported but not registered:
     plot.rdacv predict.rda
    See section ‘Registering S3 methods’ in the ‘Writing R Extensions’
    manual.
Flavors: r-devel-linux-x86_64-debian-clang, r-devel-linux-x86_64-debian-gcc, r-devel-linux-x86_64-fedora-clang, r-devel-linux-x86_64-fedora-gcc, r-devel-macos-x86_64-clang, r-patched-linux-x86_64, r-patched-solaris-sparc, r-patched-solaris-x86, r-release-linux-x86_64

Version: 1.0.2-2
Check: R code for possible problems
Result: NOTE
    Drda1: no visible global function definition for ‘model.matrix’
    permute.rows: no visible global function definition for ‘runif’
    plot.rdacv: no visible global function definition for ‘par’
    rda.plotmat: no visible global function definition for ‘par’
    rda.plotmat: no visible global function definition for ‘plot’
    rda.plotmat: no visible global function definition for ‘layout’
    rda.plotmat: no visible global function definition for ‘image’
    rda.plotmat: no visible global function definition for ‘terrain.colors’
    rda.plotmat: no visible global function definition for ‘axis’
    rda.plotmat: no visible global function definition for ‘points’
    rda.plotmat: no visible global function definition for ‘legend’
    rda1: no visible global function definition for ‘model.matrix’
    Undefined global functions or variables:
     axis image layout legend model.matrix par plot points runif
     terrain.colors
    Consider adding
     importFrom("grDevices", "terrain.colors")
     importFrom("graphics", "axis", "image", "layout", "legend", "par",
     "plot", "points")
     importFrom("stats", "model.matrix", "runif")
    to your NAMESPACE file.
Flavors: r-devel-linux-x86_64-debian-clang, r-devel-linux-x86_64-debian-gcc, r-devel-linux-x86_64-fedora-clang, r-devel-linux-x86_64-fedora-gcc, r-devel-macos-x86_64-clang, r-devel-windows-ix86+x86_64, r-patched-linux-x86_64, r-patched-solaris-sparc, r-patched-solaris-x86, r-release-linux-x86_64, r-release-osx-x86_64-mavericks, r-release-windows-ix86+x86_64