CRAN Package Check Results for Package rda

Last updated on 2015-03-28 18:50:36.

Flavor Version Tinstall Tcheck Ttotal Status Flags
r-devel-linux-x86_64-debian-clang 1.0.2-2 0.67 30.17 30.84 NOTE
r-devel-linux-x86_64-debian-gcc 1.0.2-2 0.64 28.35 28.99 NOTE
r-devel-linux-x86_64-fedora-clang 1.0.2-2 64.71 NOTE
r-devel-linux-x86_64-fedora-gcc 1.0.2-2 63.21 NOTE
r-devel-osx-x86_64-clang 1.0.2-2 52.44 NOTE
r-prerel-windows-ix86+x86_64 1.0.2-2 2.00 48.00 50.00 OK
r-prerel-linux-x86_64 1.0.2-2 0.70 29.38 30.08 NOTE
r-prerel-solaris-sparc 1.0.2-2 469.50 OK
r-prerel-solaris-x86 1.0.2-2 86.50 OK
r-release-linux-x86_64 1.0.2-2 0.70 31.50 32.20 OK
r-release-osx-x86_64-mavericks 1.0.2-2 OK
r-release-windows-ix86+x86_64 1.0.2-2 3.00 48.00 51.00 OK
r-oldrel-windows-ix86+x86_64 1.0.2-2 2.00 71.00 73.00 OK

Check Details

Version: 1.0.2-2
Check: S3 generic/method consistency
Result: NOTE
    Found the following apparent S3 methods exported but not registered:
     plot.rdacv predict.rda
    See section ‘Registering S3 methods’ in the ‘Writing R Extensions’
    manual.
Flavors: r-devel-linux-x86_64-debian-clang, r-devel-linux-x86_64-debian-gcc, r-devel-linux-x86_64-fedora-clang, r-devel-linux-x86_64-fedora-gcc, r-devel-osx-x86_64-clang, r-prerel-linux-x86_64