CRAN Package Check Results for Package rda

Last updated on 2016-12-08 15:48:38.

Flavor Version Tinstall Tcheck Ttotal Status Flags
r-devel-linux-x86_64-debian-clang 1.0.2-2 0.77 32.33 33.10 NOTE
r-devel-linux-x86_64-debian-gcc 1.0.2-2 0.67 30.69 31.36 NOTE
r-devel-linux-x86_64-fedora-clang 1.0.2-2 60.92 NOTE --no-stop-on-test-error
r-devel-linux-x86_64-fedora-gcc 1.0.2-2 57.01 NOTE --no-stop-on-test-error
r-devel-macos-x86_64-clang 1.0.2-2 48.77 NOTE
r-devel-windows-ix86+x86_64 1.0.2-2 5.00 54.00 59.00 NOTE
r-patched-linux-x86_64 1.0.2-2 0.65 26.60 27.25 NOTE
r-patched-solaris-sparc 1.0.2-2 456.70 NOTE
r-patched-solaris-x86 1.0.2-2 76.50 NOTE
r-release-linux-x86_64 1.0.2-2 0.69 26.56 27.25 NOTE
r-release-osx-x86_64-mavericks 1.0.2-2 NOTE
r-release-windows-ix86+x86_64 1.0.2-2 3.00 55.00 58.00 NOTE
r-oldrel-windows-ix86+x86_64 1.0.2-2 3.00 54.00 57.00 OK

Check Details

Version: 1.0.2-2
Check: S3 generic/method consistency
Result: NOTE
    Found the following apparent S3 methods exported but not registered:
     plot.rdacv predict.rda
    See section ‘Registering S3 methods’ in the ‘Writing R Extensions’
    manual.
Flavors: r-devel-linux-x86_64-debian-clang, r-devel-linux-x86_64-debian-gcc, r-devel-macos-x86_64-clang, r-patched-linux-x86_64, r-patched-solaris-sparc, r-patched-solaris-x86, r-release-linux-x86_64

Version: 1.0.2-2
Check: R code for possible problems
Result: NOTE
    Drda1: no visible global function definition for ‘model.matrix’
    permute.rows: no visible global function definition for ‘runif’
    plot.rdacv: no visible global function definition for ‘par’
    rda.plotmat: no visible global function definition for ‘par’
    rda.plotmat: no visible global function definition for ‘plot’
    rda.plotmat: no visible global function definition for ‘layout’
    rda.plotmat: no visible global function definition for ‘image’
    rda.plotmat: no visible global function definition for ‘terrain.colors’
    rda.plotmat: no visible global function definition for ‘axis’
    rda.plotmat: no visible global function definition for ‘points’
    rda.plotmat: no visible global function definition for ‘legend’
    rda1: no visible global function definition for ‘model.matrix’
    Undefined global functions or variables:
     axis image layout legend model.matrix par plot points runif
     terrain.colors
    Consider adding
     importFrom("grDevices", "terrain.colors")
     importFrom("graphics", "axis", "image", "layout", "legend", "par",
     "plot", "points")
     importFrom("stats", "model.matrix", "runif")
    to your NAMESPACE file.
Flavors: r-devel-linux-x86_64-debian-clang, r-devel-linux-x86_64-debian-gcc, r-devel-macos-x86_64-clang, r-devel-windows-ix86+x86_64, r-patched-linux-x86_64, r-patched-solaris-sparc, r-patched-solaris-x86, r-release-linux-x86_64, r-release-osx-x86_64-mavericks, r-release-windows-ix86+x86_64

Version: 1.0.2-2
Flags: --no-stop-on-test-error
Check: S3 generic/method consistency
Result: NOTE
    Found the following apparent S3 methods exported but not registered:
     plot.rdacv predict.rda
    See section ‘Registering S3 methods’ in the ‘Writing R Extensions’
    manual.
Flavors: r-devel-linux-x86_64-fedora-clang, r-devel-linux-x86_64-fedora-gcc

Version: 1.0.2-2
Flags: --no-stop-on-test-error
Check: R code for possible problems
Result: NOTE
    Drda1: no visible global function definition for ‘model.matrix’
    permute.rows: no visible global function definition for ‘runif’
    plot.rdacv: no visible global function definition for ‘par’
    rda.plotmat: no visible global function definition for ‘par’
    rda.plotmat: no visible global function definition for ‘plot’
    rda.plotmat: no visible global function definition for ‘layout’
    rda.plotmat: no visible global function definition for ‘image’
    rda.plotmat: no visible global function definition for ‘terrain.colors’
    rda.plotmat: no visible global function definition for ‘axis’
    rda.plotmat: no visible global function definition for ‘points’
    rda.plotmat: no visible global function definition for ‘legend’
    rda1: no visible global function definition for ‘model.matrix’
    Undefined global functions or variables:
     axis image layout legend model.matrix par plot points runif
     terrain.colors
    Consider adding
     importFrom("grDevices", "terrain.colors")
     importFrom("graphics", "axis", "image", "layout", "legend", "par",
     "plot", "points")
     importFrom("stats", "model.matrix", "runif")
    to your NAMESPACE file.
Flavors: r-devel-linux-x86_64-fedora-clang, r-devel-linux-x86_64-fedora-gcc