CRAN Package Check Results for Package rdatamarket

Last updated on 2017-02-25 16:48:33.

Flavor Version Tinstall Tcheck Ttotal Status Flags
r-devel-linux-x86_64-debian-clang 0.6.5 1.26 32.08 33.35 NOTE
r-devel-linux-x86_64-debian-gcc 0.6.5 1.13 31.15 32.28 NOTE
r-devel-linux-x86_64-fedora-clang 0.6.5 36.94 NOTE --no-stop-on-test-error
r-devel-linux-x86_64-fedora-gcc 0.6.5 33.35 NOTE --no-stop-on-test-error
r-devel-macos-x86_64-clang 0.6.5 30.85 NOTE --no-stop-on-test-error
r-devel-windows-ix86+x86_64 0.6.5 5.00 70.00 75.00 NOTE
r-patched-linux-x86_64 0.6.5 1.05 27.00 28.05 NOTE
r-patched-solaris-sparc 0.6.5 197.40 NOTE
r-patched-solaris-x86 0.6.5 43.40 NOTE
r-release-linux-x86_64 0.6.5 1.04 27.90 28.94 NOTE
r-release-osx-x86_64-mavericks 0.6.5 NOTE
r-release-windows-ix86+x86_64 0.6.5 5.00 62.00 67.00 NOTE
r-oldrel-windows-ix86+x86_64 0.6.5 6.00 54.00 60.00 OK

Check Details

Version: 0.6.5
Check: R code for possible problems
Result: NOTE
    get.datamarket.csv: no visible global function definition for
     ‘read.csv’
    getUserAgent: no visible global function definition for ‘sessionInfo’
    Undefined global functions or variables:
     read.csv sessionInfo
    Consider adding
     importFrom("utils", "read.csv", "sessionInfo")
    to your NAMESPACE file.
Flavors: r-devel-linux-x86_64-debian-clang, r-devel-linux-x86_64-debian-gcc, r-devel-windows-ix86+x86_64, r-patched-linux-x86_64, r-patched-solaris-sparc, r-patched-solaris-x86, r-release-linux-x86_64, r-release-osx-x86_64-mavericks, r-release-windows-ix86+x86_64

Version: 0.6.5
Flags: --no-stop-on-test-error
Check: R code for possible problems
Result: NOTE
    get.datamarket.csv: no visible global function definition for
     ‘read.csv’
    getUserAgent: no visible global function definition for ‘sessionInfo’
    Undefined global functions or variables:
     read.csv sessionInfo
    Consider adding
     importFrom("utils", "read.csv", "sessionInfo")
    to your NAMESPACE file.
Flavors: r-devel-linux-x86_64-fedora-clang, r-devel-linux-x86_64-fedora-gcc, r-devel-macos-x86_64-clang