CRAN Package Check Results for Package rdatamarket

Last updated on 2017-01-24 23:50:06.

Flavor Version Tinstall Tcheck Ttotal Status Flags
r-devel-linux-x86_64-debian-clang 0.6.5 1.13 29.18 30.31 NOTE
r-devel-linux-x86_64-debian-gcc 0.6.5 1.12 29.04 30.16 NOTE
r-devel-linux-x86_64-fedora-clang 0.6.5 33.81 NOTE --no-stop-on-test-error
r-devel-linux-x86_64-fedora-gcc 0.6.5 32.32 NOTE --no-stop-on-test-error
r-devel-macos-x86_64-clang 0.6.5 29.07 NOTE --no-stop-on-test-error
r-devel-windows-ix86+x86_64 0.6.5 9.00 61.00 70.00 NOTE
r-patched-linux-x86_64 0.6.5 1.00 25.55 26.54 NOTE
r-patched-solaris-sparc 0.6.5 197.40 NOTE
r-patched-solaris-x86 0.6.5 42.80 NOTE
r-release-linux-x86_64 0.6.5 0.99 25.82 26.81 NOTE
r-release-osx-x86_64-mavericks 0.6.5 NOTE
r-release-windows-ix86+x86_64 0.6.5 7.00 54.00 61.00 NOTE
r-oldrel-windows-ix86+x86_64 0.6.5 9.00 58.00 67.00 OK

Check Details

Version: 0.6.5
Check: R code for possible problems
Result: NOTE
    get.datamarket.csv: no visible global function definition for
     ‘read.csv’
    getUserAgent: no visible global function definition for ‘sessionInfo’
    Undefined global functions or variables:
     read.csv sessionInfo
    Consider adding
     importFrom("utils", "read.csv", "sessionInfo")
    to your NAMESPACE file.
Flavors: r-devel-linux-x86_64-debian-clang, r-devel-linux-x86_64-debian-gcc, r-devel-windows-ix86+x86_64, r-patched-linux-x86_64, r-patched-solaris-sparc, r-patched-solaris-x86, r-release-linux-x86_64, r-release-osx-x86_64-mavericks, r-release-windows-ix86+x86_64

Version: 0.6.5
Flags: --no-stop-on-test-error
Check: R code for possible problems
Result: NOTE
    get.datamarket.csv: no visible global function definition for
     ‘read.csv’
    getUserAgent: no visible global function definition for ‘sessionInfo’
    Undefined global functions or variables:
     read.csv sessionInfo
    Consider adding
     importFrom("utils", "read.csv", "sessionInfo")
    to your NAMESPACE file.
Flavors: r-devel-linux-x86_64-fedora-clang, r-devel-linux-x86_64-fedora-gcc, r-devel-macos-x86_64-clang