CRAN Package Check Results for Package rdatamarket

Last updated on 2016-09-28 15:48:10.

Flavor Version Tinstall Tcheck Ttotal Status Flags
r-devel-linux-x86_64-debian-clang 0.6.5 0.99 25.26 26.24 NOTE
r-devel-linux-x86_64-debian-gcc 0.6.5 1.01 25.61 26.62 NOTE
r-devel-linux-x86_64-fedora-clang 0.6.5 28.73 NOTE
r-devel-linux-x86_64-fedora-gcc 0.6.5 27.31 NOTE
r-devel-macos-x86_64-clang 0.6.5 25.61 NOTE
r-devel-windows-ix86+x86_64 0.6.5 5.00 56.00 61.00 NOTE
r-patched-linux-x86_64 0.6.5 1.18 25.31 26.49 NOTE
r-patched-solaris-sparc 0.6.5 193.30 NOTE
r-patched-solaris-x86 0.6.5 43.10 NOTE
r-release-linux-x86_64 0.6.5 1.03 25.68 26.71 NOTE
r-release-osx-x86_64-mavericks 0.6.5 NOTE
r-release-windows-ix86+x86_64 0.6.5 5.00 45.00 50.00 NOTE
r-oldrel-windows-ix86+x86_64 0.6.5 5.00 56.00 61.00 OK

Check Details

Version: 0.6.5
Check: R code for possible problems
Result: NOTE
    get.datamarket.csv: no visible global function definition for
     ‘read.csv’
    getUserAgent: no visible global function definition for ‘sessionInfo’
    Undefined global functions or variables:
     read.csv sessionInfo
    Consider adding
     importFrom("utils", "read.csv", "sessionInfo")
    to your NAMESPACE file.
Flavors: r-devel-linux-x86_64-debian-clang, r-devel-linux-x86_64-debian-gcc, r-devel-linux-x86_64-fedora-clang, r-devel-linux-x86_64-fedora-gcc, r-devel-macos-x86_64-clang, r-devel-windows-ix86+x86_64, r-patched-linux-x86_64, r-patched-solaris-sparc, r-patched-solaris-x86, r-release-linux-x86_64, r-release-osx-x86_64-mavericks, r-release-windows-ix86+x86_64