CRAN Package Check Results for Package rdatamarket

Last updated on 2015-07-04 09:48:12.

Flavor Version Tinstall Tcheck Ttotal Status Flags
r-devel-linux-x86_64-debian-clang 0.6.5 1.07 26.74 27.80 NOTE
r-devel-linux-x86_64-debian-gcc 0.6.5 0.99 25.87 26.86 NOTE
r-devel-linux-x86_64-fedora-clang 0.6.5 32.32 NOTE
r-devel-linux-x86_64-fedora-gcc 0.6.5 30.24 NOTE
r-devel-osx-x86_64-clang 0.6.5 39.85 OK
r-devel-windows-ix86+x86_64 0.6.5 6.00 40.00 46.00 NOTE
r-patched-linux-x86_64 0.6.5 1.08 24.80 25.87 OK
r-patched-solaris-sparc 0.6.5 214.60 OK
r-patched-solaris-x86 0.6.5 48.70 OK
r-release-linux-x86_64 0.6.5 1.12 26.00 27.12 OK
r-release-osx-x86_64-mavericks 0.6.5 OK
r-release-windows-ix86+x86_64 0.6.5 6.00 58.00 64.00 OK
r-oldrel-windows-ix86+x86_64 0.6.5 5.00 45.00 50.00 OK

Check Details

Version: 0.6.5
Check: R code for possible problems
Result: NOTE
    get.datamarket.csv: no visible global function definition for
     ‘read.csv’
    getUserAgent: no visible global function definition for ‘sessionInfo’
    Undefined global functions or variables:
     read.csv sessionInfo
Flavors: r-devel-linux-x86_64-debian-clang, r-devel-linux-x86_64-debian-gcc, r-devel-linux-x86_64-fedora-clang, r-devel-linux-x86_64-fedora-gcc, r-devel-windows-ix86+x86_64