CRAN Package Check Results for Package rdatamarket

Last updated on 2015-08-05 03:48:17.

Flavor Version Tinstall Tcheck Ttotal Status Flags
r-devel-linux-x86_64-debian-clang 0.6.5 1.01 26.27 27.28 NOTE
r-devel-linux-x86_64-debian-gcc 0.6.5 1.27 25.74 27.01 NOTE
r-devel-linux-x86_64-fedora-clang 0.6.5 32.31 NOTE
r-devel-linux-x86_64-fedora-gcc 0.6.5 29.98 NOTE
r-devel-osx-x86_64-clang 0.6.5 40.39 OK
r-devel-windows-ix86+x86_64 0.6.5 6.00 60.00 66.00 NOTE
r-patched-linux-x86_64 0.6.5 1.00 25.38 26.38 OK
r-patched-solaris-sparc 0.6.5 213.10 OK
r-patched-solaris-x86 0.6.5 49.00 OK
r-release-linux-x86_64 0.6.5 1.26 25.74 27.00 OK
r-release-osx-x86_64-mavericks 0.6.5 OK
r-release-windows-ix86+x86_64 0.6.5 5.00 41.00 46.00 OK
r-oldrel-windows-ix86+x86_64 0.6.5 8.00 50.00 58.00 OK

Check Details

Version: 0.6.5
Check: R code for possible problems
Result: NOTE
    get.datamarket.csv: no visible global function definition for
     ‘read.csv’
    getUserAgent: no visible global function definition for ‘sessionInfo’
    Undefined global functions or variables:
     read.csv sessionInfo
    Consider adding
     importFrom("utils", "read.csv", "sessionInfo")
    to your NAMESPACE.
Flavors: r-devel-linux-x86_64-debian-clang, r-devel-linux-x86_64-debian-gcc, r-devel-linux-x86_64-fedora-clang, r-devel-linux-x86_64-fedora-gcc, r-devel-windows-ix86+x86_64