CRAN Package Check Results for Package rdatamarket

Last updated on 2014-08-22 13:47:01.

Flavor Version Tinstall Tcheck Ttotal Status Flags
r-devel-linux-x86_64-debian-clang 0.6.4 1.46 28.92 30.38 NOTE
r-devel-linux-x86_64-debian-gcc 0.6.4 1.20 27.42 28.62 NOTE
r-devel-linux-x86_64-fedora-clang 0.6.4 40.01 NOTE
r-devel-linux-x86_64-fedora-gcc 0.6.4 37.55 NOTE
r-devel-osx-x86_64-clang 0.6.4 51.24 NOTE
r-devel-windows-ix86+x86_64 0.6.4 5.00 41.00 46.00 OK
r-patched-linux-x86_64 0.6.4 1.50 28.56 30.06 NOTE
r-patched-solaris-sparc 0.6.4 223.80 NOTE
r-patched-solaris-x86 0.6.4 54.50 NOTE
r-release-linux-ix86 0.6.4 1.72 36.22 37.95 NOTE
r-release-linux-x86_64 0.6.4 1.44 29.66 31.10 NOTE
r-release-osx-x86_64-mavericks 0.6.4 NOTE
r-release-osx-x86_64-snowleopard 0.6.4 NOTE
r-release-windows-ix86+x86_64 0.6.4 5.00 44.00 49.00 OK
r-oldrel-windows-ix86+x86_64 0.6.4 5.00 39.00 44.00 OK

Check Details

Version: 0.6.4
Check: DESCRIPTION meta-information
Result: NOTE
    License components which are templates and need '+ file LICENSE':
     MIT
Flavors: r-devel-linux-x86_64-debian-clang, r-devel-linux-x86_64-debian-gcc, r-devel-linux-x86_64-fedora-clang, r-devel-linux-x86_64-fedora-gcc, r-devel-osx-x86_64-clang, r-patched-linux-x86_64, r-patched-solaris-sparc, r-patched-solaris-x86, r-release-linux-ix86, r-release-linux-x86_64, r-release-osx-x86_64-mavericks

Version: 0.6.4
Check: DESCRIPTION meta-information
Result: NOTE
    Licenses which are templates and need '+ file LICENSE':
     MIT
Flavor: r-release-osx-x86_64-snowleopard