CRAN Package Check Results for Package rdatamarket

Last updated on 2017-05-26 19:48:06.

Flavor Version Tinstall Tcheck Ttotal Status Flags
r-devel-linux-x86_64-debian-clang 0.6.5 1.15 30.14 31.29 NOTE
r-devel-linux-x86_64-debian-gcc 0.6.5 1.38 31.22 32.59 NOTE
r-devel-linux-x86_64-fedora-clang 0.6.5 34.59 NOTE
r-devel-linux-x86_64-fedora-gcc 0.6.5 32.72 NOTE
r-devel-windows-ix86+x86_64 0.6.5 4.00 49.00 53.00 NOTE
r-patched-linux-x86_64 0.6.5 1.17 30.38 31.55 NOTE
r-patched-solaris-sparc 0.6.5 213.20 NOTE
r-patched-solaris-x86 0.6.5 49.70 NOTE
r-release-linux-x86_64 0.6.5 1.15 29.72 30.88 NOTE
r-release-windows-ix86+x86_64 0.6.5 3.00 48.00 51.00 NOTE
r-release-osx-x86_64 0.6.5 NOTE
r-oldrel-windows-ix86+x86_64 0.6.5 8.00 47.00 55.00 NOTE
r-oldrel-osx-x86_64 0.6.5 NOTE

Check Details

Version: 0.6.5
Check: R code for possible problems
Result: NOTE
    get.datamarket.csv: no visible global function definition for
     ‘read.csv’
    getUserAgent: no visible global function definition for ‘sessionInfo’
    Undefined global functions or variables:
     read.csv sessionInfo
    Consider adding
     importFrom("utils", "read.csv", "sessionInfo")
    to your NAMESPACE file.
Flavors: r-devel-linux-x86_64-debian-clang, r-devel-linux-x86_64-debian-gcc, r-devel-linux-x86_64-fedora-clang, r-devel-linux-x86_64-fedora-gcc, r-devel-windows-ix86+x86_64, r-patched-linux-x86_64, r-patched-solaris-sparc, r-patched-solaris-x86, r-release-linux-x86_64, r-release-windows-ix86+x86_64, r-release-osx-x86_64, r-oldrel-windows-ix86+x86_64, r-oldrel-osx-x86_64