CRAN Package Check Results for Package rdatamarket

Last updated on 2016-05-31 13:47:32.

Flavor Version Tinstall Tcheck Ttotal Status Flags
r-devel-linux-x86_64-debian-gcc 0.6.5 0.94 24.50 25.44 NOTE
r-devel-linux-x86_64-fedora-clang 0.6.5 29.05 NOTE
r-devel-linux-x86_64-fedora-gcc 0.6.5 27.19 NOTE
r-devel-osx-x86_64-clang 0.6.5 44.36 NOTE
r-devel-windows-ix86+x86_64 0.6.5 4.00 46.00 50.00 NOTE
r-patched-linux-x86_64 0.6.5 1.17 25.72 26.89 NOTE
r-patched-solaris-sparc 0.6.5 195.60 NOTE
r-patched-solaris-x86 0.6.5 43.80 NOTE
r-release-linux-x86_64 0.6.5 1.10 24.60 25.70 NOTE
r-release-osx-x86_64-mavericks 0.6.5 NOTE
r-release-windows-ix86+x86_64 0.6.5 6.00 44.00 50.00 NOTE
r-oldrel-windows-ix86+x86_64 0.6.5 4.00 43.00 47.00 OK

Check Details

Version: 0.6.5
Check: R code for possible problems
Result: NOTE
    get.datamarket.csv: no visible global function definition for
     ‘read.csv’
    getUserAgent: no visible global function definition for ‘sessionInfo’
    Undefined global functions or variables:
     read.csv sessionInfo
    Consider adding
     importFrom("utils", "read.csv", "sessionInfo")
    to your NAMESPACE file.
Flavors: r-devel-linux-x86_64-debian-gcc, r-devel-linux-x86_64-fedora-clang, r-devel-linux-x86_64-fedora-gcc, r-devel-osx-x86_64-clang, r-devel-windows-ix86+x86_64, r-patched-linux-x86_64, r-patched-solaris-sparc, r-patched-solaris-x86, r-release-linux-x86_64, r-release-osx-x86_64-mavericks, r-release-windows-ix86+x86_64