CRAN Package Check Results for Package rdatamarket

Last updated on 2018-02-22 10:47:39 CET.

Flavor Version Tinstall Tcheck Ttotal Status Flags
r-devel-linux-x86_64-debian-clang 0.6.5 1.95 24.53 26.48 NOTE
r-devel-linux-x86_64-debian-gcc 0.6.5 1.60 21.74 23.34 NOTE
r-devel-linux-x86_64-fedora-clang 0.6.5 35.77 NOTE
r-devel-linux-x86_64-fedora-gcc 0.6.5 33.59 NOTE
r-devel-windows-ix86+x86_64 0.6.5 6.00 47.00 53.00 NOTE
r-patched-linux-x86_64 0.6.5 1.32 29.00 30.32 NOTE
r-patched-solaris-x86 0.6.5 51.70 NOTE
r-release-linux-x86_64 0.6.5 1.48 28.77 30.25 NOTE
r-release-windows-ix86+x86_64 0.6.5 7.00 62.00 69.00 NOTE
r-release-osx-x86_64 0.6.5 NOTE
r-oldrel-windows-ix86+x86_64 0.6.5 3.00 45.00 48.00 NOTE
r-oldrel-osx-x86_64 0.6.5 NOTE

Check Details

Version: 0.6.5
Check: R code for possible problems
Result: NOTE
    get.datamarket.csv: no visible global function definition for
     ‘read.csv’
    getUserAgent: no visible global function definition for ‘sessionInfo’
    Undefined global functions or variables:
     read.csv sessionInfo
    Consider adding
     importFrom("utils", "read.csv", "sessionInfo")
    to your NAMESPACE file.
Flavors: r-devel-linux-x86_64-debian-clang, r-devel-linux-x86_64-debian-gcc, r-devel-linux-x86_64-fedora-clang, r-devel-linux-x86_64-fedora-gcc, r-devel-windows-ix86+x86_64, r-patched-linux-x86_64, r-patched-solaris-x86, r-release-linux-x86_64, r-release-windows-ix86+x86_64, r-release-osx-x86_64, r-oldrel-windows-ix86+x86_64, r-oldrel-osx-x86_64