CRAN Package Check Results for Package rdatamarket

Last updated on 2016-12-10 16:47:26.

Flavor Version Tinstall Tcheck Ttotal Status Flags
r-devel-linux-x86_64-debian-clang 0.6.5 1.38 29.08 30.46 NOTE
r-devel-linux-x86_64-debian-gcc 0.6.5 1.18 28.80 29.98 NOTE
r-devel-linux-x86_64-fedora-clang 0.6.5 35.36 NOTE --no-stop-on-test-error
r-devel-linux-x86_64-fedora-gcc 0.6.5 33.02 NOTE --no-stop-on-test-error
r-devel-macos-x86_64-clang 0.6.5 30.05 NOTE --no-stop-on-test-error
r-devel-windows-ix86+x86_64 0.6.5 4.00 48.00 52.00 NOTE
r-patched-linux-x86_64 0.6.5 1.14 24.96 26.10 NOTE
r-patched-solaris-sparc 0.6.5 193.30 NOTE
r-patched-solaris-x86 0.6.5 43.50 NOTE
r-release-linux-x86_64 0.6.5 0.98 25.61 26.58 NOTE
r-release-osx-x86_64-mavericks 0.6.5 NOTE
r-release-windows-ix86+x86_64 0.6.5 6.00 43.00 49.00 NOTE
r-oldrel-windows-ix86+x86_64 0.6.5 5.00 44.00 49.00 OK

Check Details

Version: 0.6.5
Check: R code for possible problems
Result: NOTE
    get.datamarket.csv: no visible global function definition for
     ‘read.csv’
    getUserAgent: no visible global function definition for ‘sessionInfo’
    Undefined global functions or variables:
     read.csv sessionInfo
    Consider adding
     importFrom("utils", "read.csv", "sessionInfo")
    to your NAMESPACE file.
Flavors: r-devel-linux-x86_64-debian-clang, r-devel-linux-x86_64-debian-gcc, r-devel-windows-ix86+x86_64, r-patched-linux-x86_64, r-patched-solaris-sparc, r-patched-solaris-x86, r-release-linux-x86_64, r-release-osx-x86_64-mavericks, r-release-windows-ix86+x86_64

Version: 0.6.5
Flags: --no-stop-on-test-error
Check: R code for possible problems
Result: NOTE
    get.datamarket.csv: no visible global function definition for
     ‘read.csv’
    getUserAgent: no visible global function definition for ‘sessionInfo’
    Undefined global functions or variables:
     read.csv sessionInfo
    Consider adding
     importFrom("utils", "read.csv", "sessionInfo")
    to your NAMESPACE file.
Flavors: r-devel-linux-x86_64-fedora-clang, r-devel-linux-x86_64-fedora-gcc, r-devel-macos-x86_64-clang