CRAN Package Check Results for Package rdatamarket

Last updated on 2017-04-24 18:47:38.

Flavor Version Tinstall Tcheck Ttotal Status Flags
r-devel-linux-x86_64-debian-clang 0.6.5 1.09 30.69 31.78 NOTE
r-devel-linux-x86_64-debian-gcc 0.6.5 1.16 29.98 31.14 NOTE
r-devel-linux-x86_64-fedora-clang 0.6.5 35.37 NOTE --no-stop-on-test-error
r-devel-linux-x86_64-fedora-gcc 0.6.5 33.09 NOTE --no-stop-on-test-error
r-devel-windows-ix86+x86_64 0.6.5 NOTE
r-patched-linux-x86_64 0.6.5 1.17 30.13 31.30 NOTE
r-patched-solaris-sparc 0.6.5 213.20 NOTE
r-patched-solaris-x86 0.6.5 49.10 NOTE
r-release-linux-x86_64 0.6.5 1.19 29.62 30.81 NOTE
r-release-windows-ix86+x86_64 0.6.5 4.00 45.00 49.00 NOTE
r-release-osx-x86_64 0.6.5 NOTE
r-oldrel-windows-ix86+x86_64 0.6.5 3.00 42.00 45.00 NOTE
r-oldrel-osx-x86_64 0.6.5 NOTE

Check Details

Version: 0.6.5
Check: R code for possible problems
Result: NOTE
    get.datamarket.csv: no visible global function definition for
     ‘read.csv’
    getUserAgent: no visible global function definition for ‘sessionInfo’
    Undefined global functions or variables:
     read.csv sessionInfo
    Consider adding
     importFrom("utils", "read.csv", "sessionInfo")
    to your NAMESPACE file.
Flavors: r-devel-linux-x86_64-debian-clang, r-devel-linux-x86_64-debian-gcc, r-devel-windows-ix86+x86_64, r-patched-linux-x86_64, r-patched-solaris-sparc, r-patched-solaris-x86, r-release-linux-x86_64, r-release-windows-ix86+x86_64, r-release-osx-x86_64, r-oldrel-windows-ix86+x86_64, r-oldrel-osx-x86_64

Version: 0.6.5
Flags: --no-stop-on-test-error
Check: R code for possible problems
Result: NOTE
    get.datamarket.csv: no visible global function definition for
     ‘read.csv’
    getUserAgent: no visible global function definition for ‘sessionInfo’
    Undefined global functions or variables:
     read.csv sessionInfo
    Consider adding
     importFrom("utils", "read.csv", "sessionInfo")
    to your NAMESPACE file.
Flavors: r-devel-linux-x86_64-fedora-clang, r-devel-linux-x86_64-fedora-gcc