CRAN Package Check Results for Package rdatamarket

Last updated on 2015-05-23 15:47:25.

Flavor Version Tinstall Tcheck Ttotal Status Flags
r-devel-linux-x86_64-debian-clang 0.6.5 1.13 27.54 28.67 OK
r-devel-linux-x86_64-debian-gcc 0.6.5 1.32 25.50 26.82 OK
r-devel-linux-x86_64-fedora-clang 0.6.5 33.17 OK
r-devel-linux-x86_64-fedora-gcc 0.6.5 31.61 OK
r-devel-osx-x86_64-clang 0.6.5 46.06 OK
r-devel-windows-ix86+x86_64 0.6.5 4.00 36.00 40.00 OK
r-patched-linux-x86_64 0.6.5 1.22 26.60 27.82 OK
r-patched-solaris-sparc 0.6.5 214.60 OK
r-patched-solaris-x86 0.6.5 48.40 OK
r-release-linux-x86_64 0.6.5 1.37 25.60 26.97 OK
r-release-osx-x86_64-mavericks 0.6.5 OK
r-release-osx-x86_64-snowleopard 0.6.5 ERROR
r-release-windows-ix86+x86_64 0.6.5 4.00 35.00 39.00 OK
r-oldrel-windows-ix86+x86_64 0.6.5 5.00 45.00 50.00 OK

Check Details

Version: 0.6.5
Check: package dependencies
Result: ERROR
    Package required but not available: ‘zoo’
    
    See section ‘The DESCRIPTION file’ in the ‘Writing R Extensions’
    manual.
Flavor: r-release-osx-x86_64-snowleopard