CRAN Package Check Results for Package rdatamarket

Last updated on 2016-02-07 03:50:47.

Flavor Version Tinstall Tcheck Ttotal Status Flags
r-devel-linux-x86_64-debian-gcc 0.6.5 1.00 23.92 24.92 NOTE
r-devel-linux-x86_64-fedora-clang 0.6.5 29.25 NOTE
r-devel-linux-x86_64-fedora-gcc 0.6.5 28.08 NOTE
r-devel-osx-x86_64-clang 0.6.5 41.06 NOTE
r-devel-windows-ix86+x86_64 0.6.5 4.00 39.00 43.00 NOTE
r-patched-linux-x86_64 0.6.5 1.11 25.16 26.27 OK
r-patched-solaris-sparc 0.6.5 199.10 OK
r-patched-solaris-x86 0.6.5 43.80 OK
r-release-linux-x86_64 0.6.5 1.08 25.25 26.33 OK
r-release-osx-x86_64-mavericks 0.6.5 OK
r-release-windows-ix86+x86_64 0.6.5 4.00 39.00 43.00 OK
r-oldrel-windows-ix86+x86_64 0.6.5 8.00 49.00 57.00 OK

Check Details

Version: 0.6.5
Check: R code for possible problems
Result: NOTE
    get.datamarket.csv: no visible global function definition for
     ‘read.csv’
    getUserAgent: no visible global function definition for ‘sessionInfo’
    Undefined global functions or variables:
     read.csv sessionInfo
    Consider adding
     importFrom("utils", "read.csv", "sessionInfo")
    to your NAMESPACE file.
Flavors: r-devel-linux-x86_64-debian-gcc, r-devel-linux-x86_64-fedora-clang, r-devel-linux-x86_64-fedora-gcc, r-devel-osx-x86_64-clang, r-devel-windows-ix86+x86_64