CRAN Package Check Results for Package rdatamarket

Last updated on 2017-11-22 22:57:44 CET.

Flavor Version Tinstall Tcheck Ttotal Status Flags
r-devel-linux-x86_64-debian-clang 0.6.5 1.11 28.58 29.69 NOTE
r-devel-linux-x86_64-debian-gcc 0.6.5 1.38 52.74 54.11 NOTE
r-devel-linux-x86_64-fedora-clang 0.6.5 31.55 NOTE
r-devel-linux-x86_64-fedora-gcc 0.6.5 57.24 NOTE
r-devel-windows-ix86+x86_64 0.6.5 4.00 50.00 54.00 NOTE
r-patched-linux-x86_64 0.6.5 1.22 30.21 31.43 NOTE
r-patched-solaris-x86 0.6.5 51.10 NOTE
r-release-linux-x86_64 0.6.5 1.21 29.92 31.12 NOTE
r-release-windows-ix86+x86_64 0.6.5 4.00 56.00 60.00 NOTE
r-release-osx-x86_64 0.6.5 NOTE
r-oldrel-windows-ix86+x86_64 0.6.5 4.00 48.00 52.00 NOTE
r-oldrel-osx-x86_64 0.6.5 NOTE

Check Details

Version: 0.6.5
Check: R code for possible problems
Result: NOTE
    get.datamarket.csv: no visible global function definition for
     ‘read.csv’
    getUserAgent: no visible global function definition for ‘sessionInfo’
    Undefined global functions or variables:
     read.csv sessionInfo
    Consider adding
     importFrom("utils", "read.csv", "sessionInfo")
    to your NAMESPACE file.
Flavors: r-devel-linux-x86_64-debian-clang, r-devel-linux-x86_64-debian-gcc, r-devel-linux-x86_64-fedora-clang, r-devel-linux-x86_64-fedora-gcc, r-devel-windows-ix86+x86_64, r-patched-linux-x86_64, r-patched-solaris-x86, r-release-linux-x86_64, r-release-windows-ix86+x86_64, r-release-osx-x86_64, r-oldrel-windows-ix86+x86_64, r-oldrel-osx-x86_64