CRAN Package Check Results for Package rdatamarket

Last updated on 2016-06-26 05:47:02.

Flavor Version Tinstall Tcheck Ttotal Status Flags
r-devel-linux-x86_64-debian-gcc 0.6.5 1.10 26.31 27.41 NOTE
r-devel-linux-x86_64-fedora-clang 0.6.5 30.86 NOTE
r-devel-linux-x86_64-fedora-gcc 0.6.5 26.16 NOTE
r-devel-osx-x86_64-clang 0.6.5 26.16 NOTE
r-devel-windows-ix86+x86_64 0.6.5 5.00 66.00 71.00 NOTE
r-patched-linux-x86_64 0.6.5 1.18 25.99 27.17 NOTE
r-patched-solaris-sparc 0.6.5 193.30 NOTE
r-patched-solaris-x86 0.6.5 43.60 NOTE
r-release-linux-x86_64 0.6.5 1.02 25.62 26.65 NOTE
r-release-osx-x86_64-mavericks 0.6.5 NOTE
r-release-windows-ix86+x86_64 0.6.5 5.00 51.00 56.00 NOTE
r-oldrel-windows-ix86+x86_64 0.6.5 6.00 59.00 65.00 OK

Check Details

Version: 0.6.5
Check: R code for possible problems
Result: NOTE
    get.datamarket.csv: no visible global function definition for
     ‘read.csv’
    getUserAgent: no visible global function definition for ‘sessionInfo’
    Undefined global functions or variables:
     read.csv sessionInfo
    Consider adding
     importFrom("utils", "read.csv", "sessionInfo")
    to your NAMESPACE file.
Flavors: r-devel-linux-x86_64-debian-gcc, r-devel-linux-x86_64-fedora-clang, r-devel-linux-x86_64-fedora-gcc, r-devel-osx-x86_64-clang, r-devel-windows-ix86+x86_64, r-patched-linux-x86_64, r-patched-solaris-sparc, r-patched-solaris-x86, r-release-linux-x86_64, r-release-osx-x86_64-mavericks, r-release-windows-ix86+x86_64