CRAN Package Check Results for Package rdatamarket

Last updated on 2014-07-23 09:49:55.

Flavor Version Tinstall Tcheck Ttotal Status Flags
r-devel-linux-x86_64-debian-clang 0.6.4 1.30 28.73 30.02 NOTE
r-devel-linux-x86_64-debian-gcc 0.6.4 1.30 31.68 32.98 NOTE
r-devel-linux-x86_64-fedora-clang 0.6.4 41.07 NOTE
r-devel-linux-x86_64-fedora-gcc 0.6.4 40.56 NOTE
r-devel-osx-x86_64-clang 0.6.4 47.97 NOTE
r-devel-windows-ix86+x86_64 0.6.4 4.00 46.00 50.00 OK
r-patched-linux-x86_64 0.6.4 1.25 27.62 28.87 NOTE
r-patched-solaris-sparc 0.6.4 225.00 NOTE
r-patched-solaris-x86 0.6.4 54.10 NOTE
r-release-linux-ix86 0.6.4 1.70 35.15 36.86 NOTE
r-release-linux-x86_64 0.6.4 1.28 28.99 30.27 NOTE
r-release-osx-x86_64-mavericks 0.6.4 NOTE
r-release-osx-x86_64-snowleopard 0.6.4 NOTE
r-release-windows-ix86+x86_64 0.6.4 4.00 48.00 52.00 OK
r-oldrel-windows-ix86+x86_64 0.6.4 6.00 46.00 52.00 OK

Check Details

Version: 0.6.4
Check: DESCRIPTION meta-information
Result: NOTE
    License components which are templates and need '+ file LICENSE':
     MIT
Flavors: r-devel-linux-x86_64-debian-clang, r-devel-linux-x86_64-debian-gcc, r-devel-linux-x86_64-fedora-clang, r-devel-linux-x86_64-fedora-gcc, r-devel-osx-x86_64-clang, r-patched-linux-x86_64, r-patched-solaris-sparc, r-patched-solaris-x86, r-release-linux-ix86, r-release-linux-x86_64, r-release-osx-x86_64-mavericks

Version: 0.6.4
Check: DESCRIPTION meta-information
Result: NOTE
    Licenses which are templates and need '+ file LICENSE':
     MIT
Flavor: r-release-osx-x86_64-snowleopard