CRAN Package Check Results for Package rdatamarket

Last updated on 2014-11-24 19:50:32.

Flavor Version Tinstall Tcheck Ttotal Status Flags
r-devel-linux-x86_64-debian-clang 0.6.4 1.20 27.76 28.97 NOTE
r-devel-linux-x86_64-debian-gcc 0.6.4 1.18 27.71 28.89 NOTE
r-devel-linux-x86_64-fedora-clang 0.6.5 26.57 OK
r-devel-linux-x86_64-fedora-gcc 0.6.5 25.31 OK
r-devel-osx-x86_64-clang 0.6.5 40.93 OK
r-devel-windows-ix86+x86_64 0.6.4 4.00 37.00 41.00 OK
r-patched-linux-x86_64 0.6.4 1.44 28.18 29.62 NOTE
r-patched-solaris-sparc 0.6.5 220.10 OK
r-patched-solaris-x86 0.6.4 55.80 NOTE
r-release-linux-ix86 0.6.4 1.55 35.41 36.96 NOTE
r-release-linux-x86_64 0.6.4 1.25 27.31 28.56 NOTE
r-release-osx-x86_64-mavericks 0.6.4 NOTE
r-release-osx-x86_64-snowleopard 0.6.4 NOTE
r-release-windows-ix86+x86_64 0.6.4 5.00 39.00 44.00 OK
r-oldrel-windows-ix86+x86_64 0.6.4 4.00 40.00 44.00 OK

Check Details

Version: 0.6.4
Check: DESCRIPTION meta-information
Result: NOTE
    License components which are templates and need '+ file LICENSE':
     MIT
Flavors: r-devel-linux-x86_64-debian-clang, r-devel-linux-x86_64-debian-gcc, r-patched-linux-x86_64, r-patched-solaris-x86, r-release-linux-ix86, r-release-linux-x86_64, r-release-osx-x86_64-mavericks

Version: 0.6.4
Check: DESCRIPTION meta-information
Result: NOTE
    Licenses which are templates and need '+ file LICENSE':
     MIT
Flavor: r-release-osx-x86_64-snowleopard