CRAN Package Check Results for Package rdatamarket

Last updated on 2017-07-26 12:48:46.

Flavor Version Tinstall Tcheck Ttotal Status Flags
r-devel-linux-x86_64-debian-clang 0.6.5 1.08 35.71 36.79 NOTE
r-devel-linux-x86_64-debian-gcc 0.6.5 1.07 34.70 35.76 NOTE
r-devel-linux-x86_64-fedora-clang 0.6.5 35.09 NOTE
r-devel-linux-x86_64-fedora-gcc 0.6.5 33.11 NOTE
r-devel-windows-ix86+x86_64 0.6.5 7.00 66.00 73.00 NOTE
r-patched-linux-x86_64 0.6.5 1.11 35.46 36.57 NOTE
r-patched-solaris-x86 0.6.5 50.70 NOTE
r-release-linux-x86_64 0.6.5 1.24 35.24 36.48 NOTE
r-release-windows-ix86+x86_64 0.6.5 3.00 67.00 70.00 NOTE
r-release-osx-x86_64 0.6.5 NOTE
r-oldrel-windows-ix86+x86_64 0.6.5 3.00 49.00 52.00 NOTE
r-oldrel-osx-x86_64 0.6.5 NOTE

Check Details

Version: 0.6.5
Check: R code for possible problems
Result: NOTE
    get.datamarket.csv: no visible global function definition for
     ‘read.csv’
    getUserAgent: no visible global function definition for ‘sessionInfo’
    Undefined global functions or variables:
     read.csv sessionInfo
    Consider adding
     importFrom("utils", "read.csv", "sessionInfo")
    to your NAMESPACE file.
Flavors: r-devel-linux-x86_64-debian-clang, r-devel-linux-x86_64-debian-gcc, r-devel-linux-x86_64-fedora-clang, r-devel-linux-x86_64-fedora-gcc, r-devel-windows-ix86+x86_64, r-patched-linux-x86_64, r-patched-solaris-x86, r-release-linux-x86_64, r-release-windows-ix86+x86_64, r-release-osx-x86_64, r-oldrel-windows-ix86+x86_64, r-oldrel-osx-x86_64