CRAN Package Check Results for Package rdatamarket

Last updated on 2015-04-28 06:46:44.

Flavor Version Tinstall Tcheck Ttotal Status Flags
r-devel-linux-x86_64-debian-clang 0.6.5 1.09 25.53 26.62 OK
r-devel-linux-x86_64-debian-gcc 0.6.5 1.00 25.69 26.68 OK
r-devel-linux-x86_64-fedora-clang 0.6.5 33.44 OK
r-devel-linux-x86_64-fedora-gcc 0.6.5 30.76 OK
r-devel-osx-x86_64-clang 0.6.5 45.51 OK
r-devel-windows-ix86+x86_64 0.6.5 4.00 39.00 43.00 OK
r-patched-linux-x86_64 0.6.5 1.28 25.54 26.82 OK
r-patched-solaris-sparc 0.6.5 201.60 OK
r-patched-solaris-x86 0.6.5 48.30 OK
r-release-linux-x86_64 0.6.5 1.01 25.63 26.64 OK
r-release-osx-x86_64-mavericks 0.6.5 OK
r-release-osx-x86_64-snowleopard 0.6.5 ERROR
r-release-windows-ix86+x86_64 0.6.5 6.00 45.00 51.00 OK
r-oldrel-windows-ix86+x86_64 0.6.5 4.00 38.00 42.00 OK

Check Details

Version: 0.6.5
Check: package dependencies
Result: ERROR
    Package required but not available: ‘zoo’
    
    See section ‘The DESCRIPTION file’ in the ‘Writing R Extensions’
    manual.
Flavor: r-release-osx-x86_64-snowleopard