CRAN Package Check Results for Package rdatamarket

Last updated on 2018-04-25 19:47:23 CEST.

Flavor Version Tinstall Tcheck Ttotal Status Flags
r-devel-linux-x86_64-debian-clang 0.6.5 1.87 27.80 29.67 NOTE
r-devel-linux-x86_64-debian-gcc 0.6.5 1.53 22.02 23.55 NOTE
r-devel-linux-x86_64-fedora-clang 0.6.5 35.35 NOTE
r-devel-linux-x86_64-fedora-gcc 0.6.5 33.95 NOTE
r-devel-windows-ix86+x86_64 0.6.5 5.00 49.00 54.00 NOTE
r-patched-linux-x86_64 0.6.5 1.50 26.95 28.45 NOTE
r-patched-solaris-x86 0.6.5 60.50 NOTE
r-release-linux-x86_64 0.6.5 2.02 27.06 29.08 NOTE
r-release-windows-ix86+x86_64 0.6.5 5.00 49.00 54.00 NOTE
r-release-osx-x86_64 0.6.5 NOTE
r-oldrel-windows-ix86+x86_64 0.6.5 6.00 71.00 77.00 NOTE
r-oldrel-osx-x86_64 0.6.5 NOTE

Check Details

Version: 0.6.5
Check: R code for possible problems
Result: NOTE
    get.datamarket.csv: no visible global function definition for
     ‘read.csv’
    getUserAgent: no visible global function definition for ‘sessionInfo’
    Undefined global functions or variables:
     read.csv sessionInfo
    Consider adding
     importFrom("utils", "read.csv", "sessionInfo")
    to your NAMESPACE file.
Flavors: r-devel-linux-x86_64-debian-clang, r-devel-linux-x86_64-debian-gcc, r-devel-linux-x86_64-fedora-clang, r-devel-linux-x86_64-fedora-gcc, r-devel-windows-ix86+x86_64, r-patched-linux-x86_64, r-patched-solaris-x86, r-release-linux-x86_64, r-release-windows-ix86+x86_64, r-release-osx-x86_64, r-oldrel-windows-ix86+x86_64, r-oldrel-osx-x86_64