CRAN Package Check Results for Package rdatamarket

Last updated on 2014-04-19 23:50:00.

Flavor Version Tinstall Tcheck Ttotal Status Flags
r-devel-linux-x86_64-debian-clang 0.6.4 1.37 29.55 30.92 NOTE
r-devel-linux-x86_64-debian-gcc 0.6.4 1.91 29.47 31.38 NOTE
r-devel-linux-x86_64-fedora-clang 0.6.4 39.59 NOTE
r-devel-linux-x86_64-fedora-gcc 0.6.4 37.77 NOTE
r-devel-macosx-x86_64-clang 0.6.4 61.44 NOTE
r-devel-macosx-x86_64-gcc 0.6.4 ERROR
r-devel-windows-ix86+x86_64 0.6.4 5.00 60.00 65.00 OK
r-patched-linux-x86_64 0.6.4 1.34 29.42 30.76 NOTE
r-patched-solaris-sparc 0.6.4 225.00 NOTE
r-patched-solaris-x86 0.6.4 53.80 NOTE
r-release-linux-ix86 NOTE
r-release-linux-x86_64 0.6.4 1.34 29.75 31.10 NOTE
r-release-macosx-x86_64 0.6.4 NOTE
r-release-windows-ix86+x86_64 0.6.4 5.00 60.00 65.00 OK
r-oldrel-windows-ix86+x86_64 0.6.4 4.00 60.00 64.00 OK

Check Details

Version: 0.6.4
Check: DESCRIPTION meta-information
Result: NOTE
    License components which are templates and need '+ file LICENSE':
     MIT
Flavors: r-devel-linux-x86_64-debian-clang, r-devel-linux-x86_64-debian-gcc, r-devel-linux-x86_64-fedora-clang, r-devel-linux-x86_64-fedora-gcc, r-devel-macosx-x86_64-clang, r-patched-linux-x86_64, r-patched-solaris-sparc, r-patched-solaris-x86, r-release-linux-ix86, r-release-linux-x86_64

Version: 0.6.4
Check: package dependencies
Result: ERROR
    Package required but not available: ‘zoo’
    
    See the information on DESCRIPTION files in the chapter ‘Creating R
    packages’ of the ‘Writing R Extensions’ manual.
Flavor: r-devel-macosx-x86_64-gcc

Version: 0.6.4
Check: DESCRIPTION meta-information
Result: NOTE
    Licenses which are templates and need '+ file LICENSE':
     MIT
Flavor: r-release-macosx-x86_64