CRAN Package Check Results for Package rdatamarket

Last updated on 2016-07-30 23:47:41.

Flavor Version Tinstall Tcheck Ttotal Status Flags
r-devel-linux-x86_64-debian-clang 0.6.5 0.98 25.58 26.56 NOTE
r-devel-linux-x86_64-debian-gcc 0.6.5 0.97 25.50 26.47 NOTE
r-devel-linux-x86_64-fedora-clang 0.6.5 29.12 NOTE
r-devel-linux-x86_64-fedora-gcc 0.6.5 26.35 NOTE
r-devel-osx-x86_64-clang 0.6.5 25.95 NOTE
r-devel-windows-ix86+x86_64 0.6.5 3.00 45.00 48.00 NOTE
r-patched-linux-x86_64 0.6.5 1.03 25.01 26.04 NOTE
r-patched-solaris-sparc 0.6.5 193.30 NOTE
r-patched-solaris-x86 0.6.5 43.00 NOTE
r-release-linux-x86_64 0.6.5 1.43 27.15 28.58 NOTE
r-release-osx-x86_64-mavericks 0.6.5 NOTE
r-release-windows-ix86+x86_64 0.6.5 5.00 62.00 67.00 NOTE
r-oldrel-windows-ix86+x86_64 0.6.5 5.00 58.00 63.00 OK

Check Details

Version: 0.6.5
Check: R code for possible problems
Result: NOTE
    get.datamarket.csv: no visible global function definition for
     ‘read.csv’
    getUserAgent: no visible global function definition for ‘sessionInfo’
    Undefined global functions or variables:
     read.csv sessionInfo
    Consider adding
     importFrom("utils", "read.csv", "sessionInfo")
    to your NAMESPACE file.
Flavors: r-devel-linux-x86_64-debian-clang, r-devel-linux-x86_64-debian-gcc, r-devel-linux-x86_64-fedora-clang, r-devel-linux-x86_64-fedora-gcc, r-devel-osx-x86_64-clang, r-devel-windows-ix86+x86_64, r-patched-linux-x86_64, r-patched-solaris-sparc, r-patched-solaris-x86, r-release-linux-x86_64, r-release-osx-x86_64-mavericks, r-release-windows-ix86+x86_64