CRAN Package Check Results for Package rdatamarket

Last updated on 2017-03-25 03:48:08.

Flavor Version Tinstall Tcheck Ttotal Status Flags
r-devel-linux-x86_64-debian-clang 0.6.5 1.06 30.92 31.98 NOTE
r-devel-linux-x86_64-debian-gcc 0.6.5 1.09 30.52 31.61 NOTE
r-devel-linux-x86_64-fedora-clang 0.6.5 33.98 NOTE --no-stop-on-test-error
r-devel-linux-x86_64-fedora-gcc 0.6.5 32.98 NOTE --no-stop-on-test-error
r-devel-macos-x86_64-clang 0.6.5 29.11 NOTE --no-stop-on-test-error
r-devel-windows-ix86+x86_64 0.6.5 4.00 55.00 59.00 NOTE
r-patched-linux-x86_64 0.6.5 0.98 25.85 26.83 NOTE
r-patched-solaris-sparc 0.6.5 213.20 NOTE
r-patched-solaris-x86 0.6.5 50.50 NOTE
r-release-linux-x86_64 0.6.5 1.00 26.13 27.12 NOTE
r-release-osx-x86_64-mavericks 0.6.5 NOTE
r-release-windows-ix86+x86_64 0.6.5 6.00 46.00 52.00 NOTE
r-oldrel-windows-ix86+x86_64 0.6.5 5.00 339.00 344.00 ERROR

Check Details

Version: 0.6.5
Check: R code for possible problems
Result: NOTE
    get.datamarket.csv: no visible global function definition for
     ‘read.csv’
    getUserAgent: no visible global function definition for ‘sessionInfo’
    Undefined global functions or variables:
     read.csv sessionInfo
    Consider adding
     importFrom("utils", "read.csv", "sessionInfo")
    to your NAMESPACE file.
Flavors: r-devel-linux-x86_64-debian-clang, r-devel-linux-x86_64-debian-gcc, r-devel-windows-ix86+x86_64, r-patched-linux-x86_64, r-patched-solaris-sparc, r-patched-solaris-x86, r-release-linux-x86_64, r-release-osx-x86_64-mavericks, r-release-windows-ix86+x86_64

Version: 0.6.5
Flags: --no-stop-on-test-error
Check: R code for possible problems
Result: NOTE
    get.datamarket.csv: no visible global function definition for
     ‘read.csv’
    getUserAgent: no visible global function definition for ‘sessionInfo’
    Undefined global functions or variables:
     read.csv sessionInfo
    Consider adding
     importFrom("utils", "read.csv", "sessionInfo")
    to your NAMESPACE file.
Flavors: r-devel-linux-x86_64-fedora-clang, r-devel-linux-x86_64-fedora-gcc, r-devel-macos-x86_64-clang

Version: 0.6.5
Check: examples
Result: ERROR
    Running examples in 'rdatamarket-Ex.R' failed
    The error most likely occurred in:
    
    > ### Name: dmdims
    > ### Title: Fetch dimensions of a DataMarket dataset.
    > ### Aliases: dmdims
    >
    > ### ** Examples
    >
    > dmdims("17tm")
    Error: Bad Gateway
    Execution halted
Flavor: r-oldrel-windows-ix86+x86_64