CRAN Package Check Results for Package rdatamarket

Last updated on 2017-09-23 05:48:34.

Flavor Version Tinstall Tcheck Ttotal Status Flags
r-devel-linux-x86_64-debian-clang 0.6.5 1.19 31.04 32.23 NOTE
r-devel-linux-x86_64-debian-gcc 0.6.5 1.19 30.17 31.36 NOTE
r-devel-linux-x86_64-fedora-clang 0.6.5 34.54 NOTE
r-devel-linux-x86_64-fedora-gcc 0.6.5 33.48 NOTE
r-devel-windows-ix86+x86_64 0.6.5 5.00 49.00 54.00 NOTE
r-patched-linux-x86_64 0.6.5 1.21 30.02 31.23 NOTE
r-patched-solaris-x86 0.6.5 51.70 NOTE
r-release-linux-x86_64 0.6.5 1.09 31.19 32.28 NOTE
r-release-windows-ix86+x86_64 0.6.5 4.00 51.00 55.00 NOTE
r-release-osx-x86_64 0.6.5 NOTE
r-oldrel-windows-ix86+x86_64 0.6.5 3.00 47.00 50.00 NOTE
r-oldrel-osx-x86_64 0.6.5 NOTE

Check Details

Version: 0.6.5
Check: R code for possible problems
Result: NOTE
    get.datamarket.csv: no visible global function definition for
     ‘read.csv’
    getUserAgent: no visible global function definition for ‘sessionInfo’
    Undefined global functions or variables:
     read.csv sessionInfo
    Consider adding
     importFrom("utils", "read.csv", "sessionInfo")
    to your NAMESPACE file.
Flavors: r-devel-linux-x86_64-debian-clang, r-devel-linux-x86_64-debian-gcc, r-devel-linux-x86_64-fedora-clang, r-devel-linux-x86_64-fedora-gcc, r-devel-windows-ix86+x86_64, r-patched-linux-x86_64, r-patched-solaris-x86, r-release-linux-x86_64, r-release-windows-ix86+x86_64, r-release-osx-x86_64, r-oldrel-windows-ix86+x86_64, r-oldrel-osx-x86_64