CRAN Package Check Results for Package rdatamarket

Last updated on 2014-09-15 03:47:41.

Flavor Version Tinstall Tcheck Ttotal Status Flags
r-devel-linux-x86_64-debian-clang 0.6.4 1.20 27.68 28.88 NOTE
r-devel-linux-x86_64-debian-gcc 0.6.4 1.26 27.25 28.51 NOTE
r-devel-linux-x86_64-fedora-clang 0.6.4 40.17 NOTE
r-devel-linux-x86_64-fedora-gcc 0.6.4 36.67 NOTE
r-devel-osx-x86_64-clang 0.6.4 48.84 NOTE
r-devel-windows-ix86+x86_64 0.6.4 4.00 36.00 40.00 OK
r-patched-linux-x86_64 0.6.4 1.24 27.64 28.88 NOTE
r-patched-solaris-sparc 0.6.4 223.80 NOTE
r-patched-solaris-x86 0.6.4 54.20 NOTE
r-release-linux-ix86 0.6.4 1.70 35.42 37.12 NOTE
r-release-linux-x86_64 0.6.4 1.32 28.30 29.61 NOTE
r-release-osx-x86_64-mavericks 0.6.4 NOTE
r-release-osx-x86_64-snowleopard 0.6.4 NOTE
r-release-windows-ix86+x86_64 0.6.4 4.00 38.00 42.00 OK
r-oldrel-windows-ix86+x86_64 0.6.4 5.00 39.00 44.00 OK

Check Details

Version: 0.6.4
Check: DESCRIPTION meta-information
Result: NOTE
    License components which are templates and need '+ file LICENSE':
     MIT
Flavors: r-devel-linux-x86_64-debian-clang, r-devel-linux-x86_64-debian-gcc, r-devel-linux-x86_64-fedora-clang, r-devel-linux-x86_64-fedora-gcc, r-devel-osx-x86_64-clang, r-patched-linux-x86_64, r-patched-solaris-sparc, r-patched-solaris-x86, r-release-linux-ix86, r-release-linux-x86_64, r-release-osx-x86_64-mavericks

Version: 0.6.4
Check: DESCRIPTION meta-information
Result: NOTE
    Licenses which are templates and need '+ file LICENSE':
     MIT
Flavor: r-release-osx-x86_64-snowleopard