CRAN Package Check Results for Package rdatamarket

Last updated on 2018-06-22 00:46:44 CEST.

Flavor Version Tinstall Tcheck Ttotal Status Flags
r-devel-linux-x86_64-debian-clang 0.6.5 2.05 26.99 29.04 NOTE
r-devel-linux-x86_64-debian-gcc 0.6.5 1.76 23.93 25.69 NOTE
r-devel-linux-x86_64-fedora-clang 0.6.5 38.04 NOTE
r-devel-linux-x86_64-fedora-gcc 0.6.5 35.92 NOTE
r-devel-windows-ix86+x86_64 0.6.5 7.00 68.00 75.00 NOTE
r-patched-linux-x86_64 0.6.5 2.07 27.66 29.73 NOTE
r-patched-solaris-x86 0.6.5 58.70 NOTE
r-release-linux-x86_64 0.6.5 1.98 27.60 29.58 NOTE
r-release-windows-ix86+x86_64 0.6.5 4.00 70.00 74.00 NOTE
r-release-osx-x86_64 0.6.5 NOTE
r-oldrel-windows-ix86+x86_64 0.6.5 7.00 50.00 57.00 NOTE
r-oldrel-osx-x86_64 0.6.5 NOTE

Check Details

Version: 0.6.5
Check: R code for possible problems
Result: NOTE
    get.datamarket.csv: no visible global function definition for
     ‘read.csv’
    getUserAgent: no visible global function definition for ‘sessionInfo’
    Undefined global functions or variables:
     read.csv sessionInfo
    Consider adding
     importFrom("utils", "read.csv", "sessionInfo")
    to your NAMESPACE file.
Flavors: r-devel-linux-x86_64-debian-clang, r-devel-linux-x86_64-debian-gcc, r-devel-linux-x86_64-fedora-clang, r-devel-linux-x86_64-fedora-gcc, r-devel-windows-ix86+x86_64, r-patched-linux-x86_64, r-patched-solaris-x86, r-release-linux-x86_64, r-release-windows-ix86+x86_64, r-release-osx-x86_64, r-oldrel-windows-ix86+x86_64, r-oldrel-osx-x86_64