CRAN Package Check Results for Package rdd

Last updated on 2015-05-28 12:48:04.

Flavor Version Tinstall Tcheck Ttotal Status Flags
r-devel-linux-x86_64-debian-clang 0.56 4.09 41.37 45.46 OK
r-devel-linux-x86_64-debian-gcc 0.56 4.78 40.64 45.42 OK
r-devel-linux-x86_64-fedora-clang 0.56 95.67 OK
r-devel-linux-x86_64-fedora-gcc 0.56 89.24 OK
r-devel-osx-x86_64-clang 0.56 77.08 OK
r-devel-windows-ix86+x86_64 0.56 9.00 67.00 76.00 OK
r-patched-linux-x86_64 0.56 3.82 40.15 43.98 OK
r-patched-solaris-sparc 0.56 558.50 OK
r-patched-solaris-x86 0.56 131.60 OK
r-release-linux-x86_64 0.56 3.82 40.66 44.49 OK
r-release-osx-x86_64-mavericks 0.56 OK
r-release-osx-x86_64-snowleopard 0.56 ERROR
r-release-windows-ix86+x86_64 0.56 12.00 59.00 71.00 OK
r-oldrel-windows-ix86+x86_64 0.56 21.00 90.00 111.00 OK

Check Details

Version: 0.56
Check: package dependencies
Result: ERROR
    Packages required but not available: ‘sandwich’ ‘lmtest’ ‘AER’
    
    See section ‘The DESCRIPTION file’ in the ‘Writing R Extensions’
    manual.
Flavor: r-release-osx-x86_64-snowleopard