CRAN Package Check Results for Package rdd

Last updated on 2014-04-23 07:55:06.

Flavor Version Tinstall Tcheck Ttotal Status Flags
r-devel-linux-x86_64-debian-clang 0.56 1.31 19.10 20.42 OK
r-devel-linux-x86_64-debian-gcc 0.56 1.32 19.36 20.68 OK
r-devel-linux-x86_64-fedora-clang 0.56 39.77 OK
r-devel-linux-x86_64-fedora-gcc 0.56 36.75 OK
r-devel-osx-x86_64-clang 0.56 44.27 OK
r-devel-osx-x86_64-gcc 0.56 ERROR
r-devel-windows-ix86+x86_64 0.56 5.00 32.00 37.00 OK
r-patched-linux-x86_64 0.56 1.18 19.06 20.25 OK
r-patched-solaris-sparc 0.56 216.80 OK
r-patched-solaris-x86 0.56 51.70 OK
r-release-linux-ix86 0.56 2.00 38.00 40.00 OK
r-release-linux-x86_64 0.56 1.17 19.22 20.39 OK
r-release-osx-x86_64-mavericks 0.56 WARN
r-release-osx-x86_64-snowleopard 0.56 OK
r-release-windows-ix86+x86_64 0.56 6.00 31.00 37.00 OK
r-oldrel-windows-ix86+x86_64 0.56 6.00 33.00 39.00 OK

Check Details

Version: 0.56
Check: package dependencies
Result: ERROR
    Packages required but not available: ‘sandwich’ ‘lmtest’ ‘AER’
    
    See the information on DESCRIPTION files in the chapter ‘Creating R
    packages’ of the ‘Writing R Extensions’ manual.
Flavor: r-devel-osx-x86_64-gcc

Version: 0.56
Check: PDF version of manual
Result: WARNING
    LaTeX errors when creating PDF version.
    This typically indicates Rd problems.
    LaTeX errors found:
    ! LaTeX Error: File `upquote.sty' not found.
    
    Type X to quit or <RETURN> to proceed,
    or enter new name. (Default extension: sty)
    
    acf9ea4/Rd2.tex:8: ==> Fatal error occurred, no output PDF file produced!
Flavor: r-release-osx-x86_64-mavericks