CRAN Package Check Results for Package rdd

Last updated on 2015-07-01 13:47:30.

Flavor Version Tinstall Tcheck Ttotal Status Flags
r-devel-linux-x86_64-debian-clang 0.56 4.04 40.72 44.76 NOTE
r-devel-linux-x86_64-debian-gcc 0.56 3.91 40.82 44.73 NOTE
r-devel-linux-x86_64-fedora-clang 0.56 92.69 NOTE
r-devel-linux-x86_64-fedora-gcc 0.56 90.58 NOTE
r-devel-osx-x86_64-clang 0.56 78.96 OK
r-devel-windows-ix86+x86_64 0.56 10.00 68.00 78.00 NOTE
r-patched-linux-x86_64 0.56 4.67 40.36 45.02 OK
r-patched-solaris-sparc 0.56 558.50 OK
r-patched-solaris-x86 0.56 129.90 OK
r-release-linux-x86_64 0.56 3.88 41.17 45.04 OK
r-release-osx-x86_64-mavericks 0.56 OK
r-release-windows-ix86+x86_64 0.56 11.00 68.00 79.00 OK
r-oldrel-windows-ix86+x86_64 0.56 16.00 92.00 108.00 OK

Check Details

Version: 0.56
Check: R code for possible problems
Result: NOTE
    DCdensity: no visible global function definition for ‘complete.cases’
    DCdensity: no visible global function definition for ‘sd’
    DCdensity: no visible global function definition for ‘lm’
    DCdensity: no visible global function definition for ‘coef’
    DCdensity: no visible global function definition for ‘predict’
    DCdensity: no visible global function definition for ‘lines’
    DCdensity: no visible global function definition for ‘points’
    DCdensity: no visible global function definition for ‘pnorm’
    IKbandwidth: no visible global function definition for ‘complete.cases’
    IKbandwidth: no visible global function definition for ‘sd’
    IKbandwidth: no visible global function definition for ‘median’
    IKbandwidth: no visible global function definition for ‘lm’
    IKbandwidth: no visible global function definition for ‘coef’
    RDestimate: no visible global function definition for ‘model.frame’
    RDestimate: no visible binding for global variable ‘na.pass’
    RDestimate: no visible global function definition for ‘complete.cases’
    RDestimate: no visible global function definition for ‘as.formula’
    RDestimate: no visible global function definition for ‘lm’
    RDestimate: no visible global function definition for ‘coef’
    RDestimate: no visible global function definition for ‘pnorm’
    RDestimate: no visible global function definition for ‘qnorm’
    plot.RD : rdplot: no visible global function definition for ‘predict’
    plot.RD : rdplot: no visible global function definition for ‘lm’
    plot.RD : rdplot: no visible global function definition for ‘plot’
    plot.RD : rdplot: no visible global function definition for ‘lines’
    plot.RD: no visible global function definition for ‘dev.flush’
    summary.RD: no visible global function definition for ‘residuals’
    summary.RD: no visible global function definition for ‘pf’
Flavors: r-devel-linux-x86_64-debian-clang, r-devel-linux-x86_64-debian-gcc, r-devel-linux-x86_64-fedora-clang, r-devel-linux-x86_64-fedora-gcc, r-devel-windows-ix86+x86_64