CRAN Package Check Results for Package rdd

Last updated on 2015-04-27 11:48:48.

Flavor Version Tinstall Tcheck Ttotal Status Flags
r-devel-linux-x86_64-debian-clang 0.56 5.10 40.63 45.74 OK
r-devel-linux-x86_64-debian-gcc 0.56 3.84 40.18 44.02 OK
r-devel-linux-x86_64-fedora-clang 0.56 94.99 OK
r-devel-linux-x86_64-fedora-gcc 0.56 89.46 OK
r-devel-osx-x86_64-clang 0.56 78.12 OK
r-devel-windows-ix86+x86_64 0.56 11.00 110.00 121.00 OK
r-patched-linux-x86_64 0.56 4.20 40.24 44.44 OK
r-patched-solaris-sparc 0.56 523.60 OK
r-patched-solaris-x86 0.56 129.10 OK
r-release-linux-x86_64 0.56 3.86 41.10 44.96 OK
r-release-osx-x86_64-mavericks 0.56 OK
r-release-osx-x86_64-snowleopard 0.56 ERROR
r-release-windows-ix86+x86_64 0.56 16.00 94.00 110.00 OK
r-oldrel-windows-ix86+x86_64 0.56 16.00 95.00 111.00 OK

Check Details

Version: 0.56
Check: package dependencies
Result: ERROR
    Packages required but not available: ‘sandwich’ ‘lmtest’ ‘AER’
    
    See section ‘The DESCRIPTION file’ in the ‘Writing R Extensions’
    manual.
Flavor: r-release-osx-x86_64-snowleopard