CRAN Package Check Results for Package rdd

Last updated on 2015-08-05 11:48:12.

Flavor Version Tinstall Tcheck Ttotal Status Flags
r-devel-linux-x86_64-debian-clang 0.56 3.94 41.26 45.20 NOTE
r-devel-linux-x86_64-debian-gcc 0.56 3.78 40.99 44.77 NOTE
r-devel-linux-x86_64-fedora-clang 0.56 94.46 NOTE
r-devel-linux-x86_64-fedora-gcc 0.56 88.80 NOTE
r-devel-osx-x86_64-clang 0.56 73.83 OK
r-devel-windows-ix86+x86_64 0.56 18.00 110.00 128.00 NOTE
r-patched-linux-x86_64 0.56 3.75 40.10 43.85 OK
r-patched-solaris-sparc 0.56 571.90 OK
r-patched-solaris-x86 0.56 129.30 OK
r-release-linux-x86_64 0.56 3.85 40.97 44.82 OK
r-release-osx-x86_64-mavericks 0.56 OK
r-release-windows-ix86+x86_64 0.56 17.00 104.00 121.00 OK
r-oldrel-windows-ix86+x86_64 0.56 25.00 136.00 161.00 OK

Check Details

Version: 0.56
Check: R code for possible problems
Result: NOTE
    DCdensity: no visible global function definition for ‘complete.cases’
    DCdensity: no visible global function definition for ‘sd’
    DCdensity: no visible global function definition for ‘lm’
    DCdensity: no visible global function definition for ‘coef’
    DCdensity: no visible global function definition for ‘predict’
    DCdensity: no visible global function definition for ‘lines’
    DCdensity: no visible global function definition for ‘points’
    DCdensity: no visible global function definition for ‘pnorm’
    IKbandwidth: no visible global function definition for ‘complete.cases’
    IKbandwidth: no visible global function definition for ‘sd’
    IKbandwidth: no visible global function definition for ‘median’
    IKbandwidth: no visible global function definition for ‘lm’
    IKbandwidth: no visible global function definition for ‘coef’
    RDestimate: no visible global function definition for ‘model.frame’
    RDestimate: no visible binding for global variable ‘na.pass’
    RDestimate: no visible global function definition for ‘complete.cases’
    RDestimate: no visible global function definition for ‘as.formula’
    RDestimate: no visible global function definition for ‘lm’
    RDestimate: no visible global function definition for ‘coef’
    RDestimate: no visible global function definition for ‘pnorm’
    RDestimate: no visible global function definition for ‘qnorm’
    plot.RD : rdplot: no visible global function definition for ‘predict’
    plot.RD : rdplot: no visible global function definition for ‘lm’
    plot.RD : rdplot: no visible global function definition for ‘plot’
    plot.RD : rdplot: no visible global function definition for ‘lines’
    plot.RD: no visible global function definition for ‘dev.flush’
    summary.RD: no visible global function definition for ‘residuals’
    summary.RD: no visible global function definition for ‘pf’
    Undefined global functions or variables:
     as.formula coef complete.cases dev.flush lines lm median model.frame
     na.pass pf plot pnorm points predict qnorm residuals sd
    Consider adding
     importFrom("grDevices", "dev.flush")
     importFrom("graphics", "lines", "plot", "points")
     importFrom("stats", "as.formula", "coef", "complete.cases", "lm",
     "median", "model.frame", "na.pass", "pf", "pnorm",
     "predict", "qnorm", "residuals", "sd")
    to your NAMESPACE.
Flavors: r-devel-linux-x86_64-debian-clang, r-devel-linux-x86_64-debian-gcc, r-devel-linux-x86_64-fedora-clang, r-devel-linux-x86_64-fedora-gcc, r-devel-windows-ix86+x86_64