CRAN Package Check Results for Package rdddr

Last updated on 2022-09-29 16:51:36 CEST.

Flavor Version Tinstall Tcheck Ttotal Status Flags
r-devel-linux-x86_64-debian-clang 1.0.0 9.61 156.94 166.55 OK
r-devel-linux-x86_64-debian-gcc 1.0.0 7.81 120.12 127.93 OK
r-devel-linux-x86_64-fedora-clang 1.0.0 209.87 NOTE
r-devel-linux-x86_64-fedora-gcc 1.0.0 210.08 NOTE
r-devel-windows-x86_64 1.0.0 35.00 184.00 219.00 OK
r-patched-linux-x86_64 1.0.0 6.88 148.99 155.87 OK
r-release-linux-x86_64 1.0.0 6.01 149.10 155.11 OK
r-release-macos-arm64 1.0.0 61.00 NOTE
r-release-macos-x86_64 1.0.0 86.00 NOTE
r-release-windows-x86_64 1.0.0 30.00 172.00 202.00 OK
r-oldrel-macos-arm64 1.0.0 60.00 NOTE
r-oldrel-macos-x86_64 1.0.0 83.00 NOTE
r-oldrel-windows-ix86+x86_64 1.0.0 32.00 181.00 213.00 WARN

Check Details

Version: 1.0.0
Check: package dependencies
Result: NOTE
    Package suggested but not available for checking: ‘CausalQueries’
Flavors: r-devel-linux-x86_64-fedora-clang, r-devel-linux-x86_64-fedora-gcc

Version: 1.0.0
Check: dependencies in R code
Result: NOTE
    Namespaces in Imports field not imported from:
     ‘DeclareDesign’ ‘fabricatr’
     All declared Imports should be used.
Flavors: r-devel-linux-x86_64-fedora-clang, r-devel-linux-x86_64-fedora-gcc, r-release-macos-arm64, r-release-macos-x86_64, r-oldrel-macos-arm64, r-oldrel-macos-x86_64

Version: 1.0.0
Check: for unstated dependencies in ‘tests’
Result: WARN
    Warning: unable to access index for repository https://bioconductor.org/packages/3.14/bioc/src/contrib:
     cannot open URL 'https://bioconductor.org/packages/3.14/bioc/src/contrib/PACKAGES'
    Warning: unable to access index for repository https://bioconductor.org/packages/3.14/data/annotation/src/contrib:
     cannot open URL 'https://bioconductor.org/packages/3.14/data/annotation/src/contrib/PACKAGES'
    Warning: unable to access index for repository https://bioconductor.org/packages/3.14/data/experiment/src/contrib:
     cannot open URL 'https://bioconductor.org/packages/3.14/data/experiment/src/contrib/PACKAGES'
Flavor: r-oldrel-windows-ix86+x86_64