Last updated on 2023-02-06 20:53:16 CET.
Flavor | Version | Tinstall | Tcheck | Ttotal | Status | Flags |
---|---|---|---|---|---|---|
r-devel-linux-x86_64-debian-clang | 1.6.0 | 15.18 | 170.38 | 185.56 | OK | |
r-devel-linux-x86_64-debian-gcc | 1.6.0 | 12.76 | 123.55 | 136.31 | OK | |
r-devel-linux-x86_64-fedora-clang | 1.6.0 | 231.14 | NOTE | |||
r-devel-linux-x86_64-fedora-gcc | 1.6.0 | 230.37 | NOTE | |||
r-devel-windows-x86_64 | 1.6.0 | 43.00 | 205.00 | 248.00 | OK | |
r-patched-linux-x86_64 | 1.6.0 | 21.76 | 161.31 | 183.07 | OK | |
r-release-linux-x86_64 | 1.6.0 | 14.45 | 151.78 | 166.23 | OK | |
r-release-macos-arm64 | 1.6.0 | 70.00 | NOTE | |||
r-release-macos-x86_64 | 1.6.0 | 113.00 | NOTE | |||
r-release-windows-x86_64 | 1.6.0 | 45.00 | 210.00 | 255.00 | OK | |
r-oldrel-macos-arm64 | 1.6.0 | 60.00 | NOTE | |||
r-oldrel-macos-x86_64 | 1.6.0 | 103.00 | NOTE | |||
r-oldrel-windows-ix86+x86_64 | 1.6.0 | 35.00 | 193.00 | 228.00 | OK |
Version: 1.6.0
Check: dependencies in R code
Result: NOTE
Namespace in Imports field not imported from: ‘rmarkdown’
All declared Imports should be used.
Flavors: r-devel-linux-x86_64-fedora-clang, r-devel-linux-x86_64-fedora-gcc, r-release-macos-arm64, r-release-macos-x86_64, r-oldrel-macos-arm64, r-oldrel-macos-x86_64