CRAN Package Check Results for Package rdflib

Last updated on 2018-11-12 22:51:32 CET.

Flavor Version Tinstall Tcheck Ttotal Status Flags
r-devel-linux-x86_64-debian-clang 0.1.0 3.11 57.56 60.67 OK
r-devel-linux-x86_64-debian-gcc 0.1.0 2.46 44.61 47.07 OK
r-devel-linux-x86_64-fedora-clang 0.1.0 72.49 OK
r-devel-linux-x86_64-fedora-gcc 0.1.0 70.05 OK
r-devel-windows-ix86+x86_64 0.1.0 7.00 133.00 140.00 OK
r-patched-linux-x86_64 0.1.0 2.70 49.84 52.54 OK
r-release-linux-x86_64 0.1.0 1.93 50.28 52.21 OK
r-release-windows-ix86+x86_64 0.1.0 15.00 95.00 110.00 OK
r-release-osx-x86_64 0.1.0 WARN
r-oldrel-windows-ix86+x86_64 0.1.0 4.00 7.00 11.00 ERROR
r-oldrel-osx-x86_64 0.1.0 WARN

Check Details

Version: 0.1.0
Check: re-building of vignette outputs
Result: WARN
    Error in re-building vignettes:
     ...
    Warning in engine$weave(file, quiet = quiet, encoding = enc) :
     Pandoc (>= 1.12.3) and/or pandoc-citeproc not available. Falling back to R Markdown v1.
    ── Attaching packages ────────────────────────────────── tidyverse 1.2.1 ──
    ✔ ggplot2 2.2.1 ✔ purrr 0.2.4
    ✔ tibble 1.4.2 ✔ dplyr 0.7.4
    ✔ tidyr 0.8.0 ✔ stringr 1.3.0
    ✔ readr 1.1.1 ✔ forcats 0.3.0
    ── Conflicts ───────────────────────────────────── tidyverse_conflicts() ──
    ✖ dplyr::filter() masks stats::filter()
    ✖ dplyr::lag() masks stats::lag()
    
    Attaching package: 'jsonlite'
    
    The following object is masked from 'package:purrr':
    
     flatten
    
    Joining, by = "carrier"
    Warning in engine$weave(file, quiet = quiet, encoding = enc) :
     Pandoc (>= 1.12.3) and/or pandoc-citeproc not available. Falling back to R Markdown v1.
    Quitting from lines 39-40 (rdf_intro.Rmd)
    Error: processing vignette 'rdf_intro.Rmd' failed with diagnostics:
    cannot open the connection
    Execution halted
Flavors: r-release-osx-x86_64, r-oldrel-osx-x86_64

Version: 0.1.0
Check: whether package can be installed
Result: ERROR
    Installation failed.
Flavor: r-oldrel-windows-ix86+x86_64