CRAN Package Check Results for Package rdflib

Last updated on 2019-04-22 18:47:20 CEST.

Flavor Version Tinstall Tcheck Ttotal Status Flags
r-devel-linux-x86_64-debian-clang 0.2.2 7.23 71.01 78.24 OK
r-devel-linux-x86_64-debian-gcc 0.2.2 5.89 53.61 59.50 OK
r-devel-linux-x86_64-fedora-clang 0.2.2 73.19 OK
r-devel-linux-x86_64-fedora-gcc 0.2.2 66.91 OK
r-devel-windows-ix86+x86_64 0.2.2 21.00 85.00 106.00 OK
r-patched-linux-x86_64 0.2.2 7.44 69.10 76.54 OK
r-patched-solaris-x86 0.2.2 107.50 WARN
r-release-linux-x86_64 0.2.2 4.30 67.58 71.88 OK
r-release-windows-ix86+x86_64 0.2.2 9.00 130.00 139.00 OK
r-release-osx-x86_64 0.2.2 WARN
r-oldrel-windows-ix86+x86_64 0.2.2 13.00 127.00 140.00 OK
r-oldrel-osx-x86_64 0.2.2 WARN

Check Details

Version: 0.2.2
Check: re-building of vignette outputs
Result: WARN
    Error(s) in re-building vignettes:
     ...
    --- re-building ‘rdf_intro.Rmd’ using rmarkdown
    Warning in engine$weave(file, quiet = quiet, encoding = enc) :
     Pandoc (>= 1.12.3) and/or pandoc-citeproc not available. Falling back to R Markdown v1.
    
    Attaching package: 'dplyr'
    
    The following objects are masked from 'package:stats':
    
     filter, lag
    
    The following objects are masked from 'package:base':
    
     intersect, setdiff, setequal, union
    
    Quitting from lines 41-42 (rdf_intro.Rmd)
    Error: processing vignette 'rdf_intro.Rmd' failed with diagnostics:
    there is no package called 'webshot'
    --- failed re-building ‘rdf_intro.Rmd’
    
    SUMMARY: processing the following file failed:
     ‘rdf_intro.Rmd’
    
    Error: Vignette re-building failed.
    Execution halted
Flavor: r-patched-solaris-x86

Version: 0.2.2
Check: re-building of vignette outputs
Result: WARN
    Error in re-building vignettes:
     ...
    Warning in engine$weave(file, quiet = quiet, encoding = enc) :
     Pandoc (>= 1.12.3) and/or pandoc-citeproc not available. Falling back to R Markdown v1.
    
    Attaching package: 'dplyr'
    
    The following objects are masked from 'package:stats':
    
     filter, lag
    
    The following objects are masked from 'package:base':
    
     intersect, setdiff, setequal, union
    
    Quitting from lines 41-42 (rdf_intro.Rmd)
    Error: processing vignette 'rdf_intro.Rmd' failed with diagnostics:
    cannot open the connection
    Execution halted
Flavors: r-release-osx-x86_64, r-oldrel-osx-x86_64