CRAN Package Check Results for Package rdfp

Last updated on 2024-02-26 02:51:35 CET.

Flavor Version Tinstall Tcheck Ttotal Status Flags
r-devel-linux-x86_64-debian-clang 0.1.4 14.16 124.56 138.72 NOTE
r-devel-linux-x86_64-debian-gcc 0.1.4 10.15 92.20 102.35 NOTE
r-devel-linux-x86_64-fedora-clang 0.1.4 164.16 NOTE
r-devel-linux-x86_64-fedora-gcc 0.1.4 180.61 NOTE
r-devel-windows-x86_64 0.1.4 12.00 150.00 162.00 NOTE
r-patched-linux-x86_64 0.1.4 21.70 116.73 138.43 NOTE
r-release-linux-x86_64 0.1.4 7.69 117.41 125.10 NOTE
r-release-macos-arm64 0.1.4 55.00 NOTE
r-release-macos-x86_64 0.1.4 93.00 NOTE
r-release-windows-x86_64 0.1.4 15.00 169.00 184.00 NOTE
r-oldrel-macos-arm64 0.1.4 48.00 NOTE
r-oldrel-windows-x86_64 0.1.4 18.00 142.00 160.00 NOTE

Check Details

Version: 0.1.4
Check: LazyData
Result: NOTE 'LazyData' is specified without a 'data' directory Flavors: r-devel-linux-x86_64-debian-clang, r-devel-linux-x86_64-debian-gcc, r-devel-linux-x86_64-fedora-clang, r-devel-linux-x86_64-fedora-gcc, r-devel-windows-x86_64, r-patched-linux-x86_64, r-release-linux-x86_64, r-release-macos-arm64, r-release-macos-x86_64, r-release-windows-x86_64, r-oldrel-macos-arm64, r-oldrel-windows-x86_64