CRAN Package Check Results for Package rdist

Last updated on 2022-10-08 00:50:05 CEST.

Flavor Version Tinstall Tcheck Ttotal Status Flags
r-devel-linux-x86_64-debian-clang 0.0.5 143.70 33.99 177.69 NOTE
r-devel-linux-x86_64-debian-gcc 0.0.5 116.31 26.31 142.62 NOTE
r-devel-linux-x86_64-fedora-clang 0.0.5 291.76 NOTE
r-devel-linux-x86_64-fedora-gcc 0.0.5 250.15 NOTE
r-devel-windows-x86_64 0.0.5 109.00 79.00 188.00 NOTE
r-patched-linux-x86_64 0.0.5 122.65 32.68 155.33 NOTE
r-release-linux-x86_64 0.0.5 120.48 32.83 153.31 NOTE
r-release-macos-arm64 0.0.5 56.00 NOTE
r-release-macos-x86_64 0.0.5 80.00 NOTE
r-release-windows-x86_64 0.0.5 111.00 78.00 189.00 NOTE
r-oldrel-macos-arm64 0.0.5 60.00 NOTE
r-oldrel-macos-x86_64 0.0.5 118.00 NOTE
r-oldrel-windows-ix86+x86_64 0.0.5 368.00 84.00 452.00 NOTE

Check Details

Version: 0.0.5
Check: LazyData
Result: NOTE
     'LazyData' is specified without a 'data' directory
Flavors: r-devel-linux-x86_64-debian-clang, r-devel-linux-x86_64-debian-gcc, r-devel-linux-x86_64-fedora-clang, r-devel-linux-x86_64-fedora-gcc, r-devel-windows-x86_64, r-patched-linux-x86_64, r-release-linux-x86_64, r-release-macos-arm64, r-release-macos-x86_64, r-release-windows-x86_64, r-oldrel-macos-arm64, r-oldrel-macos-x86_64, r-oldrel-windows-ix86+x86_64

Version: 0.0.5
Check: compilation flags used
Result: NOTE
    Compilation used the following non-portable flag(s):
     ‘-Wstrict-prototypes’
Flavor: r-devel-linux-x86_64-debian-gcc