CRAN Package Check Results for Package rdryad

Last updated on 2015-04-26 19:47:28.

Flavor Version Tinstall Tcheck Ttotal Status Flags
r-devel-linux-x86_64-debian-clang 0.1.1 1.63 19.73 21.36 NOTE
r-devel-linux-x86_64-debian-gcc 0.1.1 1.48 19.58 21.07 NOTE
r-devel-linux-x86_64-fedora-clang 0.1.1 44.12 NOTE
r-devel-linux-x86_64-fedora-gcc 0.1.1 40.47 NOTE
r-devel-osx-x86_64-clang 0.1.1 40.02 NOTE
r-devel-windows-ix86+x86_64 0.1.1 6.00 34.00 40.00 NOTE
r-patched-linux-x86_64 0.1.1 1.50 19.71 21.21 NOTE
r-patched-solaris-sparc 0.1.1 250.50 NOTE
r-patched-solaris-x86 0.1.1 62.30 NOTE
r-release-linux-x86_64 0.1.1 1.54 19.32 20.85 NOTE
r-release-osx-x86_64-mavericks 0.1.1 NOTE
r-release-osx-x86_64-snowleopard 0.1.1 ERROR
r-release-windows-ix86+x86_64 0.1.1 6.00 36.00 42.00 NOTE
r-oldrel-windows-ix86+x86_64 0.1.1 9.00 53.00 62.00 OK

Check Details

Version: 0.1.1
Check: DESCRIPTION meta-information
Result: NOTE
    Malformed Title field: should not end in a period.
    Malformed Description field: should contain one or more complete sentences.
Flavors: r-devel-linux-x86_64-debian-clang, r-devel-linux-x86_64-fedora-clang, r-devel-linux-x86_64-fedora-gcc, r-devel-osx-x86_64-clang, r-devel-windows-ix86+x86_64, r-patched-solaris-sparc, r-patched-solaris-x86, r-release-osx-x86_64-mavericks, r-release-windows-ix86+x86_64

Version: 0.1.1
Check: package dependencies
Result: ERROR
    Packages required but not available: ‘XML’ ‘OAIHarvester’
    
    See section ‘The DESCRIPTION file’ in the ‘Writing R Extensions’
    manual.
Flavor: r-release-osx-x86_64-snowleopard