CRAN Package Check Results for Package rdryad

Last updated on 2014-04-24 21:47:48.

Flavor Version Tinstall Tcheck Ttotal Status Flags
r-devel-linux-x86_64-debian-clang 0.1.1 2.69 28.52 31.20 OK
r-devel-linux-x86_64-debian-gcc 0.1.1 2.55 27.91 30.46 OK
r-devel-linux-x86_64-fedora-clang 0.1.1 62.28 OK
r-devel-linux-x86_64-fedora-gcc 0.1.1 60.37 OK
r-devel-osx-x86_64-clang 0.1.1 59.43 OK
r-devel-osx-x86_64-gcc 0.1.1 ERROR
r-devel-windows-ix86+x86_64 0.1.1 8.00 43.00 51.00 OK
r-patched-linux-x86_64 0.1.1 2.42 28.44 30.86 OK
r-patched-solaris-sparc 0.1.1 336.70 OK
r-patched-solaris-x86 0.1.1 81.10 OK
r-release-linux-ix86 0.1.1 4.00 50.00 54.00 OK
r-release-linux-x86_64 0.1.1 2.41 28.11 30.52 OK
r-release-osx-x86_64-mavericks 0.1.1 OK
r-release-osx-x86_64-snowleopard 0.1.1 OK
r-release-windows-ix86+x86_64 0.1.1 7.00 40.00 47.00 OK
r-oldrel-windows-ix86+x86_64 0.1.1 8.00 43.00 51.00 OK

Check Details

Version: 0.1.1
Check: package dependencies
Result: ERROR
    Packages required but not available: ‘XML’ ‘OAIHarvester’
    
    See the information on DESCRIPTION files in the chapter ‘Creating R
    packages’ of the ‘Writing R Extensions’ manual.
Flavor: r-devel-osx-x86_64-gcc