CRAN Package Check Results for Package rdryad

Last updated on 2015-05-23 08:47:11.

Flavor Version Tinstall Tcheck Ttotal Status Flags
r-devel-linux-x86_64-debian-clang 0.1.1 1.60 20.32 21.92 NOTE
r-devel-linux-x86_64-debian-gcc 0.1.1 1.51 20.24 21.76 NOTE
r-devel-linux-x86_64-fedora-clang 0.1.1 45.39 NOTE
r-devel-linux-x86_64-fedora-gcc 0.1.1 41.79 NOTE
r-devel-osx-x86_64-clang 0.1.1 40.63 NOTE
r-devel-windows-ix86+x86_64 0.1.1 6.00 36.00 42.00 NOTE
r-patched-linux-x86_64 0.1.1 1.52 20.29 21.81 NOTE
r-patched-solaris-sparc 0.1.1 272.40 NOTE
r-patched-solaris-x86 0.1.1 67.10 NOTE
r-release-linux-x86_64 0.1.1 1.52 20.02 21.53 NOTE
r-release-osx-x86_64-mavericks 0.1.1 NOTE
r-release-osx-x86_64-snowleopard 0.1.1 ERROR
r-release-windows-ix86+x86_64 0.1.1 5.00 34.00 39.00 NOTE
r-oldrel-windows-ix86+x86_64 0.1.1 12.00 54.00 66.00 OK

Check Details

Version: 0.1.1
Check: DESCRIPTION meta-information
Result: NOTE
    Malformed Title field: should not end in a period.
    Malformed Description field: should contain one or more complete sentences.
Flavors: r-devel-linux-x86_64-debian-clang, r-devel-linux-x86_64-debian-gcc, r-devel-linux-x86_64-fedora-clang, r-devel-linux-x86_64-fedora-gcc, r-devel-osx-x86_64-clang, r-devel-windows-ix86+x86_64, r-patched-linux-x86_64, r-patched-solaris-sparc, r-patched-solaris-x86, r-release-linux-x86_64, r-release-osx-x86_64-mavericks, r-release-windows-ix86+x86_64

Version: 0.1.1
Check: package dependencies
Result: ERROR
    Packages required but not available: ‘XML’ ‘OAIHarvester’
    
    See section ‘The DESCRIPTION file’ in the ‘Writing R Extensions’
    manual.
Flavor: r-release-osx-x86_64-snowleopard