CRAN Package Check Results for Package rdryad

Last updated on 2015-08-05 11:48:12.

Flavor Version Tinstall Tcheck Ttotal Status Flags
r-devel-linux-x86_64-debian-clang 0.1.1 2.00 20.37 22.37 NOTE
r-devel-linux-x86_64-debian-gcc 0.1.1 1.53 19.88 21.41 NOTE
r-devel-linux-x86_64-fedora-clang 0.1.1 45.16 NOTE
r-devel-linux-x86_64-fedora-gcc 0.1.1 42.54 NOTE
r-devel-osx-x86_64-clang 0.1.1 37.15 NOTE
r-devel-windows-ix86+x86_64 0.1.1 8.00 67.00 75.00 NOTE
r-patched-linux-x86_64 0.1.1 1.62 19.76 21.38 NOTE
r-patched-solaris-sparc 0.1.1 283.20 NOTE
r-patched-solaris-x86 0.1.1 67.50 NOTE
r-release-linux-x86_64 0.1.1 1.65 19.69 21.34 NOTE
r-release-osx-x86_64-mavericks 0.1.1 NOTE
r-release-windows-ix86+x86_64 0.1.1 7.00 59.00 66.00 NOTE
r-oldrel-windows-ix86+x86_64 0.1.1 16.00 77.00 93.00 OK

Check Details

Version: 0.1.1
Check: DESCRIPTION meta-information
Result: NOTE
    Malformed Title field: should not end in a period.
    Malformed Description field: should contain one or more complete sentences.
Flavors: r-devel-linux-x86_64-debian-clang, r-devel-linux-x86_64-debian-gcc, r-devel-linux-x86_64-fedora-clang, r-devel-linux-x86_64-fedora-gcc, r-devel-osx-x86_64-clang, r-devel-windows-ix86+x86_64, r-patched-linux-x86_64, r-patched-solaris-sparc, r-patched-solaris-x86, r-release-linux-x86_64, r-release-osx-x86_64-mavericks, r-release-windows-ix86+x86_64

Version: 0.1.1
Check: R code for possible problems
Result: NOTE
    dryad_getfile: no visible global function definition for ‘read.table’
    dryad_getfile: no visible global function definition for ‘read.csv’
    dryad_getfile: no visible binding for global variable ‘end’
    getalldryad_metadata: no visible global function definition for
     ‘write.csv’
    search_dryad: no visible global function definition for ‘read.csv’
    Undefined global functions or variables:
     end read.csv read.table write.csv
    Consider adding
     importFrom("stats", "end")
     importFrom("utils", "read.csv", "read.table", "write.csv")
    to your NAMESPACE.
Flavors: r-devel-linux-x86_64-debian-clang, r-devel-linux-x86_64-debian-gcc, r-devel-linux-x86_64-fedora-clang, r-devel-linux-x86_64-fedora-gcc, r-devel-windows-ix86+x86_64