CRAN Package Check Results for Package rdryad

Last updated on 2015-02-27 23:47:59.

Flavor Version Tinstall Tcheck Ttotal Status Flags
r-devel-linux-x86_64-debian-clang 0.1.1 1.65 19.87 21.52 NOTE
r-devel-linux-x86_64-debian-gcc 0.1.1 1.50 19.56 21.06 NOTE
r-devel-linux-x86_64-fedora-clang 0.1.1 44.53 NOTE
r-devel-linux-x86_64-fedora-gcc 0.1.1 43.00 NOTE
r-devel-osx-x86_64-clang 0.1.1 43.36 NOTE
r-devel-windows-ix86+x86_64 0.1.1 8.00 32.00 40.00 NOTE
r-patched-linux-x86_64 0.1.1 2.28 29.21 31.50 OK
r-patched-solaris-sparc 0.1.1 346.60 OK
r-release-linux-ix86 0.1.1 2.90 35.61 38.50 OK
r-release-linux-x86_64 0.1.1 3.08 29.48 32.56 OK
r-release-osx-x86_64-mavericks 0.1.1 OK
r-release-osx-x86_64-snowleopard 0.1.1 OK
r-release-windows-ix86+x86_64 0.1.1 8.00 49.00 57.00 OK
r-oldrel-windows-ix86+x86_64 0.1.1 9.00 46.00 55.00 OK

Check Details

Version: 0.1.1
Check: DESCRIPTION meta-information
Result: NOTE
    Malformed Title field: should not end in a period.
    Malformed Description field: should contain one or more complete sentences.
Flavors: r-devel-linux-x86_64-debian-clang, r-devel-linux-x86_64-debian-gcc, r-devel-linux-x86_64-fedora-clang, r-devel-linux-x86_64-fedora-gcc, r-devel-osx-x86_64-clang, r-devel-windows-ix86+x86_64