CRAN Package Check Results for Package rdyncall

Last updated on 2014-04-25 05:47:23.

Flavor Version Tinstall Tcheck Ttotal Status Flags
r-devel-linux-x86_64-debian-clang 0.7.5 3.01 18.19 21.20 NOTE
r-devel-linux-x86_64-debian-gcc 0.7.5 3.25 17.26 20.52 NOTE
r-devel-linux-x86_64-fedora-clang 0.7.5 37.50 NOTE
r-devel-linux-x86_64-fedora-gcc 0.7.5 36.91 NOTE
r-devel-osx-x86_64-clang 0.7.5 30.73 NOTE
r-devel-osx-x86_64-gcc 0.7.5 NOTE
r-devel-windows-ix86+x86_64 0.7.5 22.00 22.00 44.00 NOTE
r-patched-linux-x86_64 0.7.5 3.08 17.40 20.48 NOTE
r-patched-solaris-sparc 0.7.5 178.20 NOTE
r-patched-solaris-x86 0.7.5 47.00 NOTE
r-release-linux-ix86 0.7.5 6.00 37.00 43.00 NOTE
r-release-linux-x86_64 0.7.5 3.04 17.87 20.91 NOTE
r-release-osx-x86_64-mavericks 0.7.5 NOTE
r-release-windows-ix86+x86_64 0.7.5 59.00 29.00 88.00 NOTE
r-oldrel-windows-ix86+x86_64 0.7.5 21.00 38.00 59.00 NOTE

Check Details

Version: 0.7.5
Check: DESCRIPTION meta-information
Result: NOTE
    Deprecated license: BSD
Flavors: r-devel-linux-x86_64-debian-clang, r-devel-linux-x86_64-debian-gcc, r-devel-linux-x86_64-fedora-clang, r-devel-linux-x86_64-fedora-gcc, r-devel-osx-x86_64-clang, r-devel-osx-x86_64-gcc, r-patched-linux-x86_64, r-patched-solaris-sparc, r-patched-solaris-x86, r-release-linux-ix86, r-release-linux-x86_64, r-release-osx-x86_64-mavericks

Version: 0.7.5
Check: top-level files
Result: NOTE
    File
     LICENSE
    is not mentioned in the DESCRIPTION file.
Flavors: r-devel-linux-x86_64-debian-clang, r-devel-linux-x86_64-debian-gcc, r-devel-osx-x86_64-clang, r-devel-osx-x86_64-gcc, r-devel-windows-ix86+x86_64, r-patched-linux-x86_64, r-patched-solaris-sparc, r-patched-solaris-x86, r-release-linux-ix86, r-release-linux-x86_64, r-release-osx-x86_64-mavericks, r-release-windows-ix86+x86_64, r-oldrel-windows-ix86+x86_64

Version: 0.7.5
Check: for old-style vignette sources
Result: NOTE
    Vignette sources only in ‘inst/doc’:
     ‘FLI.Rnw’
    A ‘vignettes’ directory is required as from R 3.1.0
    and these will not be indexed nor checked
Flavors: r-devel-linux-x86_64-debian-clang, r-devel-linux-x86_64-debian-gcc, r-devel-linux-x86_64-fedora-clang, r-devel-linux-x86_64-fedora-gcc, r-devel-osx-x86_64-clang, r-devel-osx-x86_64-gcc, r-patched-linux-x86_64, r-patched-solaris-sparc, r-patched-solaris-x86, r-release-linux-ix86, r-release-linux-x86_64, r-release-osx-x86_64-mavericks

Version: 0.7.5
Check: top-level files
Result: NOTE
    File
     LICENSE
    is not mentioned in the DESCRIPTION file.
    Non-standard files/directories found at top level:
     ‘ANNOUNCEMENT.txt’ ‘README.txt’ ‘bootstrap’
Flavors: r-devel-linux-x86_64-fedora-clang, r-devel-linux-x86_64-fedora-gcc

Version: 0.7.5
Check: for old-style vignette sources
Result: NOTE
    Vignette sources only in 'inst/doc':
     'FLI.Rnw'
    A 'vignettes' directory is required as from R 3.1.0
    and these will not be indexed nor checked
    * checking examples ...
Flavors: r-devel-windows-ix86+x86_64, r-release-windows-ix86+x86_64

Version: 0.7.5
Check: for old-style vignette sources
Result: NOTE
    Vignette sources only in 'inst/doc':
     'FLI.Rnw'
    A 'vignettes' directory will be required as from R 3.1.0
    * checking examples ...
Flavor: r-oldrel-windows-ix86+x86_64