CRAN Package Check Results for Package rdyncall

Last updated on 2014-07-25 12:47:37.

Flavor Version Tinstall Tcheck Ttotal Status Flags
r-devel-linux-x86_64-debian-clang 0.7.5 2.82 13.96 16.78 NOTE
r-devel-linux-x86_64-debian-gcc 0.7.5 2.89 13.98 16.87 NOTE
r-devel-linux-x86_64-fedora-clang 0.7.5 34.22 NOTE
r-devel-linux-x86_64-fedora-gcc 0.7.5 34.05 NOTE
r-devel-osx-x86_64-clang 0.7.5 32.76 NOTE
r-devel-windows-ix86+x86_64 0.7.5 23.00 24.00 47.00 NOTE
r-patched-linux-x86_64 0.7.5 3.36 13.86 17.22 NOTE
r-patched-solaris-sparc 0.7.5 178.20 NOTE
r-patched-solaris-x86 0.7.5 47.80 NOTE
r-release-linux-ix86 0.7.5 4.60 22.55 27.14 NOTE
r-release-linux-x86_64 0.7.5 3.04 14.05 17.09 NOTE
r-release-osx-x86_64-mavericks 0.7.5 NOTE
r-release-windows-ix86+x86_64 0.7.5 34.00 35.00 69.00 NOTE
r-oldrel-windows-ix86+x86_64 0.7.5 21.00 38.00 59.00 NOTE

Check Details

Version: 0.7.5
Check: DESCRIPTION meta-information
Result: NOTE
    Deprecated license: BSD
Flavors: r-devel-linux-x86_64-debian-clang, r-devel-linux-x86_64-debian-gcc, r-devel-linux-x86_64-fedora-clang, r-devel-linux-x86_64-fedora-gcc, r-devel-osx-x86_64-clang, r-patched-linux-x86_64, r-patched-solaris-sparc, r-patched-solaris-x86, r-release-linux-ix86, r-release-linux-x86_64, r-release-osx-x86_64-mavericks

Version: 0.7.5
Check: top-level files
Result: NOTE
    File
     LICENSE
    is not mentioned in the DESCRIPTION file.
Flavors: r-devel-linux-x86_64-debian-clang, r-devel-linux-x86_64-debian-gcc, r-devel-osx-x86_64-clang, r-devel-windows-ix86+x86_64, r-patched-linux-x86_64, r-patched-solaris-sparc, r-patched-solaris-x86, r-release-linux-ix86, r-release-linux-x86_64, r-release-osx-x86_64-mavericks, r-release-windows-ix86+x86_64, r-oldrel-windows-ix86+x86_64

Version: 0.7.5
Check: for old-style vignette sources
Result: NOTE
    Vignette sources only in ‘inst/doc’:
     ‘FLI.Rnw’
    A ‘vignettes’ directory is required as from R 3.1.0
    and these will not be indexed nor checked
Flavors: r-devel-linux-x86_64-debian-clang, r-devel-linux-x86_64-debian-gcc, r-devel-linux-x86_64-fedora-clang, r-devel-linux-x86_64-fedora-gcc, r-devel-osx-x86_64-clang, r-patched-linux-x86_64, r-patched-solaris-sparc, r-patched-solaris-x86, r-release-linux-ix86, r-release-linux-x86_64, r-release-osx-x86_64-mavericks

Version: 0.7.5
Check: top-level files
Result: NOTE
    File
     LICENSE
    is not mentioned in the DESCRIPTION file.
    Non-standard files/directories found at top level:
     ‘ANNOUNCEMENT.txt’ ‘README.txt’ ‘bootstrap’
Flavors: r-devel-linux-x86_64-fedora-clang, r-devel-linux-x86_64-fedora-gcc

Version: 0.7.5
Check: for old-style vignette sources
Result: NOTE
    Vignette sources only in 'inst/doc':
     'FLI.Rnw'
    A 'vignettes' directory is required as from R 3.1.0
    and these will not be indexed nor checked
    * checking examples ...
Flavors: r-devel-windows-ix86+x86_64, r-release-windows-ix86+x86_64

Version: 0.7.5
Check: for old-style vignette sources
Result: NOTE
    Vignette sources only in 'inst/doc':
     'FLI.Rnw'
    A 'vignettes' directory will be required as from R 3.1.0
    * checking examples ...
Flavor: r-oldrel-windows-ix86+x86_64