CRAN Package Check Results for Package reactR

Last updated on 2023-02-05 20:53:13 CET.

Flavor Version Tinstall Tcheck Ttotal Status Flags
r-devel-linux-x86_64-debian-clang 0.4.4 3.09 37.78 40.87 NOTE
r-devel-linux-x86_64-debian-gcc 0.4.4 2.13 28.86 30.99 NOTE
r-devel-linux-x86_64-fedora-clang 0.4.4 50.96 NOTE
r-devel-linux-x86_64-fedora-gcc 0.4.4 60.74 NOTE
r-devel-windows-x86_64 0.4.4 20.00 81.00 101.00 NOTE
r-patched-linux-x86_64 0.4.4 2.81 37.32 40.13 NOTE
r-release-linux-x86_64 0.4.4 3.02 34.66 37.68 NOTE
r-release-macos-arm64 0.4.4 22.00 NOTE
r-release-macos-x86_64 0.4.4 29.00 NOTE
r-release-windows-x86_64 0.4.4 27.00 87.00 114.00 NOTE
r-oldrel-macos-arm64 0.4.4 23.00 NOTE
r-oldrel-macos-x86_64 0.4.4 35.00 NOTE
r-oldrel-windows-ix86+x86_64 0.4.4 7.00 65.00 72.00 NOTE

Check Details

Version: 0.4.4
Check: LazyData
Result: NOTE
     'LazyData' is specified without a 'data' directory
Flavors: r-devel-linux-x86_64-debian-clang, r-devel-linux-x86_64-debian-gcc, r-devel-linux-x86_64-fedora-clang, r-devel-linux-x86_64-fedora-gcc, r-devel-windows-x86_64, r-patched-linux-x86_64, r-release-linux-x86_64, r-release-macos-arm64, r-release-macos-x86_64, r-release-windows-x86_64, r-oldrel-macos-arm64, r-oldrel-macos-x86_64, r-oldrel-windows-ix86+x86_64