CRAN Package Check Results for Package reactable

Last updated on 2020-09-24 04:57:29 CEST.

Flavor Version Tinstall Tcheck Ttotal Status Flags
r-devel-linux-x86_64-debian-clang 0.2.2 3.79 36.14 39.93 WARN
r-devel-linux-x86_64-debian-gcc 0.2.2 2.52 28.24 30.76 OK
r-devel-linux-x86_64-fedora-clang 0.2.2 59.30 OK
r-devel-linux-x86_64-fedora-gcc 0.2.2 46.51 OK
r-devel-windows-ix86+x86_64 0.2.2 7.00 58.00 65.00 OK
r-patched-linux-x86_64 0.2.2 3.55 35.25 38.80 OK
r-patched-solaris-x86 0.2.2 66.60 OK
r-release-linux-x86_64 0.2.2 3.75 34.66 38.41 OK
r-release-macos-x86_64 0.2.2 OK
r-release-windows-ix86+x86_64 0.2.2 7.00 45.00 52.00 OK
r-oldrel-macos-x86_64 0.2.2 OK
r-oldrel-windows-ix86+x86_64 0.2.2 5.00 41.00 46.00 OK

Check Details

Version: 0.2.2
Check: for code/documentation mismatches
Result: WARN
    Codoc mismatches from documentation object 'reactableLang':
    reactableLang
     Code: function(sortLabel = "Sort {name}", filterPlaceholder = "",
     filterLabel = "Filter {name}", searchPlaceholder =
     "Search", searchLabel = "Search", noData = "No rows
     found", pageNext = "Next", pagePrevious = "Previous",
     pageNumbers = "{page} of {pages}", pageInfo =
     "{rowStart}<U+2013>{rowEnd} of {rows} rows",
     pageSizeOptions = "Show {rows}", pageNextLabel = "Next
     page", pagePreviousLabel = "Previous page",
     pageNumberLabel = "Page {page}", pageJumpLabel = "Go
     to page", pageSizeOptionsLabel = "Rows per page",
     defaultGroupHeader = "Grouped", detailsExpandLabel =
     "Expand details", detailsCollapseLabel = "Collapse
     details", selectAllRowsLabel = "Select all rows",
     deselectAllRowsLabel = "Deselect all rows",
     selectAllSubRowsLabel = "Select all rows in group",
     deselectAllSubRowsLabel = "Deselect all rows in
     group", selectRowLabel = "Select row",
     deselectRowLabel = "Deselect row")
     Docs: function(sortLabel = "Sort {name}", filterPlaceholder = "",
     filterLabel = "Filter {name}", searchPlaceholder =
     "Search", searchLabel = "Search", noData = "No rows
     found", pageNext = "Next", pagePrevious = "Previous",
     pageNumbers = "{page} of {pages}", pageInfo =
     "{rowStart}<U+2013>{rowEnd} of {rows} rows",
     pageSizeOptions = "Show {rows}", pageNextLabel = "Next
     page", pagePreviousLabel = "Previous page",
     pageNumberLabel = "Page {page}", pageJumpLabel = "Go
     to page", pageSizeOptionsLabel = "Rows per page",
     defaultGroupHeader = "Grouped", detailsExpandLabel =
     "Expand details", detailsCollapseLabel = "Collapse
     details", selectAllRowsLabel = "Select all rows",
     deselectAllRowsLabel = "Deselect all rows",
     selectAllSubRowsLabel = "Select all rows in group",
     deselectAllSubRowsLabel = "Deselect all rows in
     group", selectRowLabel = "Select row",
     deselectRowLabel = "Deselect row")
     Mismatches in argument default values:
     Name: 'pageInfo' Code: "{rowStart}<U+2013>{rowEnd} of {rows} rows" Docs: "{rowStart}<U+2013>{rowEnd} of {rows} rows"
Flavor: r-devel-linux-x86_64-debian-clang