CRAN Package Check Results for Package read.dbc

Last updated on 2022-01-26 21:50:19 CET.

Flavor Version Tinstall Tcheck Ttotal Status Flags
r-devel-linux-x86_64-debian-clang 1.0.5 2.58 28.65 31.23 NOTE
r-devel-linux-x86_64-debian-gcc 1.0.5 2.02 22.29 24.31 NOTE
r-devel-linux-x86_64-fedora-clang 1.0.5 38.95 NOTE
r-devel-linux-x86_64-fedora-gcc 1.0.5 27.42 NOTE
r-devel-windows-x86_64-new-UL 1.0.5 21.00 50.00 71.00 NOTE
r-devel-windows-x86_64-new-TK 1.0.5 NOTE
r-patched-linux-x86_64 1.0.5 2.12 27.28 29.40 NOTE
r-release-linux-x86_64 1.0.5 2.33 27.09 29.42 NOTE
r-release-macos-arm64 1.0.5 NOTE
r-release-macos-x86_64 1.0.5 NOTE
r-release-windows-ix86+x86_64 1.0.5 7.00 42.00 49.00 NOTE
r-oldrel-macos-x86_64 1.0.5 OK
r-oldrel-windows-ix86+x86_64 1.0.5 8.00 43.00 51.00 OK

Check Details

Version: 1.0.5
Check: LazyData
Result: NOTE
     'LazyData' is specified without a 'data' directory
Flavors: r-devel-linux-x86_64-debian-clang, r-devel-linux-x86_64-debian-gcc, r-devel-linux-x86_64-fedora-clang, r-devel-linux-x86_64-fedora-gcc, r-devel-windows-x86_64-new-UL, r-devel-windows-x86_64-new-TK, r-patched-linux-x86_64, r-release-linux-x86_64, r-release-macos-arm64, r-release-macos-x86_64, r-release-windows-ix86+x86_64

Version: 1.0.5
Check: compiled code
Result: NOTE
    File ‘read.dbc/libs/read.dbc.so’:
     Found no calls to: ‘R_registerRoutines’, ‘R_useDynamicSymbols’
    
    It is good practice to register native routines and to disable symbol
    search.
    
    See ‘Writing portable packages’ in the ‘Writing R Extensions’ manual.
Flavors: r-devel-linux-x86_64-fedora-clang, r-devel-linux-x86_64-fedora-gcc