CRAN Package Check Results for Package readBrukerFlexData

Last updated on 2014-04-24 19:54:06.

Flavor Version Tinstall Tcheck Ttotal Status Flags
r-devel-linux-x86_64-debian-clang 1.7 0.79 10.98 11.77 OK
r-devel-linux-x86_64-debian-gcc 1.7 0.76 11.10 11.86 OK
r-devel-linux-x86_64-fedora-clang 1.7 22.42 OK
r-devel-linux-x86_64-fedora-gcc 1.7 21.65 OK
r-devel-osx-x86_64-clang 1.7 24.99 OK
r-devel-osx-x86_64-gcc 1.7 NOTE
r-devel-windows-ix86+x86_64 1.7 3.00 17.00 20.00 OK
r-patched-linux-x86_64 1.7 0.77 11.07 11.84 OK
r-patched-solaris-sparc 1.7 130.00 OK
r-patched-solaris-x86 1.7 32.20 OK
r-release-linux-ix86 1.7 2.00 24.00 26.00 OK
r-release-linux-x86_64 1.7 0.78 10.84 11.62 OK
r-release-osx-x86_64-mavericks 1.7 NOTE
r-release-windows-ix86+x86_64 1.7 3.00 19.00 22.00 OK
r-oldrel-windows-ix86+x86_64 1.7 3.00 18.00 21.00 OK

Check Details

Version: 1.7
Check: Rd cross-references
Result: NOTE
    Packages unavailable to check Rd xrefs: ‘readMzXmlData’, ‘MALDIquantForeign’
Flavor: r-devel-osx-x86_64-gcc

Version: 1.7
Check: Rd cross-references
Result: NOTE
    Package unavailable to check Rd xrefs: ‘MALDIquantForeign’
Flavor: r-release-osx-x86_64-mavericks