CRAN Package Check Results for Package readBrukerFlexData

Last updated on 2014-07-25 17:48:07.

Flavor Version Tinstall Tcheck Ttotal Status Flags
r-devel-linux-x86_64-debian-clang 1.7 0.74 10.34 11.09 OK
r-devel-linux-x86_64-debian-gcc 1.7 0.73 10.86 11.59 OK
r-devel-linux-x86_64-fedora-clang 1.7 21.94 OK
r-devel-linux-x86_64-fedora-gcc 1.7 20.14 OK
r-devel-osx-x86_64-clang 1.7 25.89 OK
r-devel-windows-ix86+x86_64 1.7 3.00 20.00 23.00 OK
r-patched-linux-x86_64 1.7 0.79 10.26 11.04 OK
r-patched-solaris-sparc 1.7 130.00 OK
r-patched-solaris-x86 1.7 31.70 OK
r-release-linux-ix86 1.7 1.11 16.84 17.95 OK
r-release-linux-x86_64 1.7 0.75 10.60 11.35 OK
r-release-osx-x86_64-mavericks 1.7 NOTE
r-release-windows-ix86+x86_64 1.7 3.00 19.00 22.00 OK
r-oldrel-windows-ix86+x86_64 1.7 3.00 20.00 23.00 OK

Check Details

Version: 1.7
Check: Rd cross-references
Result: NOTE
    Package unavailable to check Rd xrefs: ‘MALDIquantForeign’
Flavor: r-release-osx-x86_64-mavericks