CRAN Package Check Results for Package readBrukerFlexData

Last updated on 2022-09-29 08:53:38 CEST.

Flavor Version Tinstall Tcheck Ttotal Status Flags
r-devel-linux-x86_64-debian-clang 1.9.0 2.63 29.23 31.86 OK
r-devel-linux-x86_64-debian-gcc 1.9.0 1.59 22.92 24.51 OK
r-devel-linux-x86_64-fedora-clang 1.9.0 52.46 NOTE
r-devel-linux-x86_64-fedora-gcc 1.9.0 48.82 OK
r-devel-windows-x86_64 1.9.0 121.00 69.00 190.00 OK
r-patched-linux-x86_64 1.9.0 2.77 25.91 28.68 OK
r-release-linux-x86_64 1.9.0 2.45 26.76 29.21 OK
r-release-macos-arm64 1.9.0 16.00 OK
r-release-macos-x86_64 1.9.0 23.00 OK
r-release-windows-x86_64 1.9.0 119.00 54.00 173.00 OK
r-oldrel-macos-arm64 1.9.0 16.00 OK
r-oldrel-macos-x86_64 1.9.0 24.00 OK
r-oldrel-windows-ix86+x86_64 1.9.0 7.00 49.00 56.00 OK

Check Details

Version: 1.9.0
Check: Rd cross-references
Result: NOTE
    Undeclared packages ‘readMzXmlData’, ‘MALDIquantForeign’ in Rd xrefs
Flavor: r-devel-linux-x86_64-fedora-clang