CRAN Package Check Results for Package readBrukerFlexData

Last updated on 2015-04-28 16:46:51.

Flavor Version Tinstall Tcheck Ttotal Status Flags
r-devel-linux-x86_64-debian-clang 1.8.2 0.70 10.72 11.42 OK
r-devel-linux-x86_64-debian-gcc 1.8.2 0.68 10.30 10.99 OK
r-devel-linux-x86_64-fedora-clang 1.8.2 21.44 OK
r-devel-linux-x86_64-fedora-gcc 1.8.2 19.15 OK
r-devel-osx-x86_64-clang 1.8.2 24.29 OK
r-devel-windows-ix86+x86_64 1.8.2 4.00 18.00 22.00 OK
r-patched-linux-x86_64 1.8.2 0.75 10.44 11.20 OK
r-patched-solaris-sparc 1.8.2 126.60 OK
r-patched-solaris-x86 1.8.2 31.10 OK
r-release-linux-x86_64 1.8.2 0.70 10.50 11.19 OK
r-release-osx-x86_64-mavericks 1.8.2 OK
r-release-osx-x86_64-snowleopard 1.8.2 NOTE
r-release-windows-ix86+x86_64 1.8.2 2.00 20.00 22.00 OK
r-oldrel-windows-ix86+x86_64 1.8.2 5.00 19.00 24.00 OK

Check Details

Version: 1.8.2
Check: Rd cross-references
Result: NOTE
    Packages unavailable to check Rd xrefs: ‘readMzXmlData’, ‘MALDIquantForeign’
Flavor: r-release-osx-x86_64-snowleopard