CRAN Package Check Results for Package readBrukerFlexData

Last updated on 2015-05-27 06:46:56.

Flavor Version Tinstall Tcheck Ttotal Status Flags
r-devel-linux-x86_64-debian-clang 1.8.2 0.70 10.47 11.17 OK
r-devel-linux-x86_64-debian-gcc 1.8.2 0.71 10.42 11.14 OK
r-devel-linux-x86_64-fedora-clang 1.8.2 21.60 OK
r-devel-linux-x86_64-fedora-gcc 1.8.2 19.93 OK
r-devel-osx-x86_64-clang 1.8.2 24.42 OK
r-devel-windows-ix86+x86_64 1.8.2 5.00 19.00 24.00 OK
r-patched-linux-x86_64 1.8.2 0.69 10.34 11.02 OK
r-patched-solaris-sparc 1.8.2 134.80 OK
r-patched-solaris-x86 1.8.2 31.30 OK
r-release-linux-x86_64 1.8.2 0.74 10.60 11.34 OK
r-release-osx-x86_64-mavericks 1.8.2 OK
r-release-osx-x86_64-snowleopard 1.8.2 NOTE
r-release-windows-ix86+x86_64 1.8.2 2.00 20.00 22.00 OK
r-oldrel-windows-ix86+x86_64 1.8.2 5.00 19.00 24.00 OK

Check Details

Version: 1.8.2
Check: Rd cross-references
Result: NOTE
    Packages unavailable to check Rd xrefs: ‘readMzXmlData’, ‘MALDIquantForeign’
Flavor: r-release-osx-x86_64-snowleopard