CRAN Package Check Results for Package readBrukerFlexData

Last updated on 2014-08-28 03:49:13.

Flavor Version Tinstall Tcheck Ttotal Status Flags
r-devel-linux-x86_64-debian-clang 1.7 0.72 10.28 11.00 NOTE
r-devel-linux-x86_64-debian-gcc 1.7 0.72 9.83 10.54 NOTE
r-devel-linux-x86_64-fedora-clang 1.7 21.24 NOTE
r-devel-linux-x86_64-fedora-gcc 1.7 20.18 NOTE
r-devel-osx-x86_64-clang 1.7 23.72 NOTE
r-devel-windows-ix86+x86_64 1.7 3.00 19.00 22.00 NOTE
r-patched-linux-x86_64 1.7 0.74 10.34 11.08 OK
r-patched-solaris-sparc 1.7 127.20 OK
r-patched-solaris-x86 1.7 32.40 OK
r-release-linux-ix86 1.7 1.10 16.80 17.90 OK
r-release-linux-x86_64 1.7 0.76 10.70 11.46 OK
r-release-osx-x86_64-mavericks 1.7 NOTE
r-release-windows-ix86+x86_64 1.7 3.00 19.00 22.00 OK
r-oldrel-windows-ix86+x86_64 1.7 3.00 18.00 21.00 OK

Check Details

Version: 1.7
Check: R code for possible problems
Result: NOTE
    mqReadBrukerFlex: no visible global function definition for
     ‘createMassSpectrum’
    mqReadBrukerFlex : <anonymous>: no visible global function definition
     for ‘createMassSpectrum’
Flavors: r-devel-linux-x86_64-debian-clang, r-devel-linux-x86_64-debian-gcc, r-devel-linux-x86_64-fedora-clang, r-devel-linux-x86_64-fedora-gcc, r-devel-osx-x86_64-clang, r-devel-windows-ix86+x86_64

Version: 1.7
Check: Rd cross-references
Result: NOTE
    Package unavailable to check Rd xrefs: ‘MALDIquantForeign’
Flavor: r-release-osx-x86_64-mavericks