CRAN Package Check Results for Package readBrukerFlexData

Last updated on 2020-08-07 02:47:02 CEST.

Flavor Version Tinstall Tcheck Ttotal Status Flags
r-devel-linux-x86_64-debian-clang 1.8.5 2.40 21.41 23.81 OK
r-devel-linux-x86_64-debian-gcc 1.8.5 2.04 16.92 18.96 OK
r-devel-linux-x86_64-fedora-clang 1.8.5 37.04 NOTE
r-devel-linux-x86_64-fedora-gcc 1.8.5 27.63 OK
r-devel-windows-ix86+x86_64 1.8.5 10.00 30.00 40.00 OK
r-patched-linux-x86_64 1.8.5 2.21 21.09 23.30 OK
r-patched-solaris-x86 1.8.5 43.30 OK
r-release-linux-x86_64 1.8.5 2.34 21.10 23.44 OK
r-release-macos-x86_64 1.8.5 OK
r-release-windows-ix86+x86_64 1.8.5 7.00 42.00 49.00 OK
r-oldrel-macos-x86_64 1.8.5 OK
r-oldrel-windows-ix86+x86_64 1.8.5 6.00 46.00 52.00 OK

Check Details

Version: 1.8.5
Check: Rd cross-references
Result: NOTE
    Undeclared packages ‘readMzXmlData’, ‘MALDIquantForeign’ in Rd xrefs
Flavor: r-devel-linux-x86_64-fedora-clang