CRAN Package Check Results for Package readMLData

Last updated on 2015-05-06 05:48:00.

Flavor Version Tinstall Tcheck Ttotal Status Flags
r-devel-linux-x86_64-debian-clang 0.9-7 0.96 14.26 15.22 OK
r-devel-linux-x86_64-debian-gcc 0.9-7 0.95 13.63 14.58 OK
r-devel-linux-x86_64-fedora-clang 0.9-7 29.29 OK
r-devel-linux-x86_64-fedora-gcc 0.9-7 27.32 OK
r-devel-osx-x86_64-clang 0.9-7 30.82 OK
r-devel-windows-ix86+x86_64 0.9-7 4.00 24.00 28.00 OK
r-patched-linux-x86_64 0.9-7 0.94 14.03 14.98 OK
r-patched-solaris-sparc 0.9-7 171.60 OK
r-patched-solaris-x86 0.9-7 41.50 OK
r-release-linux-x86_64 0.9-7 0.95 14.61 15.56 OK
r-release-osx-x86_64-mavericks 0.9-7 OK
r-release-osx-x86_64-snowleopard 0.9-7 ERROR
r-release-windows-ix86+x86_64 0.9-7 3.00 24.00 27.00 OK
r-oldrel-windows-ix86+x86_64 0.9-7 4.00 27.00 31.00 OK

Check Details

Version: 0.9-7
Check: package dependencies
Result: ERROR
    Package required but not available: ‘XML’
    
    See section ‘The DESCRIPTION file’ in the ‘Writing R Extensions’
    manual.
Flavor: r-release-osx-x86_64-snowleopard