CRAN Package Check Results for Package readMLData

Last updated on 2014-07-25 14:47:42.

Flavor Version Tinstall Tcheck Ttotal Status Flags
r-devel-linux-x86_64-debian-clang 0.9-6 1.27 15.68 16.96 NOTE
r-devel-linux-x86_64-debian-gcc 0.9-6 1.10 14.76 15.86 NOTE
r-devel-linux-x86_64-fedora-clang 0.9-6 34.68 NOTE
r-devel-linux-x86_64-fedora-gcc 0.9-6 35.22 NOTE
r-devel-osx-x86_64-clang 0.9-6 34.39 NOTE
r-devel-windows-ix86+x86_64 0.9-6 4.00 26.00 30.00 NOTE
r-patched-linux-x86_64 0.9-6 1.18 15.40 16.58 NOTE
r-patched-solaris-sparc 0.9-6 196.30 NOTE
r-patched-solaris-x86 0.9-6 46.70 NOTE
r-release-linux-ix86 0.9-6 1.52 22.00 23.52 NOTE
r-release-linux-x86_64 0.9-6 1.14 15.25 16.39 NOTE
r-release-osx-x86_64-mavericks 0.9-6 NOTE
r-release-osx-x86_64-snowleopard 0.9-6 OK
r-release-windows-ix86+x86_64 0.9-6 5.00 38.00 43.00 NOTE
r-oldrel-windows-ix86+x86_64 0.9-6 4.00 37.00 41.00 NOTE

Check Details

Version: 0.9-6
Check: dependencies in R code
Result: NOTE
    Package in Depends field not imported from: ‘XML’
     These packages need to be imported from (in the NAMESPACE file)
     for when this namespace is loaded but not attached.
    See the information on DESCRIPTION files in the chapter ‘Creating R
    packages’ of the ‘Writing R Extensions’ manual.
Flavors: r-devel-linux-x86_64-debian-clang, r-devel-linux-x86_64-debian-gcc, r-devel-linux-x86_64-fedora-clang, r-devel-linux-x86_64-fedora-gcc, r-devel-osx-x86_64-clang, r-devel-windows-ix86+x86_64, r-patched-linux-x86_64, r-patched-solaris-sparc, r-patched-solaris-x86, r-release-linux-ix86, r-release-linux-x86_64, r-release-osx-x86_64-mavericks, r-release-windows-ix86+x86_64, r-oldrel-windows-ix86+x86_64

Version: 0.9-6
Check: Rd line widths
Result: NOTE
    Rd file 'dsRead.Rd':
     \usage lines wider than 90 characters:
     dsRead(dsList, id, responseName = NULL, originalNames=TRUE, deleteUnused=TRUE, keepContents=FALSE)
    
    These lines will be truncated in the PDF manual.
Flavors: r-devel-linux-x86_64-fedora-clang, r-devel-linux-x86_64-fedora-gcc