CRAN Package Check Results for Package readMLData

Last updated on 2014-04-24 11:48:53.

Flavor Version Tinstall Tcheck Ttotal Status Flags
r-devel-linux-x86_64-debian-clang 0.9-6 1.25 16.10 17.35 NOTE
r-devel-linux-x86_64-debian-gcc 0.9-6 1.17 15.94 17.12 NOTE
r-devel-linux-x86_64-fedora-clang 0.9-6 34.45 NOTE
r-devel-linux-x86_64-fedora-gcc 0.9-6 33.21 NOTE
r-devel-osx-x86_64-clang 0.9-6 33.95 NOTE
r-devel-osx-x86_64-gcc 0.9-6 ERROR
r-devel-windows-ix86+x86_64 0.9-6 4.00 24.00 28.00 NOTE
r-patched-linux-x86_64 0.9-6 1.16 15.78 16.94 NOTE
r-patched-solaris-sparc 0.9-6 196.30 NOTE
r-patched-solaris-x86 0.9-6 47.60 NOTE
r-release-linux-ix86 0.9-6 2.00 30.00 32.00 NOTE
r-release-linux-x86_64 0.9-6 1.28 15.92 17.20 NOTE
r-release-osx-x86_64-mavericks 0.9-6 WARN
r-release-osx-x86_64-snowleopard 0.9-6 OK
r-release-windows-ix86+x86_64 0.9-6 7.00 33.00 40.00 NOTE
r-oldrel-windows-ix86+x86_64 0.9-6 4.00 37.00 41.00 NOTE

Check Details

Version: 0.9-6
Check: dependencies in R code
Result: NOTE
    Package in Depends field not imported from: ‘XML’
     These packages need to be imported from (in the NAMESPACE file)
     for when this namespace is loaded but not attached.
    See the information on DESCRIPTION files in the chapter ‘Creating R
    packages’ of the ‘Writing R Extensions’ manual.
Flavors: r-devel-linux-x86_64-debian-clang, r-devel-linux-x86_64-debian-gcc, r-devel-linux-x86_64-fedora-clang, r-devel-linux-x86_64-fedora-gcc, r-devel-osx-x86_64-clang, r-devel-windows-ix86+x86_64, r-patched-linux-x86_64, r-patched-solaris-sparc, r-patched-solaris-x86, r-release-linux-ix86, r-release-linux-x86_64, r-release-osx-x86_64-mavericks, r-release-windows-ix86+x86_64, r-oldrel-windows-ix86+x86_64

Version: 0.9-6
Check: Rd line widths
Result: NOTE
    Rd file 'dsRead.Rd':
     \usage lines wider than 90 characters:
     dsRead(dsList, id, responseName = NULL, originalNames=TRUE, deleteUnused=TRUE, keepContents=FALSE)
    
    These lines will be truncated in the PDF manual.
Flavors: r-devel-linux-x86_64-fedora-clang, r-devel-linux-x86_64-fedora-gcc

Version: 0.9-6
Check: package dependencies
Result: ERROR
    Package required but not available: ‘XML’
    
    See the information on DESCRIPTION files in the chapter ‘Creating R
    packages’ of the ‘Writing R Extensions’ manual.
Flavor: r-devel-osx-x86_64-gcc

Version: 0.9-6
Check: PDF version of manual
Result: WARNING
    LaTeX errors when creating PDF version.
    This typically indicates Rd problems.
    LaTeX errors found:
    ! LaTeX Error: File `upquote.sty' not found.
    
    Type X to quit or <RETURN> to proceed,
    or enter new name. (Default extension: sty)
    
    a6b0e2b/Rd2.tex:8: ==> Fatal error occurred, no output PDF file produced!
Flavor: r-release-osx-x86_64-mavericks