CRAN Package Check Results for Package readMLData

Last updated on 2014-11-01 05:49:01.

Flavor Version Tinstall Tcheck Ttotal Status Flags
r-devel-linux-x86_64-debian-clang 0.9-6 1.11 15.33 16.44 NOTE
r-devel-linux-x86_64-debian-gcc 0.9-6 1.02 15.59 16.61 NOTE
r-devel-linux-x86_64-fedora-clang 0.9-6 33.84 NOTE
r-devel-linux-x86_64-fedora-gcc 0.9-6 31.40 NOTE
r-devel-osx-x86_64-clang 0.9-6 34.18 NOTE
r-devel-windows-ix86+x86_64 0.9-6 3.00 26.00 29.00 NOTE
r-patched-linux-x86_64 0.9-6 1.10 15.30 16.40 NOTE
r-patched-solaris-sparc 0.9-6 191.20 NOTE
r-patched-solaris-x86 0.9-6 47.40 NOTE
r-release-linux-ix86 0.9-6 1.51 22.02 23.52 NOTE
r-release-linux-x86_64 0.9-6 1.16 15.72 16.88 NOTE
r-release-osx-x86_64-mavericks 0.9-6 NOTE
r-release-osx-x86_64-snowleopard 0.9-6 OK
r-release-windows-ix86+x86_64 0.9-6 3.00 33.00 36.00 NOTE
r-oldrel-windows-ix86+x86_64 0.9-6 6.00 33.00 39.00 NOTE

Check Details

Version: 0.9-6
Check: dependencies in R code
Result: NOTE
    Package in Depends field not imported from: ‘XML’
     These packages need to be imported from (in the NAMESPACE file)
     for when this namespace is loaded but not attached.
    See the information on DESCRIPTION files in the chapter ‘Creating R
    packages’ of the ‘Writing R Extensions’ manual.
Flavors: r-devel-linux-x86_64-debian-clang, r-devel-linux-x86_64-debian-gcc, r-devel-linux-x86_64-fedora-clang, r-devel-linux-x86_64-fedora-gcc, r-devel-osx-x86_64-clang, r-devel-windows-ix86+x86_64, r-patched-linux-x86_64, r-patched-solaris-sparc, r-patched-solaris-x86, r-release-linux-ix86, r-release-linux-x86_64, r-release-osx-x86_64-mavericks, r-release-windows-ix86+x86_64, r-oldrel-windows-ix86+x86_64

Version: 0.9-6
Check: R code for possible problems
Result: NOTE
    readDSListFromXML: no visible global function definition for
     ‘xmlToDataFrame’
    saveDSListAsXML: no visible global function definition for ‘xmlNode’
    saveDSListAsXML: no visible global function definition for
     ‘xmlTextNode’
    saveDSListAsXML: no visible global function definition for ‘saveXML’
Flavors: r-devel-linux-x86_64-debian-clang, r-devel-linux-x86_64-debian-gcc, r-devel-linux-x86_64-fedora-clang, r-devel-linux-x86_64-fedora-gcc, r-devel-osx-x86_64-clang, r-devel-windows-ix86+x86_64, r-patched-linux-x86_64, r-patched-solaris-sparc, r-patched-solaris-x86

Version: 0.9-6
Check: Rd line widths
Result: NOTE
    Rd file 'dsRead.Rd':
     \usage lines wider than 90 characters:
     dsRead(dsList, id, responseName = NULL, originalNames=TRUE, deleteUnused=TRUE, keepContents=FALSE)
    
    These lines will be truncated in the PDF manual.
Flavors: r-devel-linux-x86_64-debian-clang, r-devel-linux-x86_64-debian-gcc, r-devel-linux-x86_64-fedora-clang, r-devel-linux-x86_64-fedora-gcc, r-patched-linux-x86_64, r-release-linux-x86_64